000
CXUS56 KOTX 010910
CF6GEG
PRELIMINARY LOCAL CLIMATOLOGICAL DATA (WS FORM: F-6)
STATION: SPOKANE WA AIRPORT
MONTH: JUNE
YEAR: 2023
LATITUDE: 47 37 N
LONGITUDE: 117 32 W
TEMPERATURE IN F: :PCPN: SNOW: WIND :SUNSHINE: SKY :PK WND
================================================================================
1 2 3 4 5 6A 6B 7 8 9 10 11 12 13 14 15 16 17 18
12Z AVG MX 2MIN
DY MAX MIN AVG DEP HDD CDD WTR SNW DPTH SPD SPD DIR MIN PSBL S-S WX SPD DR
================================================================================
1 73 44 59 -1 6 0 0.00 0.0 0 6.0 13 190 M M 3 17 190
2 78 49 64 4 1 0 0.00 0.0 0 5.2 15 250 M M 5 19 260
3 81 55 68 8 0 3 0.00 0.0 0 4.6 13 240 M M 2 18 220
4 84 58 71 11 0 6 0.00 0.0 0 6.6 15 250 M M 3 19 250
5 85 58 72 12 0 7 0.00 0.0 0 6.6 16 260 M M 4 23 240
6 86 54 70 10 0 5 0.00 0.0 0 4.9 12 30 M M 2 15 30
7 91 60 76 16 0 11 0.00 0.0 0 5.0 14 250 M M 7 22 280
8 84 62 73 12 0 8 0.38 0.0 0 6.2 31 70 M M 8 13 42 70
9 71 61 66 5 0 1 0.18 0.0 0 4.8 13 200 M M 10 1 15 200
10 73 57 65 4 0 0 T 0.0 0 5.1 10 210 M M 8 13 220
11 80 54 67 6 0 2 0.00 0.0 0 4.3 10 360 M M 6 13 330
12 87 62 75 14 0 10 0.00 0.0 0 6.2 17 320 M M 6 3 21 320
13 88 56 72 11 0 7 0.00 0.0 0 15.9 32 240 M M 4 38 250
14 67 51 59 -3 6 0 0.01 0.0 0 14.0 29 240 M M 8 35 220
15 72 52 62 0 3 0 0.00 0.0 0 6.1 14 230 M M 5 16 220
16 81 51 66 4 0 1 T 0.0 0 11.1 21 280 M M 6 26 220
17 74 55 65 3 0 0 T 0.0 0 13.3 23 200 M M 8 29 240
18 67 46 57 -5 8 0 T 0.0 0 18.9 26 210 M M 7 33 210
19 64 41 53 -10 12 0 0.04 0.0 0 11.7 23 220 M M 6 29 170
20 57 45 51 -12 14 0 0.06 0.0 0 8.0 17 220 M M 8 22 220
21 66 47 57 -6 8 0 0.00 0.0 0 5.9 14 230 M M 7 21 200
22 75 48 62 -2 3 0 0.00 0.0 0 5.9 13 50 M M 3 18 340
23 81 50 66 2 0 1 0.00 0.0 0 6.7 15 250 M M 3 19 280
24 81 53 67 3 0 2 T 0.0 0 7.5 20 180 M M 4 29 170
25 84 57 71 7 0 6 0.00 0.0 0 5.3 15 250 M M 5 19 250
26 83 58 71 6 0 6 0.00 0.0 0 5.5 18 210 M M 5 3 22 210
27 83 61 72 7 0 7 0.19 0.0 0 8.5 25 330 M M 8 3 30 330
28 84 59 72 7 0 7 0.00 0.0 0 5.1 12 150 M M 4 16 150
29 88 63 76 10 0 11 0.00 0.0 0 7.5 16 250 M M 3 22 230
30 90 63 77 11 0 12 0.00 0.0 0 8.6 16 220 M M 2 8 22 210
================================================================================
SM 2358 1630 61 113 0.86 0.0 231.0 M 160
================================================================================
AV 78.6 54.3 7.7 FASTST M M 5 MAX(MPH)
MISC ----> 32 240 42 70
================================================================================
NOTES:
# LAST OF SEVERAL OCCURRENCES
COLUMN 17 PEAK WIND IN M.P.H.
PRELIMINARY LOCAL CLIMATOLOGICAL DATA (WS FORM: F-6) , PAGE 2
STATION: SPOKANE WA AIRPORT
MONTH: JUNE
YEAR: 2023
LATITUDE: 47 37 N
LONGITUDE: 117 32 W
[TEMPERATURE DATA] [PRECIPITATION DATA] SYMBOLS USED IN COLUMN 16
AVERAGE MONTHLY: 66.5 TOTAL FOR MONTH: 0.86 1 = FOG OR MIST
DPTR FM NORMAL: 4.2 DPTR FM NORMAL: -0.31 2 = FOG REDUCING VISIBILITY
HIGHEST: 91 ON 7 GRTST 24HR 0.56 ON 8- 9 TO 1/4 MILE OR LESS
LOWEST: 41 ON 19 3 = THUNDER
SNOW, ICE PELLETS, HAIL 4 = ICE PELLETS
TOTAL MONTH: 0.0 INCH 5 = HAIL
GRTST 24HR 0.0 6 = FREEZING RAIN OR DRIZZLE
GRTST DEPTH: 0 7 = DUSTSTORM OR SANDSTORM:
VSBY 1/2 MILE OR LESS
8 = SMOKE OR HAZE
[NO. OF DAYS WITH] [WEATHER - DAYS WITH] 9 = BLOWING SNOW
X = TORNADO
MAX 32 OR BELOW: 0 0.01 INCH OR MORE: 6
MAX 90 OR ABOVE: 2 0.10 INCH OR MORE: 3
MIN 32 OR BELOW: 0 0.50 INCH OR MORE: 0
MIN 0 OR BELOW: 0 1.00 INCH OR MORE: 0
[HDD (BASE 65) ]
TOTAL THIS MO. 61 CLEAR (SCALE 0-3) 8
DPTR FM NORMAL -73 PTCLDY (SCALE 4-7) 18
TOTAL FM JUL 1 6275 CLOUDY (SCALE 8-10) 4
DPTR FM NORMAL -188
[CDD (BASE 65) ]
TOTAL THIS MO. 113
DPTR FM NORMAL 61 [PRESSURE DATA]
TOTAL FM JAN 1 191 HIGHEST SLP M ON M
DPTR FM NORMAL 124 LOWEST SLP 29.59 ON 13
[REMARKS]
#FINAL-06-23#