113
CXUS56 KOTX 020340
CF6GEG
PRELIMINARY LOCAL CLIMATOLOGICAL DATA (WS FORM: F-6)
STATION: SPOKANE WA AIRPORT
MONTH: OCTOBER
YEAR: 2020
LATITUDE: 47 37 N
LONGITUDE: 117 32 W
TEMPERATURE IN F: :PCPN: SNOW: WIND :SUNSHINE: SKY :PK WND
================================================================================
1 2 3 4 5 6A 6B 7 8 9 10 11 12 13 14 15 16 17 18
12Z AVG MX 2MIN
DY MAX MIN AVG DEP HDD CDD WTR SNW DPTH SPD SPD DIR MIN PSBL S-S WX SPD DR
================================================================================
1 73 51 62 8 3 0 0.00 0.0 0 4.6 10 70 M M 7 13 60
2 77 53 65 11 0 0 0.00 0.0 0 3.3 9 60 M M 3 12 40
3 78 52 65 12 0 0 0.00 0.0 0 3.9 13 70 M M 1 16 70
4 76 48 62 9 3 0 0.00 0.0 0 7.0 20 230 M M 2 22 230
5 75 48 62 10 3 0 0.00 0.0 0 5.8 13 210 M M 1 16 230
6 79 52 66 14 0 1 0.00 0.0 0 7.8 15 220 M M 1 19 210
7 82 52 67 16 0 2 0.00 0.0 0 4.2 12 70 M M 1 15 90
8 74 50 62 11 3 0 0.00 0.0 0 10.5 23 250 M M 5 27 240
9 72 50 61 11 4 0 0.00 0.0 0 9.8 20 210 M M 7 24 210
10 62 42 52 2 13 0 0.34 0.0 0 19.4 30 240 M M 8 1 38 200
11 54 41 48 -2 17 0 0.27 0.0 0 17.0 29 220 M M 8 1 35 230
12 59 44 52 3 13 0 T 0.0 0 12.6 25 230 M M 5 1 32 230
13 60 43 52 3 13 0 0.24 0.0 0 20.1 47 250 M M 7 1 59 240
14 55 37 46 -2 19 0 T 0.0 0 14.3 29 230 M M 5 36 220
15 55 32 44 -4 21 0 0.00 0.0 0 7.1 15 200 M M 6 20 240
16 62 44 53 5 12 0 0.00 0.0 0 17.8 35 250 M M 7 43 260
17 58 46 52 5 13 0 0.00 0.0 0 5.1 13 20 M M 8 15 10
18 51 41 46 -1 19 0 0.07 0.0 0 5.0 13 220 M M 10 18 15 220
19 59 40 50 4 15 0 0.00 0.0 0 14.6 31 240 M M 8 1 37 240
20 54 34 44 -2 21 0 0.00 0.0 0 7.5 15 240 M M 5 17 210
21 48 29 39 -6 26 0 T 0.0 0 6.1 15 220 M M 4 17 220
22 44 28 36 -9 29 0 0.00 0.0 0 3.5 9 80 M M 4 11 100
23 33 26 30 -15 35 0 0.73 6.9 6 5.9 14 10 M M 8 12 16 10
24 32 17 25 -19 40 0 0.01 0.6 7 13.2 21 30 M M 4 1 26 20
25 31 13 22 -22 43 0 0.00 0.0 4 6.8 18 30 M M 2 22 30
26 32 14 23 -21 42 0 0.00 0.0 4 4.5 9 160 M M 8 13 160
27 41 20 31 -12 34 0 0.00 0.0 2 3.3 8 150 M M 6 10 170
28 50 31 41 -2 24 0 0.00 0.0 2 3.9 9 150 M M 7 12 160
29 59 37 48 6 17 0 0.00 0.0 0 5.4 10 210 M M 5 14 190
30 57 35 46 4 19 0 T 0.0 0 16.0 39 240 M M 5 8 48 240
31 52 31 42 0 23 0 0.00 0.0 0 3.7 12 160 M M 3 8 13 170
================================================================================
SM 1794 1181 524 3 1.66 7.5 269.7 M 161
================================================================================
AV 57.9 38.1 8.7 FASTST M M 5 MAX(MPH)
MISC ----> 47 250 59 240
================================================================================
NOTES:
# LAST OF SEVERAL OCCURRENCES
COLUMN 17 PEAK WIND IN M.P.H.
PRELIMINARY LOCAL CLIMATOLOGICAL DATA (WS FORM: F-6) , PAGE 2
STATION: SPOKANE WA AIRPORT
MONTH: OCTOBER
YEAR: 2020
LATITUDE: 47 37 N
LONGITUDE: 117 32 W
[TEMPERATURE DATA] [PRECIPITATION DATA] SYMBOLS USED IN COLUMN 16
AVERAGE MONTHLY: 48.0 TOTAL FOR MONTH: 1.66 1 = FOG OR MIST
DPTR FM NORMAL: 0.4 DPTR FM NORMAL: 0.48 2 = FOG REDUCING VISIBILITY
HIGHEST: 82 ON 7 GRTST 24HR 0.74 ON 23-24 TO 1/4 MILE OR LESS
LOWEST: 13 ON 25 3 = THUNDER
SNOW, ICE PELLETS, HAIL 4 = ICE PELLETS
TOTAL MONTH: 7.5 INCHES 5 = HAIL
GRTST 24HR 6.9 ON 23-23 6 = FREEZING RAIN OR DRIZZLE
GRTST DEPTH: 7 ON 24 7 = DUSTSTORM OR SANDSTORM:
VSBY 1/2 MILE OR LESS
8 = SMOKE OR HAZE
[NO. OF DAYS WITH] [WEATHER - DAYS WITH] 9 = BLOWING SNOW
X = TORNADO
MAX 32 OR BELOW: 3 0.01 INCH OR MORE: 6
MAX 90 OR ABOVE: 0 0.10 INCH OR MORE: 4
MIN 32 OR BELOW: 10 0.50 INCH OR MORE: 1
MIN 0 OR BELOW: 0 1.00 INCH OR MORE: 0
[HDD (BASE 65) ]
TOTAL THIS MO. 524 CLEAR (SCALE 0-3) 7
DPTR FM NORMAL -16 PTCLDY (SCALE 4-7) 22
TOTAL FM JUL 1 644 CLOUDY (SCALE 8-10) 2
DPTR FM NORMAL -145
[CDD (BASE 65) ]
TOTAL THIS MO. 3
DPTR FM NORMAL 2 [PRESSURE DATA]
TOTAL FM JAN 1 557 HIGHEST SLP 30.68 ON 25
DPTR FM NORMAL 107 LOWEST SLP 29.53 ON 10
[REMARKS]
#FINAL-10-20#