000
CXUS53 KIND 010700
CF6GEZ
PRELIMINARY LOCAL CLIMATOLOGICAL DATA (WS FORM: F-6)
STATION: SHELBYVILLE IN
MONTH: NOVEMBER
YEAR: 2022
LATITUDE: 39 35 N
LONGITUDE: 85 48 W
TEMPERATURE IN F: :PCPN: SNOW: WIND :SUNSHINE: SKY :PK WND
================================================================================
1 2 3 4 5 6A 6B 7 8 9 10 11 12 13 14 15 16 17 18
12Z AVG MX 2MIN
DY MAX MIN AVG DEP HDD CDD WTR SNW DPTH SPD SPD DIR MIN PSBL S-S WX SPD DR
================================================================================
1 70 48 59 9 6 0 T M M 5.1 13 230 M M 5 18 17 300
2 67 45 56 7 9 0 0.00 M M 4.4 12 150 M M 0 18 16 150
3 74 42 58 9 7 0 0.00 M M 6.0 13 190 M M 2 12 17 180
4 78 54 66 18 0 1 0.00 M M 14.3 24 190 M M 0 32 190
5 71 53 62 14 3 0 0.01 M M 19.2 39 190 M M 4 53 190
6 71 43 57 9 8 0 0.00 M M 7.8 17 220 M M 0 23 210
7 67 44 56 9 9 0 0.00 M M 7.5 18 360 M M 0 23 10
8 64 41 53 6 12 0 0.00 M M 10.0 21 80 M M 0 29 100
9 75 38 57 11 8 0 0.00 M M 5.2 10 150 M M 0 13 160
10 75 49 62 16 3 0 0.00 M M 9.0 17 160 M M 0 21 180
11 67 37 52 6 13 0 0.00 M M 9.5 23 300 M M 6 27 300
12 37 31 34 -11 31 0 0.12 M M 10.2 18 290 M M 8 12 24 280
13 41 28 35 -10 30 0 0.00 M M 7.8 16 280 M M 9 22 270
14 44 23 34 -10 31 0 0.00 M M 6.7 13 110 M M 3 20 170
15 43 36 40 -4 25 0 T M M 9.0 18 280 M M 9 18 26 290
16 38 31 35 -9 30 0 T M M 12.0 21 270 M M 10 18 29 260
17 34 30 32 -11 33 0 T M M 11.9 18 220 M M 10 26 260
18 34 25 30 -13 35 0 T M M 13.4 26 260 M M 8 36 260
19 38 20 29 -14 36 0 0.00 M M 15.8 30 260 M M 4 43 260
20 35 15 25 -17 40 0 0.00 M M 8.1 20 280 M M 0 26 300
21 52 24 38 -4 27 0 0.00 M M 12.1 24 220 M M 0 31 210
22 59 24 42 0 23 0 0.00 M M 7.6 20 230 M M 0 26 220
23 61 26 44 3 21 0 0.00 M M 6.1 10 200 M M 0 12 170
24 63 27 45 4 20 0 T M M 6.9 14 220 M M 4 18 200
25 55 30 43 3 22 0 0.02 M M 7.0 15 310 M M 5 18 22 270
26 57 24 41 1 24 0 0.02 M M 5.0 12 150 M M 2 128 16 150
27 57 45 51 11 14 0 0.42 M M 14.6 26 280 M M 10 18 37 260
28 47 44 46 6 19 0 T M M 4.9 12 280 M M 10 18 17 280
29 63 46 55 16 10 0 T M M 14.8 30 170 M M 7 8 40 170
30 60 28 44 5 21 0 0.11 M M 17.1 29 280 M M 3 1 39 290
================================================================================
SM 1697 1051 570 1 0.70 M 289.0 M 119
================================================================================
AV 56.6 35.0 9.6 FASTST M M 4 MAX(MPH)
MISC ----> 39 190 53 190
================================================================================
NOTES:
# LAST OF SEVERAL OCCURRENCES
COLUMN 17 PEAK WIND IN M.P.H.
PRELIMINARY LOCAL CLIMATOLOGICAL DATA (WS FORM: F-6) , PAGE 2
STATION: SHELBYVILLE IN
MONTH: NOVEMBER
YEAR: 2022
LATITUDE: 39 35 N
LONGITUDE: 85 48 W
[TEMPERATURE DATA] [PRECIPITATION DATA] SYMBOLS USED IN COLUMN 16
AVERAGE MONTHLY: 45.8 TOTAL FOR MONTH: 0.70 1 = FOG OR MIST
DPTR FM NORMAL: 1.8 DPTR FM NORMAL: -2.91 2 = FOG REDUCING VISIBILITY
HIGHEST: 78 ON 4 GRTST 24HR 0.44 ON 26-27 TO 1/4 MILE OR LESS
LOWEST: 15 ON 20 3 = THUNDER
SNOW, ICE PELLETS, HAIL 4 = ICE PELLETS
TOTAL MONTH: M 5 = HAIL
GRTST 24HR M ON M 6 = FREEZING RAIN OR DRIZZLE
GRTST DEPTH: M ON M 7 = DUSTSTORM OR SANDSTORM:
VSBY 1/2 MILE OR LESS
8 = SMOKE OR HAZE
[NO. OF DAYS WITH] [WEATHER - DAYS WITH] 9 = BLOWING SNOW
X = TORNADO
MAX 32 OR BELOW: 0 0.01 INCH OR MORE: 6
MAX 90 OR ABOVE: 0 0.10 INCH OR MORE: 3
MIN 32 OR BELOW: 15 0.50 INCH OR MORE: 0
MIN 0 OR BELOW: 0 1.00 INCH OR MORE: 0
[HDD (BASE 65) ]
TOTAL THIS MO. 570 CLEAR (SCALE 0-3) 14
DPTR FM NORMAL -61 PTCLDY (SCALE 4-7) 10
TOTAL FM JUL 1 911 CLOUDY (SCALE 8-10) 6
DPTR FM NORMAL -84
[CDD (BASE 65) ]
TOTAL THIS MO. 1
DPTR FM NORMAL 0 [PRESSURE DATA]
TOTAL FM JAN 1 1437 HIGHEST SLP M ON M
DPTR FM NORMAL 288 LOWEST SLP 29.37 ON 27
[REMARKS]
#FINAL-11-22#