000
CXUS53 KIND 010600
CF6GEZ
PRELIMINARY LOCAL CLIMATOLOGICAL DATA (WS FORM: F-6)
STATION: SHELBYVILLE IN
MONTH: APRIL
YEAR: 2022
LATITUDE: 39 35 N
LONGITUDE: 85 48 W
TEMPERATURE IN F: :PCPN: SNOW: WIND :SUNSHINE: SKY :PK WND
================================================================================
1 2 3 4 5 6A 6B 7 8 9 10 11 12 13 14 15 16 17 18
12Z AVG MX 2MIN
DY MAX MIN AVG DEP HDD CDD WTR SNW DPTH SPD SPD DIR MIN PSBL S-S WX SPD DR
================================================================================
1 46 33 40 -9 25 0 0.01 M M 9.3 20 310 M M 8 1 27 310
2 56 31 44 -6 21 0 0.02 M M 12.3 28 310 M M 3 41 280
3 61 36 49 -1 16 0 0.00 M M 6.7 18 300 M M 5 24 300
4 65 45 55 5 10 0 0.02 M M 10.4 22 220 M M 7 29 230
5 60 41 51 0 14 0 0.09 M M 6.9 16 150 M M 5 1 18 150
6 59 48 54 3 11 0 0.12 M M 10.4 24 270 M M 8 18 33 280
7 53 39 46 -5 19 0 0.01 M M 12.5 28 280 M M 8 40 280
8 50 39 45 -7 20 0 0.04 M M 12.5 22 270 M M 10 31 280
9 47 35 41 -11 24 0 0.01 M M 11.4 21 270 M M 8 18 28 270
10 67 30 49 -3 16 0 0.00 M M 11.5 24 140 M M 0 33 150
11 69 52 61 8 4 0 0.38 M M 12.5 28 210 M M 8 13 37 210
12 69 49 59 6 6 0 T M M 11.5 23 160 M M 6 1 27 160
13 69 53 61 7 4 0 0.83 M M 15.0 28 280 M M 7 13 37 280
14 61 39 50 -4 15 0 0.02 M M 14.8 29 250 M M 3 1 40 240
15 72 41 57 3 8 0 T M M 14.5 33 230 M M 3 46 240
16 61 39 50 -5 15 0 0.01 M M 10.9 23 280 M M 4 30 290
17 54 34 44 -11 21 0 0.00 M M 11.0 20 70 M M 0 28 80
18 46 35 41 -14 24 0 0.26 M M 12.7 25 300 M M 10 1 38 300
19 54 35 45 -11 20 0 0.00 M M 12.3 18 290 M M 5 31 300
20 67 43 55 -1 10 0 T M M 12.8 24 180 M M 7 34 190
21 69 55 62 6 3 0 0.16 M M 11.2 26 180 M M 6 1 37 200
22 80 50 65 8 0 0 T M M 10.1 20 120 M M 5 12 26 120
23 86 59 73 16 0 8 0.00 M M 14.0 25 170 M M 0 34 160
24 84 67 76 18 0 11 0.09 M M 14.7 28 210 M M 5 36 210
25 69 47 58 0 7 0 1.34 M M 9.1 23 250 M M 9 13 33 250
26 56 38 47 -11 18 0 0.00 M M 10.4 18 310 M M 3 28 280
27 65 37 51 -8 14 0 0.00 M M 6.9 14 280 M M 2 18 20
28 65 46 56 -3 9 0 T M M 10.7 17 100 M M 7 22 100
29 74 52 63 4 2 0 T M M 11.1 22 100 M M 10 30 120
30 81 56 69 9 0 4 0.01 M M 15.1 28 150 M M 4 3 35 150
================================================================================
SM 1915 1304 356 23 3.42 M 345.2 M 166
================================================================================
AV 63.8 43.5 11.5 FASTST M M 6 MAX(MPH)
MISC ----> 33 230 46 240
================================================================================
NOTES:
# LAST OF SEVERAL OCCURRENCES
COLUMN 17 PEAK WIND IN M.P.H.
PRELIMINARY LOCAL CLIMATOLOGICAL DATA (WS FORM: F-6) , PAGE 2
STATION: SHELBYVILLE IN
MONTH: APRIL
YEAR: 2022
LATITUDE: 39 35 N
LONGITUDE: 85 48 W
[TEMPERATURE DATA] [PRECIPITATION DATA] SYMBOLS USED IN COLUMN 16
AVERAGE MONTHLY: 53.7 TOTAL FOR MONTH: 3.42 1 = FOG OR MIST
DPTR FM NORMAL: -0.8 DPTR FM NORMAL: -1.12 2 = FOG REDUCING VISIBILITY
HIGHEST: 86 ON 23 GRTST 24HR 1.43 ON 24-25 TO 1/4 MILE OR LESS
LOWEST: 30 ON 10 3 = THUNDER
SNOW, ICE PELLETS, HAIL 4 = ICE PELLETS
TOTAL MONTH: M 5 = HAIL
GRTST 24HR M ON M 6 = FREEZING RAIN OR DRIZZLE
GRTST DEPTH: M ON M 7 = DUSTSTORM OR SANDSTORM:
VSBY 1/2 MILE OR LESS
8 = SMOKE OR HAZE
[NO. OF DAYS WITH] [WEATHER - DAYS WITH] 9 = BLOWING SNOW
X = TORNADO
MAX 32 OR BELOW: 0 0.01 INCH OR MORE: 17
MAX 90 OR ABOVE: 0 0.10 INCH OR MORE: 6
MIN 32 OR BELOW: 2 0.50 INCH OR MORE: 2
MIN 0 OR BELOW: 0 1.00 INCH OR MORE: 1
[HDD (BASE 65) ]
TOTAL THIS MO. 356 CLEAR (SCALE 0-3) 7
DPTR FM NORMAL 23 PTCLDY (SCALE 4-7) 18
TOTAL FM JUL 1 4437 CLOUDY (SCALE 8-10) 5
DPTR FM NORMAL -487
[CDD (BASE 65) ]
TOTAL THIS MO. 23
DPTR FM NORMAL 5 [PRESSURE DATA]
TOTAL FM JAN 1 23 HIGHEST SLP M ON M
DPTR FM NORMAL 2 LOWEST SLP 29.51 ON 13
[REMARKS]
#FINAL-04-22#