892
CXUS53 KIND 010700
CF6GEZ
PRELIMINARY LOCAL CLIMATOLOGICAL DATA (WS FORM: F-6)
STATION: SHELBYVILLE IN
MONTH: JANUARY
YEAR: 2021
LATITUDE: 39 35 N
LONGITUDE: 85 48 W
TEMPERATURE IN F: :PCPN: SNOW: WIND :SUNSHINE: SKY :PK WND
================================================================================
1 2 3 4 5 6A 6B 7 8 9 10 11 12 13 14 15 16 17 18
12Z AVG MX 2MIN
DY MAX MIN AVG DEP HDD CDD WTR SNW DPTH SPD SPD DIR MIN PSBL S-S WX SPD DR
================================================================================
1 47 29 38 9 27 0 1.03 M M 12.4 24 250 M M 9 168 34 240
2 41 35 38 9 27 0 T M M 5.8 21 260 M M 10 1 28 270
3 37 35 36 7 29 0 T M M 7.1 15 250 M M 10 18 19 250
4 45 31 38 9 27 0 0.00 M M 3.9 12 210 M M 5 18 16 180
5 39 32 36 7 29 0 T M M 8.2 18 290 M M 10 18 24 290
6 39 35 37 8 28 0 0.00 M M 5.3 14 50 M M 10 17 50
7 40 34 37 8 28 0 0.00 M M 9.7 18 80 M M 9 24 60
8 35 30 33 4 32 0 0.00 M M 10.3 16 20 M M 10 21 40
9 34 23 29 0 36 0 0.00 M M 4.6 12 340 M M 7 14 60
10 32 19 26 -2 39 0 0.00 M M 3.4 8 310 M M 8 18 10 220
11 30 25 28 0 37 0 0.00 M M 7.8 13 220 M M 10 8 18 240
12 41 25 33 5 32 0 0.00 M M 12.4 20 180 M M 5 8 24 190
13 49 30 40 12 25 0 0.00 M M 11.0 16 190 M M 0 8 20 190
14 48 33 41 12 24 0 0.00 M M 11.1 20 180 M M 3 24 150
15 44 32 38 9 27 0 0.13 M M 9.6 24 210 M M 8 18 33 200
16 36 25 31 2 34 0 T M M 8.7 17 240 M M 10 128 23 260
17 35 32 34 5 31 0 0.05 M M 9.3 15 280 M M 10 18 20 260
18 36 30 33 4 32 0 T M M 9.2 16 250 M M 10 8 23 250
19 42 24 33 4 32 0 0.00 M M 9.1 26 270 M M 5 36 270
20 37 27 32 3 33 0 0.00 M M 12.4 31 290 M M 5 39 290
21 51 32 42 13 23 0 0.00 M M 12.8 23 260 M M 0 31 270
22 39 21 30 1 35 0 0.00 M M 11.5 20 300 M M 1 27 310
23 36 11 24 -5 41 0 0.00 M M 4.6 12 100 M M 0 14 340
24 34 29 32 3 33 0 0.04 M M 6.8 16 150 M M 10 128 22 140
25 36 32 34 5 31 0 0.25 M M 12.1 23 90 M M 10 168 29 80
26 43 33 38 9 27 0 0.01 M M 10.4 23 260 M M 10 18 31 260
27 33 24 29 0 36 0 T M M 10.5 22 350 M M 10 8 28 340
28 34 21 28 -1 37 0 T M M 7.2 16 340 M M 5 21 350
29 35 20 28 -1 37 0 0.00 M M 3.8 10 130 M M 2 12 110
30 38 27 33 4 32 0 0.39 M M 13.4 26 100 M M 5 1 32 100
31 38 31 35 6 30 0 0.65 M M 12.4 25 130 M M 10 18 37 130
================================================================================
SM 1204 867 971 0 2.55 M 276.8 M 217
================================================================================
AV 38.8 28.0 8.9 FASTST M M 7 MAX(MPH)
MISC ----> 31 290 39 290
================================================================================
NOTES:
# LAST OF SEVERAL OCCURRENCES
COLUMN 17 PEAK WIND IN M.P.H.
PRELIMINARY LOCAL CLIMATOLOGICAL DATA (WS FORM: F-6) , PAGE 2
STATION: SHELBYVILLE IN
MONTH: JANUARY
YEAR: 2021
LATITUDE: 39 35 N
LONGITUDE: 85 48 W
[TEMPERATURE DATA] [PRECIPITATION DATA] SYMBOLS USED IN COLUMN 16
AVERAGE MONTHLY: 33.4 TOTAL FOR MONTH: 2.55 1 = FOG OR MIST
DPTR FM NORMAL: 4.7 DPTR FM NORMAL: 0.16 2 = FOG REDUCING VISIBILITY
HIGHEST: 51 ON 21 GRTST 24HR 1.03 ON 1- 1 TO 1/4 MILE OR LESS
LOWEST: 11 ON 23 3 = THUNDER
SNOW, ICE PELLETS, HAIL 4 = ICE PELLETS
TOTAL MONTH: M 5 = HAIL
GRTST 24HR M ON M 6 = FREEZING RAIN OR DRIZZLE
GRTST DEPTH: M ON M 7 = DUSTSTORM OR SANDSTORM:
VSBY 1/2 MILE OR LESS
8 = SMOKE OR HAZE
[NO. OF DAYS WITH] [WEATHER - DAYS WITH] 9 = BLOWING SNOW
X = TORNADO
MAX 32 OR BELOW: 2 0.01 INCH OR MORE: 8
MAX 90 OR ABOVE: 0 0.10 INCH OR MORE: 5
MIN 32 OR BELOW: 25 0.50 INCH OR MORE: 2
MIN 0 OR BELOW: 0 1.00 INCH OR MORE: 1
[HDD (BASE 65) ]
TOTAL THIS MO. 971 CLEAR (SCALE 0-3) 6
DPTR FM NORMAL -154 PTCLDY (SCALE 4-7) 8
TOTAL FM JUL 1 2671 CLOUDY (SCALE 8-10) 17
DPTR FM NORMAL -549
[CDD (BASE 65) ]
TOTAL THIS MO. 0
DPTR FM NORMAL 0 [PRESSURE DATA]
TOTAL FM JAN 1 0 HIGHEST SLP M ON M
DPTR FM NORMAL 0 LOWEST SLP 29.51 ON 15
[REMARKS]
#FINAL-01-21#