000
CXUS53 KIND 010700
CF6GEZ
PRELIMINARY LOCAL CLIMATOLOGICAL DATA (WS FORM: F-6)
STATION: SHELBYVILLE IN
MONTH: OCTOBER
YEAR: 2020
LATITUDE: 39 35 N
LONGITUDE: 85 48 W
TEMPERATURE IN F: :PCPN: SNOW: WIND :SUNSHINE: SKY :PK WND
================================================================================
1 2 3 4 5 6A 6B 7 8 9 10 11 12 13 14 15 16 17 18
12Z AVG MX 2MIN
DY MAX MIN AVG DEP HDD CDD WTR SNW DPTH SPD SPD DIR MIN PSBL S-S WX SPD DR
================================================================================
1 69 42 56 -3 9 0 0.04 M M 8.3 25 330 M M 2 3 39 320
2 63 38 51 -8 14 0 0.00 M M 4.1 12 320 M M 6 128 16 300
3 67 43 55 -3 10 0 T M M 5.4 14 210 M M 8 24 210
4 60 39 50 -8 15 0 0.03 M M 6.6 14 310 M M 9 20 320
5 65 32 49 -9 16 0 0.00 M M 3.6 13 200 M M 1 128 19 210
6 77 41 59 2 6 0 0.00 M M 10.2 21 210 M M 0 28 240
7 86 51 69 12 0 4 0.00 M M 8.9 18 300 M M 0 26 260
8 81 43 62 5 3 0 0.00 M M 3.0 9 280 M M 0 8 13 260
9 87 47 67 11 0 2 0.00 M M 9.2 21 210 M M 0 28 190
10 80 62 71 15 0 6 0.00 M M 7.8 16 210 M M 5 21 210
11 84 59 72 16 0 7 0.00 M M 6.9 15 50 M M 5 128 27 70
12 80 50 65 10 0 0 0.23 M M 9.3 25 290 M M 8 18 40 300
13 72 40 56 1 9 0 0.00 M M 6.0 15 230 M M 2 128 21 200
14 81 42 62 7 3 0 0.00 M M 11.4 25 190 M M 0 35 210
15 69 41 55 1 10 0 0.21 M M 7.3 20 320 M M 6 27 310
16 59 32 46 -8 19 0 0.00 M M 5.8 16 240 M M 1 24 270
17 64 32 48 -6 17 0 0.00 M M 8.8 22 190 M M 0 32 170
18 65 52 59 6 6 0 0.06 M M 10.3 20 190 M M 9 28 200
19 52 48 50 -3 15 0 1.04 M M 7.5 14 60 M M 10 18 21 20
20 61 47 54 1 11 0 0.15 M M 7.4 15 180 M M 10 138 23 190
21 65 59 62 10 3 0 0.24 M M 5.1 16 180 M M 9 138 23 180
22 83 56 70 18 0 5 0.00 M M 8.3 16 180 M M 2 12 23 200
23 81 48 65 13 0 0 0.17 M M 11.4 25 310 M M 5 138 36 320
24 56 44 50 -2 15 0 0.00 M M 9.6 18 350 M M 6 24 350
25 55 46 51 0 14 0 T M M 9.2 17 70 M M 10 26 80
26 52 46 49 -2 16 0 0.28 M M 5.7 12 330 M M 10 18 15 330
27 51 46 49 -2 16 0 0.09 M M 4.3 9 150 M M 10 18 13 160
28 54 48 51 1 14 0 0.09 M M 4.5 9 350 M M 10 18 12 320
29 52 46 49 -1 16 0 1.37 M M 11.2 21 30 M M 10 1 29 40
30 53 32 43 -7 22 0 0.00 M M 7.3 15 320 M M 6 21 330
31 60 30 45 -5 20 0 0.00 M M 7.8 16 180 M M 0 21 170
================================================================================
SM 2084 1382 299 24 4.00 M 232.2 M 160
================================================================================
AV 67.2 44.6 7.5 FASTST M M 5 MAX(MPH)
MISC ----> # 25 330 40 300
================================================================================
NOTES:
# LAST OF SEVERAL OCCURRENCES
COLUMN 17 PEAK WIND IN M.P.H.
PRELIMINARY LOCAL CLIMATOLOGICAL DATA (WS FORM: F-6) , PAGE 2
STATION: SHELBYVILLE IN
MONTH: OCTOBER
YEAR: 2020
LATITUDE: 39 35 N
LONGITUDE: 85 48 W
[TEMPERATURE DATA] [PRECIPITATION DATA] SYMBOLS USED IN COLUMN 16
AVERAGE MONTHLY: 55.9 TOTAL FOR MONTH: 4.00 1 = FOG OR MIST
DPTR FM NORMAL: 1.7 DPTR FM NORMAL: 0.89 2 = FOG REDUCING VISIBILITY
HIGHEST: 87 ON 9 GRTST 24HR 1.43 ON 28-29 TO 1/4 MILE OR LESS
LOWEST: 30 ON 31 3 = THUNDER
SNOW, ICE PELLETS, HAIL 4 = ICE PELLETS
TOTAL MONTH: M 5 = HAIL
GRTST 24HR M ON M 6 = FREEZING RAIN OR DRIZZLE
GRTST DEPTH: M ON M 7 = DUSTSTORM OR SANDSTORM:
VSBY 1/2 MILE OR LESS
8 = SMOKE OR HAZE
[NO. OF DAYS WITH] [WEATHER - DAYS WITH] 9 = BLOWING SNOW
X = TORNADO
MAX 32 OR BELOW: 0 0.01 INCH OR MORE: 13
MAX 90 OR ABOVE: 0 0.10 INCH OR MORE: 8
MIN 32 OR BELOW: 5 0.50 INCH OR MORE: 2
MIN 0 OR BELOW: 0 1.00 INCH OR MORE: 2
[HDD (BASE 65) ]
TOTAL THIS MO. 299 CLEAR (SCALE 0-3) 12
DPTR FM NORMAL -51 PTCLDY (SCALE 4-7) 9
TOTAL FM JUL 1 347 CLOUDY (SCALE 8-10) 10
DPTR FM NORMAL -89
[CDD (BASE 65) ]
TOTAL THIS MO. 24
DPTR FM NORMAL 10 [PRESSURE DATA]
TOTAL FM JAN 1 1335 HIGHEST SLP M ON M
DPTR FM NORMAL 422 LOWEST SLP 29.67 ON 29
[REMARKS]
#FINAL-10-20#