000
CXUS53 KFGF 010915
CF6GFK
PRELIMINARY LOCAL CLIMATOLOGICAL DATA (WS FORM: F-6)
STATION: GRAND FORKS INTL AP ND
MONTH: DECEMBER
YEAR: 2022
LATITUDE: 47 57 N
LONGITUDE: 97 11 W
TEMPERATURE IN F: :PCPN: SNOW: WIND :SUNSHINE: SKY :PK WND
================================================================================
1 2 3 4 5 6A 6B 7 8 9 10 11 12 13 14 15 16 17 18
12Z AVG MX 2MIN
DY MAX MIN AVG DEP HDD CDD WTR SNW DPTH SPD SPD DIR MIN PSBL S-S WX SPD DR
================================================================================
1 27 2 15 -4 50 0 0.00 0.0 3 9.2 18 180 M M 6 23 180
2 25 1 13 -5 52 0 0.03 0.5 3 18.3 29 340 M M 6 89 37 320
3 10 -5 3 -15 62 0 T T 3 10.9 21 290 M M 5 25 280
4 35 4 20 2 45 0 0.00 0.0 3 12.8 25 240 M M 5 35 230
5 20 -7 7 -10 58 0 T T 3 11.8 23 320 M M 4 8 33 310
6 8 -8 0 -17 65 0 0.06 0.6 3 9.6 20 350 M M 9 189 26 360
7 -1 -23 -12 -28 77 0 T T 4 6.9 16 170 M M 2 22 180
8 14 -2 6 -10 59 0 T T 3 8.5 20 170 M M 4 18 24 180
9 30 6 18 3 47 0 T T 3 7.4 21 160 M M 10 128 27 150
10 33 26 30 15 35 0 T T 3 7.1 20 150 M M 10 16 25 160
11 33 23 28 14 37 0 0.00 0.0 3 9.2 18 140 M M 7 18 23 120
12 31 22 27 13 38 0 T T 3 11.6 24 160 M M 7 18 32 160
13 34 29 32 18 33 0 0.57 5.2 3 11.9 21 50 M M 10 168 27 60
14 34 32 33 20 32 0 0.28 2.7 9 8.6 14 40 M M 10 1 19 60
15 34 27 31 18 34 0 0.27 2.8 10 20.7 29 360 M M 10 129 36 360
16 27 12 20 8 45 0 T 0.5 13 23.4 31 340 M M 10 19 41 350
17 14 -6 4 -8 61 0 T 0.8 14 19.7 29 340 M M 9 19 37 340
18 -2 -12 -7 -19 72 0 T T 13 10.3 15 330 M M 3 1 19 320
19 0 -16 -8 -19 73 0 0.16 1.3 13 7.3 14 280 M M M 1 16 330
20 -6 -26 -16 -27 81 0 T 0.2 13 11.4 18 280 M M 2 24 270
21 -11 -22 -16 -27 81 0 0.16 1.1 13 5.8 13 320 M M 9 8 17 320
22 -7 -15 -11 -21 76 0 T 0.2 15 16.2 23 320 M M 7 89 28 310
23 -5 -11 -8 -18 73 0 T 0.0 14 23.6 32 330 M M 6 89 39 330
24 -3 -16 -9 -19 74 0 0.00 0.0 13 13.6 22 340 M M 1 27 340
25 1 -21 -10 -20 75 0 0.04 0.5 12 8.9 21 350 M M 7 9 24 360
26 6 -15 -4 -13 69 0 0.00 0.0 13 11.6 21 170 M M 5 28 160
27 23 6 15 6 50 0 T T 12 14.3 29 180 M M 9 189 37 180
28 27 22 25 16 40 0 T 0.0 12 5.1 12 110 M M 8 18 17 110
29 25 12 19 11 46 0 0.00 0.0 12 12.0 21 290 M M 10 18 25 290
30 18 -3 8 0 57 0 T 0.2 12 10.4 20 320 M M 9 18 24 330
31 21 16 19 11 46 0 T T 12 7.2 13 150 M M 10 12 18 140
================================================================================
SM 495 32 1743 0 1.57 16.6 365.3 M 210
================================================================================
AV 16.0 1.0 11.8 FASTST M M 7 MAX(MPH)
MISC ----> 32 330 41 350
================================================================================
NOTES:
# LAST OF SEVERAL OCCURRENCES
COLUMN 17 PEAK WIND IN M.P.H.
PRELIMINARY LOCAL CLIMATOLOGICAL DATA (WS FORM: F-6) , PAGE 2
STATION: GRAND FORKS INTL AP ND
MONTH: DECEMBER
YEAR: 2022
LATITUDE: 47 57 N
LONGITUDE: 97 11 W
[TEMPERATURE DATA] [PRECIPITATION DATA] SYMBOLS USED IN COLUMN 16
AVERAGE MONTHLY: 8.5 TOTAL FOR MONTH: 1.57 1 = FOG OR MIST
DPTR FM NORMAL: -4.3 DPTR FM NORMAL: 0.91 2 = FOG REDUCING VISIBILITY
HIGHEST: 35 ON 4 GRTST 24HR 0.82 ON 13-14 TO 1/4 MILE OR LESS
LOWEST: -26 ON 20 3 = THUNDER
SNOW, ICE PELLETS, HAIL 4 = ICE PELLETS
TOTAL MONTH: 16.6 INCHES 5 = HAIL
GRTST 24HR 5.2 ON 13-13 6 = FREEZING RAIN OR DRIZZLE
GRTST DEPTH: 15 ON 22 7 = DUSTSTORM OR SANDSTORM:
VSBY 1/2 MILE OR LESS
8 = SMOKE OR HAZE
[NO. OF DAYS WITH] [WEATHER - DAYS WITH] 9 = BLOWING SNOW
X = TORNADO
MAX 32 OR BELOW: 25 0.01 INCH OR MORE: 8
MAX 90 OR ABOVE: 0 0.10 INCH OR MORE: 5
MIN 32 OR BELOW: 31 0.50 INCH OR MORE: 1
MIN 0 OR BELOW: 16 1.00 INCH OR MORE: 0
[HDD (BASE 65) ]
TOTAL THIS MO. 1743 CLEAR (SCALE 0-3) 4
DPTR FM NORMAL 125 PTCLDY (SCALE 4-7) 12
TOTAL FM JUL 1 3661 CLOUDY (SCALE 8-10) 15
DPTR FM NORMAL -104
[CDD (BASE 65) ]
TOTAL THIS MO. 0
DPTR FM NORMAL 0 [PRESSURE DATA]
TOTAL FM JAN 1 513 HIGHEST SLP 30.68 ON 20
DPTR FM NORMAL 130 LOWEST SLP 29.33 ON 28
[REMARKS]
#FINAL-12-22#