000
CXUS55 KGGW 010910
CF6GGW
PRELIMINARY LOCAL CLIMATOLOGICAL DATA (WS FORM: F-6)
STATION: GLASGOW MT
MONTH: FEBRUARY
YEAR: 2022
LATITUDE: 48 13 N
LONGITUDE: 106 37 W
TEMPERATURE IN F: :PCPN: SNOW: WIND :SUNSHINE: SKY :PK WND
================================================================================
1 2 3 4 5 6A 6B 7 8 9 10 11 12 13 14 15 16 17 18
12Z AVG MX 2MIN
DY MAX MIN AVG DEP HDD CDD WTR SNW DPTH SPD SPD DIR MIN PSBL S-S WX SPD DR
================================================================================
1 8 -3 3 -13 62 0 T T T 14.5 31 310 M M 4 8 40 310
2 6 -8 -1 -17 66 0 0.00 0.0 T 7.7 15 110 M M 1 19 120
3 16 -6 5 -11 60 0 T T T 11.4 23 340 M M 5 31 330
4 37 -1 18 2 47 0 0.00 0.0 T 10.4 22 120 M M 4 26 120
5 46 30 38 22 27 0 T 0.0 0 15.6 36 340 M M 7 45 340
6 47 28 38 22 27 0 0.00 0.0 0 8.3 16 270 M M 5 21 280
7 58 29 44 27 21 0 0.00 0.0 0 11.4 29 310 M M 1 42 320
8 48 31 40 23 25 0 0.00 0.0 0 12.1 24 300 M M 3 33 300
9 42 28 35 18 30 0 0.00 0.0 0 3.7 10 270 M M 5 12 280
10 54 37 46 29 19 0 0.00 0.0 0 21.0 36 330 M M 8 47 330
11 37 20 29 12 36 0 0.01 0.1 T 17.2 30 340 M M 7 18 40 340
12 40 19 30 12 35 0 0.00 0.0 0 12.1 37 340 M M 5 46 340
13 50 20 35 17 30 0 0.00 0.0 0 12.4 31 320 M M 4 39 310
14 32 21 27 9 38 0 0.00 0.0 0 19.7 31 100 M M 6 39 120
15 34 21 28 10 37 0 T 0.1 0 11.5 24 320 M M 8 31 320
16 26 11 19 0 46 0 0.00 0.0 0 9.1 16 330 M M 5 21 340
17 42 15 29 10 36 0 T T 0 9.7 24 290 M M 7 33 260
18 42 14 28 9 37 0 0.06 0.1 0 14.7 29 340 M M 10 1 40 310
19 54 16 35 15 30 0 T 0.0 0 15.3 44 290 M M 3 58 290
20 37 0 19 -1 46 0 0.04 0.7 0 17.5 29 70 M M 10 168 37 80
21 1 -9 -4 -24 69 0 T T 1 12.1 18 70 M M 10 8 25 70
22 -1 -18 -9 -30 74 0 0.00 0.0 1 5.7 12 330 M M 1 15 320
23 4 -17 -6 -27 71 0 0.00 0.0 1 8.5 17 150 M M 0 8 22 150
24 8 -10 -1 -23 66 0 0.00 0.0 1 7.0 16 120 M M 0 20 120
25 31 -10 11 -11 54 0 T T 1 5.6 17 260 M M 2 21 260
26 42 9 26 4 39 0 0.00 0.0 1 8.1 21 300 M M 0 29 260
27 55 20 38 15 27 0 0.00 0.0 T 10.7 28 290 M M 0 37 290
28 54 35 45 22 20 0 0.00 0.0 0 7.6 16 270 M M 3 21 260
================================================================================
SM 950 322 1175 0 0.11 1.0 320.6 M 124
================================================================================
AV 33.9 11.5 11.5 FASTST M M 4 MAX(MPH)
MISC ----> 44 290 58 290
================================================================================
NOTES:
# LAST OF SEVERAL OCCURRENCES
COLUMN 17 PEAK WIND IN M.P.H.
PRELIMINARY LOCAL CLIMATOLOGICAL DATA (WS FORM: F-6) , PAGE 2
STATION: GLASGOW MT
MONTH: FEBRUARY
YEAR: 2022
LATITUDE: 48 13 N
LONGITUDE: 106 37 W
[TEMPERATURE DATA] [PRECIPITATION DATA] SYMBOLS USED IN COLUMN 16
AVERAGE MONTHLY: 22.7 TOTAL FOR MONTH: 0.11 1 = FOG OR MIST
DPTR FM NORMAL: 4.0 DPTR FM NORMAL: -0.24 2 = FOG REDUCING VISIBILITY
HIGHEST: 58 ON 7 GRTST 24HR 0.06 ON 18-18 TO 1/4 MILE OR LESS
LOWEST: -18 ON 22 3 = THUNDER
SNOW, ICE PELLETS, HAIL 4 = ICE PELLETS
TOTAL MONTH: 1.2 INCHES 5 = HAIL
GRTST 24HR 0.7 ON 20-20 6 = FREEZING RAIN OR DRIZZLE
GRTST DEPTH: 1 ON 26,25 7 = DUSTSTORM OR SANDSTORM:
VSBY 1/2 MILE OR LESS
8 = SMOKE OR HAZE
[NO. OF DAYS WITH] [WEATHER - DAYS WITH] 9 = BLOWING SNOW
X = TORNADO
MAX 32 OR BELOW: 10 0.01 INCH OR MORE: 3
MAX 90 OR ABOVE: 0 0.10 INCH OR MORE: 0
MIN 32 OR BELOW: 26 0.50 INCH OR MORE: 0
MIN 0 OR BELOW: 10 1.00 INCH OR MORE: 0
[HDD (BASE 65) ]
TOTAL THIS MO. 1175 CLEAR (SCALE 0-3) 8
DPTR FM NORMAL -121 PTCLDY (SCALE 4-7) 17
TOTAL FM JUL 1 5732 CLOUDY (SCALE 8-10) 3
DPTR FM NORMAL -473
[CDD (BASE 65) ]
TOTAL THIS MO. 0
DPTR FM NORMAL 0 [PRESSURE DATA]
TOTAL FM JAN 1 0 HIGHEST SLP M ON M
DPTR FM NORMAL 0 LOWEST SLP 29.44 ON 19
[REMARKS]
#FINAL-02-22#