000
CXUS55 KGJT 012052
CF6GJT
PRELIMINARY LOCAL CLIMATOLOGICAL DATA (WS FORM: F-6)
STATION: GRAND JUNCTION CO
MONTH: JULY
YEAR: 2023
LATITUDE: 39 7 N
LONGITUDE: 108 32 W
TEMPERATURE IN F: :PCPN: SNOW: WIND :SUNSHINE: SKY :PK WND
================================================================================
1 2 3 4 5 6A 6B 7 8 9 10 11 12 13 14 15 16 17 18
12Z AVG MX 2MIN
DY MAX MIN AVG DEP HDD CDD WTR SNW DPTH SPD SPD DIR MIN PSBL S-S WX SPD DR
================================================================================
1 92 56 74 -4 0 9 0.00 0.0 0 5.9 14 240 M M 0 20 240
2 96 62 79 1 0 14 0.00 0.0 0 5.9 16 240 M M 0 22 290
3 97 64 81 3 0 16 T 0.0 0 10.6 35 310 M M 0 3 47 310
4 99 70 85 7 0 20 0.00 0.0 0 8.4 23 230 M M 0 33 230
5 98 60 79 1 0 14 0.00 0.0 0 6.5 21 50 M M 0 27 30
6 97 64 81 2 0 16 0.00 0.0 0 9.1 24 50 M M 0 31 40
7 97 63 80 1 0 15 0.00 0.0 0 7.9 18 290 M M 0 26 290
8 97 63 80 1 0 15 0.00 0.0 0 6.4 25 300 M M 0 31 300
9 99 63 81 2 0 16 0.00 0.0 0 8.2 17 300 M M 0 23 300
10 98 64 81 2 0 16 0.00 0.0 0 7.7 20 260 M M 0 8 29 270
11 100 59 80 1 0 15 0.00 0.0 0 4.9 18 240 M M 0 27 220
12 100 71 86 7 0 21 0.00 0.0 0 7.1 18 110 M M 0 25 110
13 101 68 85 5 0 20 0.00 0.0 0 8.1 18 260 M M 0 27 300
14 99 69 84 4 0 19 0.00 0.0 0 7.6 16 260 M M 0 22 250
15 97 68 83 3 0 18 0.00 0.0 0 5.7 21 300 M M 0 26 310
16 99 65 82 2 0 17 0.00 0.0 0 6.6 14 140 M M 0 18 150
17 107 67 87 7 0 22 0.00 0.0 0 8.7 18 270 M M 0 32 240
18 104 73 89 9 0 24 0.00 0.0 0 8.2 28 270 M M 0 8 38 240
19 99 69 84 4 0 19 T 0.0 0 6.8 35 330 M M 1 45 320
20 98 67 83 3 0 18 0.00 0.0 0 9.8 30 50 M M 0 39 60
21 98 67 83 3 0 18 0.00 0.0 0 6.0 20 40 M M 0 25 40
22 101 68 85 5 0 20 0.00 0.0 0 7.3 16 120 M M 0 27 220
23 105 69 87 7 0 22 0.00 0.0 0 9.6 30 40 M M 0 41 10
24 102 69 86 6 0 21 0.00 0.0 0 6.2 16 300 M M 0 25 290
25 102 75 89 9 0 24 0.00 0.0 0 9.0 23 60 M M 0 8 31 60
26 101 68 85 5 0 20 0.00 0.0 0 7.8 25 320 M M 0 33 330
27 99 69 84 4 0 19 T 0.0 0 6.7 24 160 M M 0 3 31 170
28 103 76 90 11 0 25 0.00 0.0 0 10.4 21 110 M M 0 8 28 120
29 101 70 86 7 0 21 0.00 0.0 0 9.2 26 120 M M 0 3 34 120
30 99 77 88 9 0 23 T 0.0 0 12.6 31 140 M M 1 40 130
31 94 71 83 4 0 18 T 0.0 0 9.4 28 140 M M 3 38 34 140
================================================================================
SM 3079 2084 0 575 T 0.0 244.3 M 5
================================================================================
AV 99.3 67.2 7.9 FASTST M M 0 MAX(MPH)
MISC ----> # 35 310 47 310
================================================================================
NOTES:
# LAST OF SEVERAL OCCURRENCES
COLUMN 17 PEAK WIND IN M.P.H.
PRELIMINARY LOCAL CLIMATOLOGICAL DATA (WS FORM: F-6) , PAGE 2
STATION: GRAND JUNCTION CO
MONTH: JULY
YEAR: 2023
LATITUDE: 39 7 N
LONGITUDE: 108 32 W
[TEMPERATURE DATA] [PRECIPITATION DATA] SYMBOLS USED IN COLUMN 16
AVERAGE MONTHLY: 83.3 TOTAL FOR MONTH: T 1 = FOG OR MIST
DPTR FM NORMAL: 4.1 DPTR FM NORMAL: -0.59 2 = FOG REDUCING VISIBILITY
HIGHEST: 107 ON 17 GRTST 24HR T ON 31 30 27 TO 1/4 MILE OR LESS
LOWEST: 56 ON 1 3 = THUNDER
SNOW, ICE PELLETS, HAIL 4 = ICE PELLETS
TOTAL MONTH: 0.0 INCH 5 = HAIL
GRTST 24HR 0.0 6 = FREEZING RAIN OR DRIZZLE
GRTST DEPTH: 0 7 = DUSTSTORM OR SANDSTORM:
VSBY 1/2 MILE OR LESS
8 = SMOKE OR HAZE
[NO. OF DAYS WITH] [WEATHER - DAYS WITH] 9 = BLOWING SNOW
X = TORNADO
MAX 32 OR BELOW: 0 0.01 INCH OR MORE: 0
MAX 90 OR ABOVE: 31 0.10 INCH OR MORE: 0
MIN 32 OR BELOW: 0 0.50 INCH OR MORE: 0
MIN 0 OR BELOW: 0 1.00 INCH OR MORE: 0
[HDD (BASE 65) ]
TOTAL THIS MO. 0 CLEAR (SCALE 0-3) 31
DPTR FM NORMAL 0 PTCLDY (SCALE 4-7) 0
TOTAL FM JUL 1 0 CLOUDY (SCALE 8-10) 0
DPTR FM NORMAL 0
[CDD (BASE 65) ]
TOTAL THIS MO. 575
DPTR FM NORMAL 135 [PRESSURE DATA]
TOTAL FM JAN 1 840 HIGHEST SLP 30.02 ON 21
DPTR FM NORMAL 84 LOWEST SLP 29.57 ON 7
[REMARKS]
#FINAL-07-23#