000
CXUS55 KGJT 010910
CF6GJT
PRELIMINARY LOCAL CLIMATOLOGICAL DATA (WS FORM: F-6)
STATION: GRAND JUNCTION CO
MONTH: JUNE
YEAR: 2021
LATITUDE: 39 7 N
LONGITUDE: 108 32 W
TEMPERATURE IN F: :PCPN: SNOW: WIND :SUNSHINE: SKY :PK WND
================================================================================
1 2 3 4 5 6A 6B 7 8 9 10 11 12 13 14 15 16 17 18
12Z AVG MX 2MIN
DY MAX MIN AVG DEP HDD CDD WTR SNW DPTH SPD SPD DIR MIN PSBL S-S WX SPD DR
================================================================================
1 87 51 69 1 0 4 0.00 0.0 0 8.9 20 260 M M 0 27 250
2 89 56 73 5 0 8 0.00 0.0 0 7.7 20 330 M M 0 8 27 340
3 93 57 75 6 0 10 0.00 0.0 0 8.6 18 130 M M 0 25 30
4 97 64 81 12 0 16 0.00 0.0 0 8.0 20 90 M M 0 30 170
5 98 66 82 12 0 17 T 0.0 0 9.0 28 160 M M 1 3 39 170
6 96 63 80 10 0 15 0.00 0.0 0 12.5 26 130 M M 0 33 140
7 95 64 80 10 0 15 0.00 0.0 0 12.9 23 130 M M 0 30 210
8 91 62 77 6 0 12 0.00 0.0 0 13.6 31 200 M M 0 40 210
9 94 56 75 4 0 10 0.00 0.0 0 10.2 20 120 M M 0 23 200
10 94 65 80 9 0 15 0.00 0.0 0 14.6 30 260 M M 0 47 200
11 88 49 69 -3 0 4 0.00 0.0 0 6.8 20 320 M M 0 25 320
12 96 54 75 3 0 10 0.00 0.0 0 9.5 16 270 M M 0 23 280
13 101 58 80 8 0 15 0.00 0.0 0 8.8 18 120 M M 0 27 210
14 102 61 82 9 0 17 0.00 0.0 0 10.3 21 110 M M 0 25 110
15 103 60 82 9 0 17 0.00 0.0 0 8.3 21 300 M M 0 27 300
16 105 63 84 11 0 19 0.00 0.0 0 8.5 18 140 M M 0 22 140
17 104 68 86 12 0 21 0.00 0.0 0 9.3 40 320 M M 0 60 330
18 99 75 87 13 0 22 0.00 0.0 0 9.8 26 150 M M 0 34 170
19 97 69 83 9 0 18 T 0.0 0 10.5 38 330 M M 0 38 47 330
20 100 62 81 6 0 16 0.00 0.0 0 10.9 28 310 M M 0 34 310
21 95 62 79 4 0 14 0.00 0.0 0 5.9 15 110 M M 0 21 260
22 100 64 82 7 0 17 0.00 0.0 0 8.6 17 310 M M 0 25 310
23 87 67 77 1 0 12 0.00 0.0 0 12.0 40 150 M M 1 8 50 150
24 79 59 69 -7 0 4 0.07 0.0 0 13.1 30 120 M M 2 3 36 120
25 80 56 68 -8 0 3 0.03 0.0 0 10.1 32 320 M M 2 3 39 320
26 81 52 67 -9 0 2 T 0.0 0 7.0 23 30 M M 2 32 40
27 87 58 73 -4 0 8 0.00 0.0 0 11.7 29 350 M M 1 39 360
28 87 57 72 -5 0 7 0.00 0.0 0 8.0 20 40 M M 0 25 50
29 84 63 74 -3 0 9 T 0.0 0 10.6 25 20 M M 3 3 30 30
30 87 63 75 -2 0 10 T 0.0 0 5.6 15 90 M M 3 20 90
================================================================================
SM 2796 1824 0 367 0.10 0.0 291.3 M 15
================================================================================
AV 93.2 60.8 9.7 FASTST M M 1 MAX(MPH)
MISC ----> # 40 320 60 330
================================================================================
NOTES:
# LAST OF SEVERAL OCCURRENCES
COLUMN 17 PEAK WIND IN M.P.H.
PRELIMINARY LOCAL CLIMATOLOGICAL DATA (WS FORM: F-6) , PAGE 2
STATION: GRAND JUNCTION CO
MONTH: JUNE
YEAR: 2021
LATITUDE: 39 7 N
LONGITUDE: 108 32 W
[TEMPERATURE DATA] [PRECIPITATION DATA] SYMBOLS USED IN COLUMN 16
AVERAGE MONTHLY: 77.0 TOTAL FOR MONTH: 0.10 1 = FOG OR MIST
DPTR FM NORMAL: 4.0 DPTR FM NORMAL: -0.31 2 = FOG REDUCING VISIBILITY
HIGHEST: 105 ON 16 GRTST 24HR 0.08 ON 24-25 TO 1/4 MILE OR LESS
LOWEST: 49 ON 11 3 = THUNDER
SNOW, ICE PELLETS, HAIL 4 = ICE PELLETS
TOTAL MONTH: 0.0 INCH 5 = HAIL
GRTST 24HR 0.0 6 = FREEZING RAIN OR DRIZZLE
GRTST DEPTH: 0 7 = DUSTSTORM OR SANDSTORM:
VSBY 1/2 MILE OR LESS
8 = SMOKE OR HAZE
[NO. OF DAYS WITH] [WEATHER - DAYS WITH] 9 = BLOWING SNOW
X = TORNADO
MAX 32 OR BELOW: 0 0.01 INCH OR MORE: 2
MAX 90 OR ABOVE: 19 0.10 INCH OR MORE: 0
MIN 32 OR BELOW: 0 0.50 INCH OR MORE: 0
MIN 0 OR BELOW: 0 1.00 INCH OR MORE: 0
[HDD (BASE 65) ]
TOTAL THIS MO. 0 CLEAR (SCALE 0-3) 29
DPTR FM NORMAL -18 PTCLDY (SCALE 4-7) 1
TOTAL FM JUL 1 5387 CLOUDY (SCALE 8-10) 0
DPTR FM NORMAL -105
[CDD (BASE 65) ]
TOTAL THIS MO. 367
DPTR FM NORMAL 110 [PRESSURE DATA]
TOTAL FM JAN 1 436 HIGHEST SLP M ON M
DPTR FM NORMAL 120 LOWEST SLP 29.48 ON 6
[REMARKS]
#FINAL-06-21#