000
CXUS54 KFWD 010830
CF6GKY
PRELIMINARY LOCAL CLIMATOLOGICAL DATA (WS FORM: F-6)
STATION: ARLINGTON
MONTH: DECEMBER
YEAR: 2022
LATITUDE: 32 39 N
LONGITUDE: 97 6 W
TEMPERATURE IN F: :PCPN: SNOW: WIND :SUNSHINE: SKY :PK WND
================================================================================
1 2 3 4 5 6A 6B 7 8 9 10 11 12 13 14 15 16 17 18
12Z AVG MX 2MIN
DY MAX MIN AVG DEP HDD CDD WTR SNW DPTH SPD SPD DIR MIN PSBL S-S WX SPD DR
================================================================================
1 54 30 42 -10 23 0 T M M 6.9 22 120 M M 5 29 100
2 68 49 59 7 6 0 0.01 M M 10.0 16 160 M M 7 1 24 160
3 63 47 55 3 10 0 0.00 M M 12.0 26 350 M M 3 38 320
4 60 49 55 4 10 0 T M M 5.9 14 340 M M 9 1 19 160
5 81 52 67 16 0 2 0.00 M M 9.6 18 180 M M 4 1 29 190
6 76 61 69 18 0 4 T M M 5.5 14 210 M M 1 22 180
7 77 59 68 18 0 3 0.07 M M 4.7 12 160 M M 8 18 18 160
8 75 58 67 17 0 2 0.24 M M 2.5 10 310 M M 10 12 16 210
9 68 62 65 15 0 0 0.11 M M 6.3 14 350 M M 10 128 18 360
10 76 56 66 16 0 1 1.18 M M 7.7 25 310 M M 10 123 33 320
11 59 53 56 6 9 0 0.24 M M 6.4 14 340 M M 10 1 19 310
12 65 56 61 12 4 0 0.03 M M 11.2 21 130 M M 10 1 29 130
13 71 45 58 9 7 0 0.32 M M 8.3 29 240 M M 7 13 49 250
14 59 39 49 0 16 0 T M M 7.9 20 310 M M 4 3 28 300
15 56 33 45 -4 20 0 0.00 M M 4.7 14 330 M M 0 19 330
16 50 31 41 -7 24 0 0.00 M M 7.3 18 350 M M 3 23 350
17 53 29 41 -7 24 0 0.00 M M 5.7 14 340 M M 0 8 19 340
18 56 25 41 -7 24 0 0.00 M M 6.5 16 110 M M 2 21 150
19 50 45 48 0 17 0 0.00 M M 9.6 21 130 M M 10 1 27 130
20 56 39 48 0 17 0 T M M 9.2 17 360 M M 5 1 24 20
21 52 30 41 -7 24 0 0.00 M M 5.9 15 180 M M 1 1 20 170
22 45 11 28 -20 37 0 T M M 19.1 33 310 M M 7 1 45 310
23 25 11 18 -29 47 0 0.00 M M 14.0 25 330 M M 0 32 320
24 38 21 30 -17 35 0 0.00 M M 3.5 10 310 M M 0 8 14 320
25 52 17 35 -12 30 0 0.00 M M 5.2 13 190 M M 0 8 20 220
26 58 26 42 -5 23 0 0.00 M M 8.7 25 340 M M 0 31 340
27 53 19 36 -11 29 0 0.00 M M 7.7 17 140 M M 0 27 150
28 71 41 56 9 9 0 0.00 M M 15.5 24 180 M M 0 39 180
29 74 51 63 16 2 0 0.00 M M 7.6 23 170 M M 3 34 170
30 66 43 55 8 10 0 0.00 M M 3.3 9 290 M M 3 12 290
31 75 49 62 15 3 0 0.00 M M 7.9 15 160 M M 2 24 220
================================================================================
SM 1882 1237 460 12 2.20 M 246.3 M 134
================================================================================
AV 60.7 39.9 7.9 FASTST M M 4 MAX(MPH)
MISC ----> 33 310 49 250
================================================================================
NOTES:
# LAST OF SEVERAL OCCURRENCES
COLUMN 17 PEAK WIND IN M.P.H.
PRELIMINARY LOCAL CLIMATOLOGICAL DATA (WS FORM: F-6) , PAGE 2
STATION: ARLINGTON
MONTH: DECEMBER
YEAR: 2022
LATITUDE: 32 39 N
LONGITUDE: 97 6 W
[TEMPERATURE DATA] [PRECIPITATION DATA] SYMBOLS USED IN COLUMN 16
AVERAGE MONTHLY: 50.3 TOTAL FOR MONTH: 2.20 1 = FOG OR MIST
DPTR FM NORMAL: 1.5 DPTR FM NORMAL: -0.61 2 = FOG REDUCING VISIBILITY
HIGHEST: 81 ON 5 GRTST 24HR 1.42 ON 10-11 TO 1/4 MILE OR LESS
LOWEST: 11 ON 23,22 3 = THUNDER
SNOW, ICE PELLETS, HAIL 4 = ICE PELLETS
TOTAL MONTH: M 5 = HAIL
GRTST 24HR M ON M 6 = FREEZING RAIN OR DRIZZLE
GRTST DEPTH: M ON M 7 = DUSTSTORM OR SANDSTORM:
VSBY 1/2 MILE OR LESS
8 = SMOKE OR HAZE
[NO. OF DAYS WITH] [WEATHER - DAYS WITH] 9 = BLOWING SNOW
X = TORNADO
MAX 32 OR BELOW: 1 0.01 INCH OR MORE: 8
MAX 90 OR ABOVE: 0 0.10 INCH OR MORE: 5
MIN 32 OR BELOW: 11 0.50 INCH OR MORE: 1
MIN 0 OR BELOW: 0 1.00 INCH OR MORE: 1
[HDD (BASE 65) ]
TOTAL THIS MO. 460 CLEAR (SCALE 0-3) 15
DPTR FM NORMAL -46 PTCLDY (SCALE 4-7) 8
TOTAL FM JUL 1 855 CLOUDY (SCALE 8-10) 8
DPTR FM NORMAL 4
[CDD (BASE 65) ]
TOTAL THIS MO. 12
DPTR FM NORMAL 6 [PRESSURE DATA]
TOTAL FM JAN 1 3314 HIGHEST SLP 30.82 ON 23
DPTR FM NORMAL 490 LOWEST SLP 29.61 ON 13
[REMARKS]
#FINAL-12-22#