000
CXUS53 KAPX 010830
CF6GLR
PRELIMINARY LOCAL CLIMATOLOGICAL DATA (WS FORM: F-6)
STATION: GAYLORD
MONTH: JANUARY
YEAR: 2022
LATITUDE: 45 0 N
LONGITUDE: 84 42 W
TEMPERATURE IN F: :PCPN: SNOW: WIND :SUNSHINE: SKY :PK WND
================================================================================
1 2 3 4 5 6A 6B 7 8 9 10 11 12 13 14 15 16 17 18
12Z AVG MX 2MIN
DY MAX MIN AVG DEP HDD CDD WTR SNW DPTH SPD SPD DIR MIN PSBL S-S WX SPD DR
================================================================================
1 29 15 22 2 43 0 0.00 M M 6.2 13 40 M M 10 18 21 10
2 20 11 16 -4 49 0 T M M 3.9 12 30 M M 8 8 21 50
3 27 9 18 -2 47 0 T M M 10.2 20 250 M M 4 29 240
4 32 24 28 8 37 0 0.00 M M 9.7 17 260 M M 5 23 260
5 32 15 24 5 41 0 M M M 6.7 13 40 M M 9 128 20 160
6 15 3 9 -10 56 0 M M M 3.3 8 40 M M 10 8 13 40
7 15 -12 2 -17 63 0 M M M 1.3 7 30 M M 2 18 13 340
8 25 -5 10 -9 55 0 M M M 14.4 25 180 M M 7 8 37 180
9 29 10 20 2 45 0 0.12 M M 12.7 23 260 M M 10 18 36 260
10 10 7 9 -9 56 0 0.13 M M 10.7 21 280 M M 10 8 32 290
11 30 6 18 0 47 0 T M M 12.8 25 270 M M 8 8 39 280
12 30 21 26 8 39 0 T M M 6.1 29 260 M M 10 168 39 270
13 29 18 24 6 41 0 T M M 4.4 10 20 M M 10 168 19 290
14 18 0 9 -9 56 0 0.00 M M 8.1 15 40 M M 7 8 22 60
15 13 -2 6 -12 59 0 0.00 M M 4.9 10 40 M M 2 8 15 40
16 20 -3 9 -9 56 0 0.00 M M 6.6 16 170 M M 2 19 160
17 26 16 21 4 44 0 0.00 M M 4.9 15 310 M M 10 18 28 330
18 33 18 26 9 39 0 0.00 M M 10.2 24 190 M M 10 8 41 200
19 37 13 25 8 40 0 0.03 M M 12.9 29 250 M M 10 8 42 270
20 13 7 10 -7 55 0 T M M 3.7 10 40 M M 10 8 16 320
21 18 10 14 -3 51 0 T M M 8.2 17 210 M M 7 8 26 210
22 22 12 17 0 48 0 0.23 M M 13.6 23 210 M M 9 8 32 180
23 15 8 12 -5 53 0 0.01 M M 4.8 12 220 M M 9 8 16 320
24 19 9 14 -3 51 0 0.01 M M 5.4 12 180 M M 9 8 16 210
25 13 3 8 -9 57 0 0.09 M M 2.2 17 250 M M 10 8 21 260
26 14 -10 2 -15 63 0 T M M 9.1 23 210 M M 5 8 35 210
27 26 9 18 2 47 0 0.10 M M 11.4 23 220 M M 9 8 34 220
28 14 -12 1 -15 64 0 0.00 M M 3.0 8 160 M M 7 18 14 20
29 18 2 10 -6 55 0 T M M 7.5 14 160 M M 8 18 170
30 24 12 18 2 47 0 0.01 M M 2.6 10 280 M M 10 18 14 280
31 25 9 17 1 48 0 T M M 7.1 18 170 M M 8 27 180
================================================================================
SM 691 223 1552 0 0.73 M 228.6 M 245
================================================================================
AV 22.3 7.2 7.4 FASTST M M 8 MAX(MPH)
MISC ----> # 29 260 42 270
================================================================================
NOTES:
# LAST OF SEVERAL OCCURRENCES
COLUMN 17 PEAK WIND IN M.P.H.
PRELIMINARY LOCAL CLIMATOLOGICAL DATA (WS FORM: F-6) , PAGE 2
STATION: GAYLORD
MONTH: JANUARY
YEAR: 2022
LATITUDE: 45 0 N
LONGITUDE: 84 42 W
[TEMPERATURE DATA] [PRECIPITATION DATA] SYMBOLS USED IN COLUMN 16
AVERAGE MONTHLY: 14.7 TOTAL FOR MONTH: 0.73 1 = FOG OR MIST
DPTR FM NORMAL: -3.0 DPTR FM NORMAL: -0.51 2 = FOG REDUCING VISIBILITY
HIGHEST: 37 ON 19 GRTST 24HR 0.39 ON 9- 9 TO 1/4 MILE OR LESS
LOWEST: -12 ON 28, 7 3 = THUNDER
SNOW, ICE PELLETS, HAIL 4 = ICE PELLETS
TOTAL MONTH: M 5 = HAIL
GRTST 24HR M ON M 6 = FREEZING RAIN OR DRIZZLE
GRTST DEPTH: M ON M 7 = DUSTSTORM OR SANDSTORM:
VSBY 1/2 MILE OR LESS
8 = SMOKE OR HAZE
[NO. OF DAYS WITH] [WEATHER - DAYS WITH] 9 = BLOWING SNOW
X = TORNADO
MAX 32 OR BELOW: 29 0.01 INCH OR MORE: 9
MAX 90 OR ABOVE: 0 0.10 INCH OR MORE: 4
MIN 32 OR BELOW: 31 0.50 INCH OR MORE: 0
MIN 0 OR BELOW: 7 1.00 INCH OR MORE: 0
[HDD (BASE 65) ]
TOTAL THIS MO. 1552 CLEAR (SCALE 0-3) 3
DPTR FM NORMAL 87 PTCLDY (SCALE 4-7) 9
TOTAL FM JUL 1 4027 CLOUDY (SCALE 8-10) 19
DPTR FM NORMAL -609
[CDD (BASE 65) ]
TOTAL THIS MO. 0
DPTR FM NORMAL 0 [PRESSURE DATA]
TOTAL FM JAN 1 0 HIGHEST SLP 30.62 ON 15
DPTR FM NORMAL 0 LOWEST SLP 29.32 ON 5
[REMARKS]
#FINAL-01-22#