000
CXUS53 KAPX 010730
CF6GLR
PRELIMINARY LOCAL CLIMATOLOGICAL DATA (WS FORM: F-6)
STATION: GAYLORD
MONTH: MARCH
YEAR: 2021
LATITUDE: 45 0 N
LONGITUDE: 84 42 W
TEMPERATURE IN F: :PCPN: SNOW: WIND :SUNSHINE: SKY :PK WND
================================================================================
1 2 3 4 5 6A 6B 7 8 9 10 11 12 13 14 15 16 17 18
12Z AVG MX 2MIN
DY MAX MIN AVG DEP HDD CDD WTR SNW DPTH SPD SPD DIR MIN PSBL S-S WX SPD DR
================================================================================
1 30 15 23 1 42 0 0.01 M M 10.7 20 290 M M 10 8 40 310
2 40 10 25 3 40 0 0.00 M M 13.8 28 220 M M 5 43 230
3 43 25 34 11 31 0 T M M 6.8 20 250 M M 7 18 28 250
4 29 18 24 1 41 0 T M M 5.9 13 290 M M 3 21 330
5 35 21 28 5 37 0 0.00 M M 8.4 17 310 M M 5 36 330
6 30 14 22 -2 43 0 0.00 M M 6.9 16 280 M M 2 25 290
7 37 3 20 -4 45 0 0.00 M M 4.1 16 190 M M 1 22 170
8 51 28 40 16 25 0 0.00 M M 9.5 21 250 M M 3 18 28 250
9 52 25 39 14 26 0 0.00 M M 7.4 20 170 M M 0 18 31 170
10 57 41 49 24 16 0 0.09 M M 12.3 22 200 M M 7 36 200
11 56 38 47 22 18 0 0.03 M M 21.9 39 250 M M 5 59 260
12 38 19 29 3 36 0 T M M 9.1 21 260 M M 1 38 270
13 51 15 33 7 32 0 0.00 M M 10.8 25 250 M M 0 39 250
14 38 21 30 3 35 0 0.00 M M 6.7 16 40 M M 0 28 340
15 37 16 27 0 38 0 0.00 M M 6.6 18 160 M M 1 26 130
16 36 26 31 4 34 0 0.11 M M 3.7 10 120 M M 10 8 20 90
17 35 31 33 5 32 0 0.06 M M 4.0 13 240 M M 9 6 16 240
18 42 28 35 7 30 0 0.00 M M 9.9 23 50 M M 1 35 40
19 51 19 35 6 30 0 0.00 M M 2.8 12 260 M M 0 17 260
20 59 28 44 15 21 0 0.00 M M 8.5 16 240 M M 0 22 210
21 65 35 50 20 15 0 0.00 M M 11.5 21 190 M M 0 30 210
22 67 43 55 25 10 0 0.00 M M 10.6 24 230 M M 5 32 230
23 67 45 56 26 9 0 T M M 5.9 15 160 M M 6 19 160
24 66 48 57 26 8 0 0.10 M M 13.5 30 190 M M 9 38 41 190
25 48 30 39 8 26 0 T M M 10.8 29 250 M M 10 18 43 250
26 40 29 35 3 30 0 0.00 M M 7.0 15 270 M M 10 22 280
27 43 32 38 6 27 0 0.05 M M 5.7 15 190 M M 10 1 22 190
28 35 29 32 -1 33 0 0.18 M M 7.6 21 310 M M 10 168 40 330
29 50 22 36 3 29 0 0.00 M M 10.5 20 180 M M 3 39 190
30 65 43 54 20 11 0 T M M 19.2 31 240 M M 3 44 250
31 43 21 32 -2 33 0 0.02 M M 6.4 16 260 M M 8 25 280
================================================================================
SM 1436 818 883 0 0.65 M 278.5 M 144
================================================================================
AV 46.3 26.4 9.0 FASTST M M 5 MAX(MPH)
MISC ----> 39 250 59 260
================================================================================
NOTES:
# LAST OF SEVERAL OCCURRENCES
COLUMN 17 PEAK WIND IN M.P.H.
PRELIMINARY LOCAL CLIMATOLOGICAL DATA (WS FORM: F-6) , PAGE 2
STATION: GAYLORD
MONTH: MARCH
YEAR: 2021
LATITUDE: 45 0 N
LONGITUDE: 84 42 W
[TEMPERATURE DATA] [PRECIPITATION DATA] SYMBOLS USED IN COLUMN 16
AVERAGE MONTHLY: 36.4 TOTAL FOR MONTH: 0.65 1 = FOG OR MIST
DPTR FM NORMAL: 8.7 DPTR FM NORMAL: -0.95 2 = FOG REDUCING VISIBILITY
HIGHEST: 67 ON 23,22 GRTST 24HR 0.21 ON 27-28 TO 1/4 MILE OR LESS
LOWEST: 3 ON 7 3 = THUNDER
SNOW, ICE PELLETS, HAIL 4 = ICE PELLETS
TOTAL MONTH: M 5 = HAIL
GRTST 24HR M ON M 6 = FREEZING RAIN OR DRIZZLE
GRTST DEPTH: M ON M 7 = DUSTSTORM OR SANDSTORM:
VSBY 1/2 MILE OR LESS
8 = SMOKE OR HAZE
[NO. OF DAYS WITH] [WEATHER - DAYS WITH] 9 = BLOWING SNOW
X = TORNADO
MAX 32 OR BELOW: 3 0.01 INCH OR MORE: 9
MAX 90 OR ABOVE: 0 0.10 INCH OR MORE: 3
MIN 32 OR BELOW: 24 0.50 INCH OR MORE: 0
MIN 0 OR BELOW: 0 1.00 INCH OR MORE: 0
[HDD (BASE 65) ]
TOTAL THIS MO. 883 CLEAR (SCALE 0-3) 14
DPTR FM NORMAL -275 PTCLDY (SCALE 4-7) 9
TOTAL FM JUL 1 6307 CLOUDY (SCALE 8-10) 8
DPTR FM NORMAL -913
[CDD (BASE 65) ]
TOTAL THIS MO. 0
DPTR FM NORMAL 0 [PRESSURE DATA]
TOTAL FM JAN 1 0 HIGHEST SLP 30.58 ON 19
DPTR FM NORMAL 0 LOWEST SLP 29.52 ON 28
[REMARKS]
#FINAL-03-21#