000
CXUS54 KMAF 011110
CF6GNC
PRELIMINARY LOCAL CLIMATOLOGICAL DATA (WS FORM: F-6)
STATION: GAINES COUNTY AIRPORT
MONTH: APRIL
YEAR: 2020
LATITUDE: 32 40 N
LONGITUDE: 102 39 W
TEMPERATURE IN F: :PCPN: SNOW: WIND :SUNSHINE: SKY :PK WND
================================================================================
1 2 3 4 5 6A 6B 7 8 9 10 11 12 13 14 15 16 17 18
12Z AVG MX 2MIN
DY MAX MIN AVG DEP HDD CDD WTR SNW DPTH SPD SPD DIR MIN PSBL S-S WX SPD DR
================================================================================
1 79 52 66 M 0 1 M M M 10.5 16 210 M M 0 23 210
2 83 55 69 M 0 4 M M M 10.5 17 280 M M 0 23 280
3 59 36 48 M 17 0 M M M 12.6 20 10 M M 3 28 20
4 56 40 48 M 17 0 M M M 8.2 13 70 M M 7 16 70
5 76 45 61 M 4 0 M M M 8.0 14 110 M M 6 1 20 200
6 75 57 66 M 0 1 M M M 6.7 13 190 M M 6 1 16 180
7 83 55 69 M 0 4 M M M 8.0 14 280 M M 0 17 280
8 85 48 67 M 0 2 M M M 9.2 18 280 M M 0 25 250
9 74 53 64 M 1 0 M M M 4.5 12 100 M M 4 18 0
10 72 42 57 M 8 0 M M M 9.9 16 140 M M 4 25 140
11 82 52 67 M 0 2 M M M 7.4 20 240 M M 4 1 28 260
12 73 41 57 M 8 0 M M M 15.9 26 260 M M 1 38 10
13 57 32 45 M 20 0 M M M 10.7 17 100 M M 0 23 100
14 53 33 43 M 22 0 M M M 4.8 14 80 M M 5 17 80
15 72 39 56 M 9 0 M M M 6.2 18 190 M M 0 24 190
16 85 43 64 M 1 0 M M M 9.2 21 220 M M 0 36 210
17 59 36 48 M 17 0 M M M 8.9 23 10 M M 3 31 20
18 80 37 59 M 6 0 M M M 5.4 10 150 M M 4 1 17 150
19 81 50 66 M 0 1 M M M 12.1 22 300 M M 0 32 280
20 84 46 65 M 0 0 M M M 6.7 15 280 M M 0 22 280
21 89 47 68 M 0 3 M M M 4.9 15 210 M M 1 12 23 210
22 82 56 69 M 0 4 M M M 14.0 25 290 M M 0 1 33 280
23 85 47 66 M 0 1 M M M 8.1 15 260 M M 0 24 270
24 83 50 67 M 0 2 M M M 11.7 21 340 M M 0 26 340
25 77 48 63 M 2 0 M M M 4.5 9 70 M M 0 M M
26 87 47 67 M 0 2 M M M 11.6 20 160 M M 0 30 200
27 91 58 75 M 0 10 M M M 6.6 14 180 M M 0 17 180
28 97 54 76 M 0 11 M M M 8.7 17 300 M M 0 25 300
29 79 54 67 M 0 2 M M M 8.6 18 40 M M 0 28 50
30 91 47 69 M 0 4 M M M 8.4 17 190 M M 0 24 190
================================================================================
SM 2329 1400 132 54 M M 262.4 M 48
================================================================================
AV 77.6 46.7 8.7 FASTST M M 2 MAX(MPH)
MISC ----> 26 260 38 10
================================================================================
NOTES:
# LAST OF SEVERAL OCCURRENCES
COLUMN 17 PEAK WIND IN M.P.H.
PRELIMINARY LOCAL CLIMATOLOGICAL DATA (WS FORM: F-6) , PAGE 2
STATION: GAINES COUNTY AIRPORT
MONTH: APRIL
YEAR: 2020
LATITUDE: 32 40 N
LONGITUDE: 102 39 W
[TEMPERATURE DATA] [PRECIPITATION DATA] SYMBOLS USED IN COLUMN 16
AVERAGE MONTHLY: 62.2 TOTAL FOR MONTH: M 1 = FOG OR MIST
DPTR FM NORMAL: 0.0 DPTR FM NORMAL: M 2 = FOG REDUCING VISIBILITY
HIGHEST: 97 ON 28 GRTST 24HR M ON M TO 1/4 MILE OR LESS
LOWEST: 32 ON 13 3 = THUNDER
SNOW, ICE PELLETS, HAIL 4 = ICE PELLETS
TOTAL MONTH: M 5 = HAIL
GRTST 24HR M ON M 6 = FREEZING RAIN OR DRIZZLE
GRTST DEPTH: M ON M 7 = DUSTSTORM OR SANDSTORM:
VSBY 1/2 MILE OR LESS
8 = SMOKE OR HAZE
[NO. OF DAYS WITH] [WEATHER - DAYS WITH] 9 = BLOWING SNOW
X = TORNADO
MAX 32 OR BELOW: 0 0.01 INCH OR MORE: 0
MAX 90 OR ABOVE: 3 0.10 INCH OR MORE: 0
MIN 32 OR BELOW: 1 0.50 INCH OR MORE: 0
MIN 0 OR BELOW: 0 1.00 INCH OR MORE: 0
[HDD (BASE 65) ]
TOTAL THIS MO. 132 CLEAR (SCALE 0-3) 21
DPTR FM NORMAL M PTCLDY (SCALE 4-7) 9
TOTAL FM JUL 1 2804 CLOUDY (SCALE 8-10) 0
DPTR FM NORMAL M
[CDD (BASE 65) ]
TOTAL THIS MO. 54
DPTR FM NORMAL M [PRESSURE DATA]
TOTAL FM JAN 1 66 HIGHEST SLP M ON M
DPTR FM NORMAL M LOWEST SLP M ON M
[REMARKS]
#FINAL-04-20#