000
CXUS54 KOUN 010910
CF6GOK
PRELIMINARY LOCAL CLIMATOLOGICAL DATA (WS FORM: F-6)
STATION: GUTHRIE MUNICIPAL
MONTH: JANUARY
YEAR: 2022
LATITUDE: 35 50 N
LONGITUDE: 97 25 W
TEMPERATURE IN F: :PCPN: SNOW: WIND :SUNSHINE: SKY :PK WND
================================================================================
1 2 3 4 5 6A 6B 7 8 9 10 11 12 13 14 15 16 17 18
12Z AVG MX 2MIN
DY MAX MIN AVG DEP HDD CDD WTR SNW DPTH SPD SPD DIR MIN PSBL S-S WX SPD DR
================================================================================
1 59 11 35 -3 30 0 0.20 M 0 10.9 21 170 M M 10 6 30 330
2 27 10 19 -19 46 0 T T T 7.4 17 340 M M 3 30 330
3 53 20 37 -1 28 0 0.00 0.0 0 8.9 17 170 M M 0 23 160
4 56 34 45 7 20 0 0.00 0.0 0 14.3 29 190 M M 0 38 200
5 41 24 33 -5 32 0 0.00 0.0 0 8.1 15 50 M M 0 24 360
6 24 12 18 -20 47 0 0.00 0.0 0 9.1 20 10 M M 2 31 20
7 37 10 24 -14 41 0 0.00 0.0 0 6.4 16 170 M M 0 23 160
8 54 34 44 6 21 0 T 0.0 0 17.9 30 180 M M 10 39 180
9 48 20 34 -4 31 0 T 0.0 0 9.1 18 10 M M 3 29 20
10 54 14 34 -4 31 0 0.00 0.0 0 4.4 10 270 M M 0 14 260
11 61 30 46 8 19 0 0.00 0.0 0 10.8 22 220 M M 0 28 220
12 58 33 46 8 19 0 0.00 0.0 0 6.5 16 200 M M 0 24 210
13 66 29 48 10 17 0 0.00 0.0 0 3.5 12 290 M M 0 16 350
14 65 37 51 13 14 0 T 0.0 0 10.8 25 360 M M 1 45 340
15 37 21 29 -9 36 0 T T 0 13.5 25 330 M M 10 41 340
16 52 21 37 -1 28 0 0.00 0.0 0 4.3 15 240 M M 5 20 210
17 59 22 41 3 24 0 0.00 0.0 0 6.6 17 220 M M 0 22 210
18 64 42 53 15 12 0 0.00 0.0 0 10.1 17 180 M M 0 21 180
19 44 19 32 -6 33 0 0.00 0.0 0 12.3 23 10 M M 4 37 30
20 23 9 16 -22 49 0 0.00 0.0 0 7.9 17 20 M M 4 28 10
21 38 6 22 -16 43 0 0.00 0.0 0 3.8 12 160 M M 0 15 150
22 50 16 33 -5 32 0 0.00 0.0 0 6.3 13 250 M M 0 18 240
23 58 27 43 4 22 0 0.00 0.0 0 4.6 9 290 M M 0 12 290
24 65 34 50 11 15 0 0.00 0.0 0 8.1 21 50 M M 0 27 40
25 42 26 34 -5 31 0 0.00 M M 9.4 16 40 M M 2 24 40
26 33 21 27 -12 38 0 0.00 M M 3.9 12 40 M M 9 18 60
27 41 22 32 -7 33 0 0.00 M M 4.7 10 350 M M 4 15 360
28 49 18 34 -5 31 0 0.00 M M 4.4 15 310 M M 0 21 320
29 69 22 46 7 19 0 0.00 M M 7.5 22 270 M M 0 27 260
30 64 21 43 4 22 0 0.00 M M 4.4 12 90 M M 0 14 110
31 71 28 50 10 15 0 0.00 0.0 M 9.3 23 180 M M 0 33 190
================================================================================
SM 1562 693 879 0 0.20 T 249.2 M 67
================================================================================
AV 50.4 22.4 8.0 FASTST M M 2 MAX(MPH)
MISC ----> 30 180 45 340
================================================================================
NOTES:
# LAST OF SEVERAL OCCURRENCES
COLUMN 17 PEAK WIND IN M.P.H.
PRELIMINARY LOCAL CLIMATOLOGICAL DATA (WS FORM: F-6) , PAGE 2
STATION: GUTHRIE MUNICIPAL
MONTH: JANUARY
YEAR: 2022
LATITUDE: 35 50 N
LONGITUDE: 97 25 W
[TEMPERATURE DATA] [PRECIPITATION DATA] SYMBOLS USED IN COLUMN 16
AVERAGE MONTHLY: 36.4 TOTAL FOR MONTH: 0.20 1 = FOG OR MIST
DPTR FM NORMAL: -1.9 DPTR FM NORMAL: -0.95 2 = FOG REDUCING VISIBILITY
HIGHEST: 71 ON 31 GRTST 24HR 0.45 ON 31- 1 TO 1/4 MILE OR LESS
LOWEST: 6 ON 21 3 = THUNDER
SNOW, ICE PELLETS, HAIL 4 = ICE PELLETS
TOTAL MONTH: T 5 = HAIL
GRTST 24HR T ON 2- 2 6 = FREEZING RAIN OR DRIZZLE
GRTST DEPTH: T 7 = DUSTSTORM OR SANDSTORM:
VSBY 1/2 MILE OR LESS
8 = SMOKE OR HAZE
[NO. OF DAYS WITH] [WEATHER - DAYS WITH] 9 = BLOWING SNOW
X = TORNADO
MAX 32 OR BELOW: 3 0.01 INCH OR MORE: 1
MAX 90 OR ABOVE: 0 0.10 INCH OR MORE: 1
MIN 32 OR BELOW: 25 0.50 INCH OR MORE: 0
MIN 0 OR BELOW: 0 1.00 INCH OR MORE: 0
[HDD (BASE 65) ]
TOTAL THIS MO. 879 CLEAR (SCALE 0-3) 23
DPTR FM NORMAL 50 PTCLDY (SCALE 4-7) 4
TOTAL FM JUL 1 1826 CLOUDY (SCALE 8-10) 4
DPTR FM NORMAL -417
[CDD (BASE 65) ]
TOTAL THIS MO. 0
DPTR FM NORMAL 0 [PRESSURE DATA]
TOTAL FM JAN 1 0 HIGHEST SLP 30.75 ON 10
DPTR FM NORMAL 0 LOWEST SLP 29.52 ON 1
[REMARKS]
#FINAL-01-22#