000
CXUS54 KFWD 010731
CF6GOP
PRELIMINARY LOCAL CLIMATOLOGICAL DATA (WS FORM: F-6)
STATION: GATESVILLE
MONTH: SEPTEMBER
YEAR: 2021
LATITUDE: 31 25 N
LONGITUDE: 97 48 W
TEMPERATURE IN F: :PCPN: SNOW: WIND :SUNSHINE: SKY :PK WND
================================================================================
1 2 3 4 5 6A 6B 7 8 9 10 11 12 13 14 15 16 17 18
12Z AVG MX 2MIN
DY MAX MIN AVG DEP HDD CDD WTR SNW DPTH SPD SPD DIR MIN PSBL S-S WX SPD DR
================================================================================
1 97 75 86 5 0 21 0.00 M M 4.4 9 150 M M 0 18 14 110
2 97 75 86 6 0 21 0.00 M M 4.7 10 190 M M 0 1 14 190
3 97 73 85 5 0 20 0.00 M M 3.7 9 160 M M 0 15 99
4 99 73 86 6 0 21 0.00 M M 2.4 10 190 M M 0 14 99
5 100 72 86 6 0 21 1.30 M M 5.2 16 300 M M 1 3 26 300
6 93 75 84 5 0 19 0.00 M M 1.8 8 80 M M 0 14 40
7 93 70 82 3 0 17 0.00 M M 1.6 7 60 M M 0 13 190
8 93 66 80 1 0 15 0.00 M M 1.6 7 40 M M 0 14 99
9 90 64 77 -1 0 12 0.00 M M 2.4 10 60 M M 0 15 70
10 90 61 76 -2 0 11 0.00 M M 1.8 9 130 M M 0 14 90
11 90 61 76 -2 0 11 0.00 M M 1.4 8 200 M M 0 13 0
12 90 63 77 -1 0 12 0.00 M M 2.3 8 90 M M 0 15 99
13 88 66 77 0 0 12 0.00 M M 4.2 13 110 M M 1 21 150
14 81 66 74 -3 0 9 0.00 M M 3.8 10 80 M M 5 16 30
15 88 70 79 3 0 14 0.00 M M 5.6 12 60 M M 4 18 70
16 90 64 77 1 0 12 0.00 M M 2.3 7 80 M M 1 14 99
17 93 66 80 4 0 15 0.00 M M 1.6 7 60 M M 0 17 99
18 93 66 80 4 0 15 0.00 M M 1.2 8 20 M M 0 17 330
19 97 68 83 8 0 18 0.00 M M 0.4 6 10 M M 0 M M
20 100 72 86 11 0 21 0.00 M M 5.4 14 200 M M 0 20 190
21 88 72 80 6 0 15 0.00 M M 8.0 15 330 M M 0 22 350
22 82 55 69 -5 0 4 0.00 M M 4.4 12 40 M M 0 17 40
23 84 50 67 -7 0 2 0.00 M M 1.0 7 30 M M 0 M M
24 86 54 70 -3 0 5 0.00 M M 2.1 8 160 M M 0 15 180
25 88 55 72 -1 0 7 0.00 M M 1.4 7 230 M M 0 M M
26 88 55 72 0 0 7 0.00 M M 2.5 12 150 M M 0 16 180
27 91 63 77 5 0 12 0.00 M M 3.4 9 140 M M 0 17 180
28 91 66 79 7 0 14 0.89 M M 5.8 14 140 M M 2 3 38 110
29 88 66 77 5 0 12 0.00 M M 6.5 14 180 M M 0 23 180
30 88 68 78 7 0 13 0.08 M M 4.8 14 10 M M 4 23 330
================================================================================
SM 2733 1970 0 408 2.27 M 97.8 M 18
================================================================================
AV 91.1 65.7 3.3 FASTST M M 1 MAX(MPH)
MISC ----> 16 300 38 110
================================================================================
NOTES:
# LAST OF SEVERAL OCCURRENCES
COLUMN 17 PEAK WIND IN M.P.H.
PRELIMINARY LOCAL CLIMATOLOGICAL DATA (WS FORM: F-6) , PAGE 2
STATION: GATESVILLE
MONTH: SEPTEMBER
YEAR: 2021
LATITUDE: 31 25 N
LONGITUDE: 97 48 W
[TEMPERATURE DATA] [PRECIPITATION DATA] SYMBOLS USED IN COLUMN 16
AVERAGE MONTHLY: 78.4 TOTAL FOR MONTH: 2.27 1 = FOG OR MIST
DPTR FM NORMAL: 2.2 DPTR FM NORMAL: M 2 = FOG REDUCING VISIBILITY
HIGHEST: 100 ON 20, 5 GRTST 24HR 1.30 ON 5- 5 TO 1/4 MILE OR LESS
LOWEST: 50 ON 23 3 = THUNDER
SNOW, ICE PELLETS, HAIL 4 = ICE PELLETS
TOTAL MONTH: M 5 = HAIL
GRTST 24HR M ON M 6 = FREEZING RAIN OR DRIZZLE
GRTST DEPTH: M ON M 7 = DUSTSTORM OR SANDSTORM:
VSBY 1/2 MILE OR LESS
8 = SMOKE OR HAZE
[NO. OF DAYS WITH] [WEATHER - DAYS WITH] 9 = BLOWING SNOW
X = TORNADO
MAX 32 OR BELOW: 0 0.01 INCH OR MORE: 3
MAX 90 OR ABOVE: 19 0.10 INCH OR MORE: 2
MIN 32 OR BELOW: 0 0.50 INCH OR MORE: 2
MIN 0 OR BELOW: 0 1.00 INCH OR MORE: 1
[HDD (BASE 65) ]
TOTAL THIS MO. 0 CLEAR (SCALE 0-3) 27
DPTR FM NORMAL -8 PTCLDY (SCALE 4-7) 3
TOTAL FM JUL 1 0 CLOUDY (SCALE 8-10) 0
DPTR FM NORMAL -7
[CDD (BASE 65) ]
TOTAL THIS MO. 408
DPTR FM NORMAL 64 [PRESSURE DATA]
TOTAL FM JAN 1 2242 HIGHEST SLP M ON M
DPTR FM NORMAL 69 LOWEST SLP M ON M
[REMARKS]
#FINAL-09-21#