000
CXUS54 KLIX 010810
CF6GPT
PRELIMINARY LOCAL CLIMATOLOGICAL DATA (WS FORM: F-6)
STATION: GULFPORT
MONTH: JUNE
YEAR: 2022
LATITUDE: 30 23 N
LONGITUDE: 89 4 W
TEMPERATURE IN F: :PCPN: SNOW: WIND :SUNSHINE: SKY :PK WND
================================================================================
1 2 3 4 5 6A 6B 7 8 9 10 11 12 13 14 15 16 17 18
12Z AVG MX 2MIN
DY MAX MIN AVG DEP HDD CDD WTR SNW DPTH SPD SPD DIR MIN PSBL S-S WX SPD DR
================================================================================
1 89 73 81 2 0 16 T M M 3.5 15 150 M M 2 38 19 150
2 92 72 82 3 0 17 0.00 M M 3.3 12 160 M M 1 17 140
3 92 73 83 4 0 18 0.69 M M 6.0 23 90 M M 2 13 27 90
4 92 71 82 2 0 17 0.00 M M 5.5 13 350 M M 1 17 330
5 89 69 79 -1 0 14 0.00 M M 2.7 12 170 M M 0 16 170
6 89 73 81 1 0 16 0.00 M M 5.6 15 150 M M 1 20 160
7 90 80 85 5 0 20 0.00 M M 7.5 15 160 M M 1 19 160
8 91 77 84 4 0 19 0.00 M M 6.6 15 150 M M 2 20 160
9 92 76 84 4 0 19 0.47 M M 5.5 15 70 M M 2 13 19 60
10 85 73 79 -1 0 14 T M M 5.8 23 270 M M 3 31 220
11 91 70 81 0 0 16 0.03 M M 4.5 15 310 M M 5 1 19 310
12 93 74 84 3 0 19 0.00 M M 5.1 12 190 M M 1 17 200
13 93 79 86 5 0 21 0.00 M M 5.0 14 190 M M 1 8 19 190
14 93 78 86 5 0 21 0.00 M M 4.1 14 190 M M 2 18 210
15 95 77 86 5 0 21 0.00 M M 3.7 13 310 M M 1 8 20 350
16 94 77 86 5 0 21 0.00 M M 4.0 16 150 M M 2 38 20 150
17 95 75 85 4 0 20 0.00 M M 3.6 12 150 M M 1 15 120
18 101 79 90 9 0 25 0.00 M M 6.1 15 340 M M 1 3 21 300
19 97 77 87 5 0 22 0.00 M M 5.1 12 60 M M 1 16 50
20 94 75 85 3 0 20 0.00 M M 6.4 14 150 M M 1 24 170
21 93 77 85 3 0 20 M M M 4.7 10 130 M M 2 18 360
22 98 77 88 6 0 23 0.00 M M 5.0 12 10 M M 1 15 200
23 101 76 89 7 0 24 0.00 M M 4.7 15 200 M M 1 8 22 210
24 101 77 89 7 0 24 0.00 M M 4.6 14 150 M M 0 8 18 100
25 100 75 88 6 0 23 0.34 M M 5.9 37 10 M M 1 1 46 360
26 89 76 83 1 0 18 0.12 0.0 M 3.7 15 200 M M 4 1 23 170
27 91 76 84 2 0 19 0.00 0.0 M 6.7 16 130 M M 2 22 140
28 91 74 83 1 0 18 0.01 0.0 M 6.8 15 40 M M 2 20 40
29 87 75 81 -1 0 16 0.73 0.0 M 10.3 18 120 M M 3 1 23 140
30 86 73 80 -2 0 15 2.82 0.0 M 8.0 22 100 M M 6 13 28 160
================================================================================
SM 2784 2254 0 576 5.21 0.0 160.0 M 53
================================================================================
AV 92.8 75.1 5.3 FASTST M M 2 MAX(MPH)
MISC ----> 37 10 46 360
================================================================================
NOTES:
# LAST OF SEVERAL OCCURRENCES
COLUMN 17 PEAK WIND IN M.P.H.
PRELIMINARY LOCAL CLIMATOLOGICAL DATA (WS FORM: F-6) , PAGE 2
STATION: GULFPORT
MONTH: JUNE
YEAR: 2022
LATITUDE: 30 23 N
LONGITUDE: 89 4 W
[TEMPERATURE DATA] [PRECIPITATION DATA] SYMBOLS USED IN COLUMN 16
AVERAGE MONTHLY: 84.0 TOTAL FOR MONTH: 5.21 1 = FOG OR MIST
DPTR FM NORMAL: 3.1 DPTR FM NORMAL: -1.68 2 = FOG REDUCING VISIBILITY
HIGHEST: 101 ON 24,23 GRTST 24HR 2.82 ON 30-30 TO 1/4 MILE OR LESS
LOWEST: 69 ON 5 3 = THUNDER
SNOW, ICE PELLETS, HAIL 4 = ICE PELLETS
TOTAL MONTH: 0.0 INCH 5 = HAIL
GRTST 24HR 0.0 6 = FREEZING RAIN OR DRIZZLE
GRTST DEPTH: M ON M 7 = DUSTSTORM OR SANDSTORM:
VSBY 1/2 MILE OR LESS
8 = SMOKE OR HAZE
[NO. OF DAYS WITH] [WEATHER - DAYS WITH] 9 = BLOWING SNOW
X = TORNADO
MAX 32 OR BELOW: 0 0.01 INCH OR MORE: 8
MAX 90 OR ABOVE: 23 0.10 INCH OR MORE: 6
MIN 32 OR BELOW: 0 0.50 INCH OR MORE: 3
MIN 0 OR BELOW: 0 1.00 INCH OR MORE: 1
[HDD (BASE 65) ]
TOTAL THIS MO. 0 CLEAR (SCALE 0-3) 26
DPTR FM NORMAL 0 PTCLDY (SCALE 4-7) 4
TOTAL FM JUL 1 1295 CLOUDY (SCALE 8-10) 0
DPTR FM NORMAL -212
[CDD (BASE 65) ]
TOTAL THIS MO. 576
DPTR FM NORMAL 98 [PRESSURE DATA]
TOTAL FM JAN 1 1247 HIGHEST SLP M ON M
DPTR FM NORMAL 265 LOWEST SLP 29.73 ON 4
[REMARKS]
#FINAL-06-22#