000
CXUS53 KGRB 061905
CF6GRB
PRELIMINARY LOCAL CLIMATOLOGICAL DATA (WS FORM: F-6)
STATION: GREEN BAY WI
MONTH: JUNE
YEAR: 2023
LATITUDE: 44 28 N
LONGITUDE: 88 8 W
TEMPERATURE IN F: :PCPN: SNOW: WIND :SUNSHINE: SKY :PK WND
================================================================================
1 2 3 4 5 6A 6B 7 8 9 10 11 12 13 14 15 16 17 18
12Z AVG MX 2MIN
DY MAX MIN AVG DEP HDD CDD WTR SNW DPTH SPD SPD DIR MIN PSBL S-S WX SPD DR
================================================================================
1 92 60 76 14 0 11 0.00 0.0 0 5.4 17 130 M M 0 24 150
2 90 59 75 12 0 10 0.00 0.0 0 5.0 16 40 M M 0 19 40
3 88 59 74 11 0 9 0.00 0.0 0 8.4 16 50 M M 0 8 22 50
4 81 57 69 6 0 4 0.00 0.0 0 5.0 13 40 M M 4 18 15 50
5 86 59 73 9 0 8 0.00 0.0 0 7.1 20 50 M M 2 8 25 50
6 75 55 65 1 0 0 0.00 0.0 0 11.6 22 40 M M 3 28 40
7 73 47 60 -4 5 0 0.00 0.0 0 10.0 20 60 M M 0 26 40
8 77 45 61 -3 4 0 0.00 0.0 0 5.6 16 50 M M 0 23 20
9 85 45 65 0 0 0 0.00 0.0 0 5.1 16 270 M M 0 22 260
10 80 52 66 1 0 1 0.73 0.0 0 7.2 22 50 M M 5 138 30 340
11 57 44 51 -14 14 0 0.05 0.0 0 13.3 21 20 M M 8 1 28 20
12 68 43 56 -10 9 0 T 0.0 0 6.6 18 310 M M 6 24 310
13 60 50 55 -11 10 0 0.82 0.0 0 8.0 15 330 M M 10 1 20 340
14 75 57 66 0 0 1 0.00 0.0 0 3.2 14 10 M M 6 18 17 10
15 62 53 58 -8 7 0 0.00 0.0 0 11.7 21 50 M M 10 1 28 50
16 70 53 62 -5 3 0 0.00 0.0 0 6.5 14 20 M M 5 18 17 50
17 81 51 66 -1 0 1 0.00 0.0 0 4.4 13 170 M M 1 18 18 170
18 81 56 69 2 0 4 0.00 0.0 0 6.7 16 120 M M 0 18 22 140
19 85 57 71 3 0 6 0.00 0.0 0 5.6 15 50 M M 0 20 90
20 84 58 71 3 0 6 0.00 0.0 0 8.4 20 40 M M 0 24 40
21 88 63 76 8 0 11 0.00 0.0 0 6.0 14 110 M M 0 22 150
22 87 61 74 6 0 9 0.00 0.0 0 4.0 15 60 M M 0 8 21 50
23 89 59 74 6 0 9 0.00 0.0 0 3.9 13 130 M M 0 18 17 150
24 91 62 77 8 0 12 0.00 0.0 0 7.0 18 150 M M 3 8 25 150
25 75 66 71 2 0 6 1.57 0.0 0 5.8 16 140 M M 7 123 21 140
26 73 61 67 -2 0 2 0.41 0.0 0 11.8 20 10 M M 10 18 30 330
27 79 58 69 0 0 4 0.00 0.0 0 6.4 16 10 M M 8 18 21 360
28 81 56 69 0 0 4 0.00 0.0 0 7.3 17 140 M M 6 18 24 130
29 87 66 77 7 0 12 0.00 0.0 0 6.1 15 150 M M 5 8 19 170
30 88 64 76 6 0 11 0.00 0.0 0 5.6 14 270 M M 1 18 22 280
================================================================================
SM 2388 1676 52 141 3.58 0.0 208.7 M 100
================================================================================
AV 79.6 55.9 7.0 FASTST M M 3 MAX(MPH)
MISC ----> # 22 40 # 30 340
================================================================================
NOTES:
# LAST OF SEVERAL OCCURRENCES
COLUMN 17 PEAK WIND IN M.P.H.
PRELIMINARY LOCAL CLIMATOLOGICAL DATA (WS FORM: F-6) , PAGE 2
STATION: GREEN BAY WI
MONTH: JUNE
YEAR: 2023
LATITUDE: 44 28 N
LONGITUDE: 88 8 W
[TEMPERATURE DATA] [PRECIPITATION DATA] SYMBOLS USED IN COLUMN 16
AVERAGE MONTHLY: 67.7 TOTAL FOR MONTH: 3.58 1 = FOG OR MIST
DPTR FM NORMAL: 1.3 DPTR FM NORMAL: -0.52 2 = FOG REDUCING VISIBILITY
HIGHEST: 92 ON 1 GRTST 24HR 1.86 ON 25-26 TO 1/4 MILE OR LESS
LOWEST: 43 ON 12 3 = THUNDER
SNOW, ICE PELLETS, HAIL 4 = ICE PELLETS
TOTAL MONTH: 0.0 INCH 5 = HAIL
GRTST 24HR 0.0 6 = FREEZING RAIN OR DRIZZLE
GRTST DEPTH: 0 7 = DUSTSTORM OR SANDSTORM:
VSBY 1/2 MILE OR LESS
8 = SMOKE OR HAZE
[NO. OF DAYS WITH] [WEATHER - DAYS WITH] 9 = BLOWING SNOW
X = TORNADO
MAX 32 OR BELOW: 0 0.01 INCH OR MORE: 5
MAX 90 OR ABOVE: 3 0.10 INCH OR MORE: 4
MIN 32 OR BELOW: 0 0.50 INCH OR MORE: 3
MIN 0 OR BELOW: 0 1.00 INCH OR MORE: 1
[HDD (BASE 65) ]
TOTAL THIS MO. 52 CLEAR (SCALE 0-3) 16
DPTR FM NORMAL -13 PTCLDY (SCALE 4-7) 11
TOTAL FM JUL 1 6867 CLOUDY (SCALE 8-10) 3
DPTR FM NORMAL -638
[CDD (BASE 65) ]
TOTAL THIS MO. 141
DPTR FM NORMAL 34 [PRESSURE DATA]
TOTAL FM JAN 1 173 HIGHEST SLP 30.17 ON 21
DPTR FM NORMAL 39 LOWEST SLP 29.49 ON 25
[REMARKS]
#FINAL-06-23#