000
CXUS53 KGRB 110317
CF6GRB
PRELIMINARY LOCAL CLIMATOLOGICAL DATA (WS FORM: F-6)
STATION: GREEN BAY WI
MONTH: MAY
YEAR: 2023
LATITUDE: 44 28 N
LONGITUDE: 88 8 W
TEMPERATURE IN F: :PCPN: SNOW: WIND :SUNSHINE: SKY :PK WND
================================================================================
1 2 3 4 5 6A 6B 7 8 9 10 11 12 13 14 15 16 17 18
12Z AVG MX 2MIN
DY MAX MIN AVG DEP HDD CDD WTR SNW DPTH SPD SPD DIR MIN PSBL S-S WX SPD DR
================================================================================
1 45 33 39 -12 26 0 0.67 2.2 1 16.3 23 310 M M 10 1 43 330
2 47 38 43 -8 22 0 0.00 0.0 0 17.2 26 340 M M 9 39 320
3 60 35 48 -4 17 0 0.00 0.0 0 6.8 15 350 M M 4 21 360
4 64 40 52 0 13 0 T 0.0 0 10.8 24 140 M M 4 32 160
5 58 50 54 2 11 0 0.08 0.0 0 9.0 18 50 M M 9 1 27 140
6 59 51 55 2 10 0 0.22 0.0 0 9.7 21 120 M M 10 13 30 130
7 72 49 61 8 4 0 0.25 0.0 0 10.5 20 40 M M 6 13 27 40
8 59 45 52 -2 13 0 0.04 0.0 0 5.5 16 40 M M 7 1 20 40
9 71 44 58 4 7 0 0.00 0.0 0 3.4 12 150 M M 4 12 15 150
10 77 50 64 10 1 0 0.00 0.0 0 5.0 13 210 M M 0 19 190
11 81 50 66 11 0 1 0.00 0.0 0 5.8 16 150 M M 0 21 140
12 70 53 62 7 3 0 0.02 0.0 0 3.2 10 50 M M 6 13 40
13 71 55 63 7 2 0 T 0.0 0 15.3 24 40 M M 5 34 50
14 57 41 49 -7 16 0 0.00 0.0 0 11.4 21 40 M M 1 28 60
15 75 35 55 -1 10 0 0.00 0.0 0 5.5 14 270 M M 0 22 270
16 75 44 60 3 5 0 0.00 0.0 0 14.4 26 40 M M 0 33 40
17 59 37 48 -9 17 0 0.00 0.0 0 8.1 16 20 M M 0 21 40
18 71 36 54 -3 11 0 0.01 0.0 0 9.1 22 150 M M 1 28 160
19 63 49 56 -2 9 0 T 0.0 0 11.3 22 290 M M 8 18 32 350
20 77 45 61 3 4 0 0.00 0.0 0 9.6 17 300 M M 2 24 320
21 79 49 64 6 1 0 0.00 0.0 0 5.9 15 300 M M 0 20 280
22 80 49 65 6 0 0 0.00 0.0 0 6.1 17 150 M M 0 8 20 150
23 84 48 66 7 0 1 0.00 0.0 0 4.9 20 30 M M 0 8 24 30
24 63 50 57 -3 8 0 0.00 0.0 0 19.2 29 30 M M 3 39 40
25 66 40 53 -7 12 0 0.00 0.0 0 7.4 15 50 M M 0 21 50
26 76 36 56 -4 9 0 0.00 0.0 0 3.3 13 160 M M 0 8 15 140
27 81 37 59 -2 6 0 0.00 0.0 0 4.2 14 140 M M 0 18 150
28 82 46 64 3 1 0 0.00 0.0 0 4.2 13 50 M M 0 17 60
29 83 47 65 4 0 0 0.00 0.0 0 4.8 12 150 M M 0 17 70
30 89 51 70 8 0 5 0.00 0.0 0 5.4 18 160 M M 0 24 140
31 89 58 74 12 0 9 0.04 0.0 0 4.9 25 140 M M 2 3 36 150
================================================================================
SM 2183 1391 238 16 1.33 2.2 258.2 M 91
================================================================================
AV 70.4 44.9 8.3 FASTST M M 3 MAX(MPH)
MISC ----> 29 30 43 330
================================================================================
NOTES:
# LAST OF SEVERAL OCCURRENCES
COLUMN 17 PEAK WIND IN M.P.H.
PRELIMINARY LOCAL CLIMATOLOGICAL DATA (WS FORM: F-6) , PAGE 2
STATION: GREEN BAY WI
MONTH: MAY
YEAR: 2023
LATITUDE: 44 28 N
LONGITUDE: 88 8 W
[TEMPERATURE DATA] [PRECIPITATION DATA] SYMBOLS USED IN COLUMN 16
AVERAGE MONTHLY: 57.6 TOTAL FOR MONTH: 1.33 1 = FOG OR MIST
DPTR FM NORMAL: 1.1 DPTR FM NORMAL: -2.02 2 = FOG REDUCING VISIBILITY
HIGHEST: 89 ON 31,30 GRTST 24HR 0.88 ON 30- 1 TO 1/4 MILE OR LESS
LOWEST: 33 ON 1 3 = THUNDER
SNOW, ICE PELLETS, HAIL 4 = ICE PELLETS
TOTAL MONTH: 2.2 INCHES 5 = HAIL
GRTST 24HR 2.2 ON 1- 1 6 = FREEZING RAIN OR DRIZZLE
GRTST DEPTH: 1 ON 1 7 = DUSTSTORM OR SANDSTORM:
VSBY 1/2 MILE OR LESS
8 = SMOKE OR HAZE
[NO. OF DAYS WITH] [WEATHER - DAYS WITH] 9 = BLOWING SNOW
X = TORNADO
MAX 32 OR BELOW: 0 0.01 INCH OR MORE: 8
MAX 90 OR ABOVE: 0 0.10 INCH OR MORE: 3
MIN 32 OR BELOW: 0 0.50 INCH OR MORE: 1
MIN 0 OR BELOW: 0 1.00 INCH OR MORE: 0
[HDD (BASE 65) ]
TOTAL THIS MO. 238 CLEAR (SCALE 0-3) 19
DPTR FM NORMAL -50 PTCLDY (SCALE 4-7) 8
TOTAL FM JUL 1 6815 CLOUDY (SCALE 8-10) 4
DPTR FM NORMAL -623
[CDD (BASE 65) ]
TOTAL THIS MO. 16
DPTR FM NORMAL -10 [PRESSURE DATA]
TOTAL FM JAN 1 32 HIGHEST SLP 30.50 ON 14
DPTR FM NORMAL 5 LOWEST SLP 29.32 ON 1
[REMARKS]
#FINAL-05-23#