000
CXUS53 KGRB 290624
CF6GRB
PRELIMINARY LOCAL CLIMATOLOGICAL DATA (WS FORM: F-6)
STATION: GREEN BAY WI
MONTH: MARCH
YEAR: 2023
LATITUDE: 44 28 N
LONGITUDE: 88 8 W
TEMPERATURE IN F: :PCPN: SNOW: WIND :SUNSHINE: SKY :PK WND
================================================================================
1 2 3 4 5 6A 6B 7 8 9 10 11 12 13 14 15 16 17 18
12Z AVG MX 2MIN
DY MAX MIN AVG DEP HDD CDD WTR SNW DPTH SPD SPD DIR MIN PSBL S-S WX SPD DR
================================================================================
1 37 31 34 8 31 0 0.04 0.1 7 8.9 21 10 M M 10 1 26 10
2 35 19 27 1 38 0 T T 7 6.9 20 360 M M 4 1 25 360
3 37 14 26 -1 39 0 0.00 0.0 6 4.9 14 20 M M 3 1 17 10
4 39 18 29 2 36 0 0.00 0.0 6 5.9 15 270 M M 4 1 20 290
5 42 20 31 3 34 0 0.02 T 5 5.8 14 80 M M 2 1 20 70
6 36 32 34 6 31 0 0.49 2.3 7 13.9 23 30 M M 10 1 31 30
7 37 24 31 3 34 0 0.00 0.0 7 10.3 22 30 M M 1 1 30 20
8 39 19 29 0 36 0 0.00 0.0 5 7.7 14 90 M M 2 19 80
9 35 28 32 3 33 0 0.07 1.0 5 14.6 28 40 M M 10 1 35 40
10 34 26 30 0 35 0 0.14 2.2 7 15.9 29 40 M M 9 1 37 40
11 31 26 29 -1 36 0 0.04 0.4 7 9.3 17 30 M M 10 1 21 30
12 33 26 30 -1 35 0 0.57 8.8 7 11.2 29 30 M M 10 1 40 40
13 30 12 21 -10 44 0 0.04 0.7 15 14.5 29 30 M M 7 1 41 20
14 32 7 20 -11 45 0 0.00 0.0 13 5.3 14 310 M M 0 18 320
15 43 1 22 -10 43 0 0.00 0.0 12 8.7 20 200 M M 2 29 190
16 42 35 39 7 26 0 0.41 0.0 8 6.5 13 190 M M 10 1 18 190
17 36 14 25 -8 40 0 0.06 T 4 19.3 29 310 M M 9 18 39 300
18 26 9 18 -15 47 0 T T 3 15.8 28 300 M M 5 8 35 290
19 37 15 26 -7 39 0 0.00 0.0 3 12.6 24 250 M M 0 31 240
20 43 27 35 1 30 0 0.00 0.0 3 8.7 23 40 M M 1 29 30
21 36 25 31 -3 34 0 0.00 0.0 2 13.8 23 50 M M 7 31 50
22 44 25 35 0 30 0 0.04 0.0 2 8.9 16 290 M M 9 1 24 200
23 43 25 34 -1 31 0 0.00 0.0 1 6.4 14 10 M M 2 21 350
24 40 22 31 -4 34 0 0.00 0.0 1 7.5 13 20 M M 0 1 19 110
25 39 18 29 -7 36 0 0.66 10.0 10 11.5 22 330 M M 6 128 31 320
26 46 12 29 -7 36 0 0.00 0.0 5 4.9 18 40 M M 1 23 40
27 43 20 32 -5 33 0 0.00 0.0 5 5.1 18 40 M M 0 23 50
28 39 23 31 -6 34 0 0.00 0.0 3 6.9 14 210 M M 1 17 210
29 33 17 25 -12 40 0 T T 1 11.9 23 310 M M 2 32 290
30 40 11 26 -12 39 0 0.33 0.3 T 5.9 17 140 M M 4 14 21 120
31 39 34 37 -1 28 0 1.10 T 0 17.0 40 40 M M 10 12 53 40
================================================================================
SM 1166 635 1107 0 4.01 25.8 306.5 M 151
================================================================================
AV 37.6 20.5 9.9 FASTST M M 5 MAX(MPH)
MISC ----> 40 40 53 40
================================================================================
NOTES:
# LAST OF SEVERAL OCCURRENCES
COLUMN 17 PEAK WIND IN M.P.H.
PRELIMINARY LOCAL CLIMATOLOGICAL DATA (WS FORM: F-6) , PAGE 2
STATION: GREEN BAY WI
MONTH: MARCH
YEAR: 2023
LATITUDE: 44 28 N
LONGITUDE: 88 8 W
[TEMPERATURE DATA] [PRECIPITATION DATA] SYMBOLS USED IN COLUMN 16
AVERAGE MONTHLY: 29.0 TOTAL FOR MONTH: 4.01 1 = FOG OR MIST
DPTR FM NORMAL: -3.1 DPTR FM NORMAL: 2.05 2 = FOG REDUCING VISIBILITY
HIGHEST: 46 ON 26 GRTST 24HR 1.13 ON 30-31 TO 1/4 MILE OR LESS
LOWEST: 1 ON 15 3 = THUNDER
SNOW, ICE PELLETS, HAIL 4 = ICE PELLETS
TOTAL MONTH: 25.8 INCHES 5 = HAIL
GRTST 24HR 10.0 ON 25-25 6 = FREEZING RAIN OR DRIZZLE
GRTST DEPTH: 15 ON 13 7 = DUSTSTORM OR SANDSTORM:
VSBY 1/2 MILE OR LESS
8 = SMOKE OR HAZE
[NO. OF DAYS WITH] [WEATHER - DAYS WITH] 9 = BLOWING SNOW
X = TORNADO
MAX 32 OR BELOW: 4 0.01 INCH OR MORE: 14
MAX 90 OR ABOVE: 0 0.10 INCH OR MORE: 7
MIN 32 OR BELOW: 29 0.50 INCH OR MORE: 3
MIN 0 OR BELOW: 0 1.00 INCH OR MORE: 1
[HDD (BASE 65) ]
TOTAL THIS MO. 1107 CLEAR (SCALE 0-3) 14
DPTR FM NORMAL 88 PTCLDY (SCALE 4-7) 7
TOTAL FM JUL 1 5998 CLOUDY (SCALE 8-10) 10
DPTR FM NORMAL -531
[CDD (BASE 65) ]
TOTAL THIS MO. 0
DPTR FM NORMAL 0 [PRESSURE DATA]
TOTAL FM JAN 1 0 HIGHEST SLP 30.65 ON 8
DPTR FM NORMAL 0 LOWEST SLP 29.20 ON 31
[REMARKS]
#FINAL-03-23#