000
CXUS53 KGRB 020506
CF6GRB
PRELIMINARY LOCAL CLIMATOLOGICAL DATA (WS FORM: F-6)
STATION: GREEN BAY WI
MONTH: DECEMBER
YEAR: 2022
LATITUDE: 44 28 N
LONGITUDE: 88 8 W
TEMPERATURE IN F: :PCPN: SNOW: WIND :SUNSHINE: SKY :PK WND
================================================================================
1 2 3 4 5 6A 6B 7 8 9 10 11 12 13 14 15 16 17 18
12Z AVG MX 2MIN
DY MAX MIN AVG DEP HDD CDD WTR SNW DPTH SPD SPD DIR MIN PSBL S-S WX SPD DR
================================================================================
1 33 14 24 -6 41 0 0.00 0.0 0 8.9 16 170 M M 2 24 200
2 45 28 37 8 28 0 T 0.0 0 10.4 23 260 M M 5 32 260
3 42 16 29 0 36 0 0.02 T 0 14.8 30 290 M M 2 1 42 290
4 35 16 26 -2 39 0 0.00 0.0 0 10.2 16 210 M M 0 24 210
5 39 28 34 6 31 0 0.00 0.0 0 5.6 13 210 M M 4 20 210
6 34 24 29 1 36 0 0.00 0.0 0 6.8 13 30 M M 8 17 10
7 35 24 30 3 35 0 T T 0 6.1 18 40 M M 10 24 40
8 36 20 28 1 37 0 0.00 0.0 0 4.2 9 360 M M 5 13 10
9 34 25 30 3 35 0 0.00 0.0 0 10.8 20 40 M M 10 25 100
10 35 33 34 8 31 0 0.09 0.2 T 4.9 10 90 M M 10 1 16 110
11 34 30 32 6 33 0 0.00 0.0 0 3.3 9 340 M M 10 12 12 10
12 36 31 34 8 31 0 T T 0 4.5 13 110 M M 10 16 120
13 35 33 34 9 31 0 T T 0 11.5 20 100 M M 10 29 90
14 38 33 36 11 29 0 0.53 T 0 14.6 30 100 M M 10 14 40 110
15 35 31 33 8 32 0 0.67 3.8 4 10.1 18 60 M M 10 16 26 40
16 31 23 27 3 38 0 0.06 1.3 3 9.7 17 200 M M 10 18 26 210
17 26 19 23 -1 42 0 0.01 0.3 4 7.8 20 260 M M 10 1 28 260
18 25 13 19 -5 46 0 T T 4 13.9 21 280 M M 10 26 290
19 20 12 16 -7 49 0 T 0.2 4 4.8 12 280 M M 9 18 16 300
20 24 1 13 -10 52 0 0.06 1.2 5 12.1 21 260 M M 4 1 26 260
21 20 -4 8 -15 57 0 0.03 0.2 4 5.1 10 80 M M 5 1 14 70
22 31 -3 14 -9 51 0 0.26 4.7 6 12.8 24 290 M M 10 18 33 300
23 5 -8 -1 -23 66 0 0.04 0.7 8 21.7 31 270 M M 10 8 43 260
24 9 5 7 -15 58 0 0.00 0.0 7 20.6 32 270 M M 1 8 44 270
25 7 -1 3 -19 62 0 0.00 0.0 6 11.8 21 270 M M 2 26 270
26 18 2 10 -12 55 0 T T 5 5.9 13 340 M M 4 16 320
27 23 1 12 -9 53 0 0.00 0.0 5 9.8 17 200 M M 2 28 180
28 41 23 32 11 33 0 T 0.0 5 9.9 16 200 M M 0 25 190
29 51 38 45 24 20 0 0.00 0.0 4 9.3 15 210 M M 6 12 23 210
30 50 25 38 17 27 0 0.00 0.0 T 10.2 22 250 M M 9 18 31 260
31 32 24 28 8 37 0 0.02 T 0 4.2 9 260 M M 10 146 11 140
================================================================================
SM 959 556 1251 0 1.79 12.6 296.3 M 208
================================================================================
AV 30.9 17.9 9.6 FASTST M M 7 MAX(MPH)
MISC ----> 32 270 44 270
================================================================================
NOTES:
# LAST OF SEVERAL OCCURRENCES
COLUMN 17 PEAK WIND IN M.P.H.
PRELIMINARY LOCAL CLIMATOLOGICAL DATA (WS FORM: F-6) , PAGE 2
STATION: GREEN BAY WI
MONTH: DECEMBER
YEAR: 2022
LATITUDE: 44 28 N
LONGITUDE: 88 8 W
[TEMPERATURE DATA] [PRECIPITATION DATA] SYMBOLS USED IN COLUMN 16
AVERAGE MONTHLY: 24.4 TOTAL FOR MONTH: 1.79 1 = FOG OR MIST
DPTR FM NORMAL: -0.1 DPTR FM NORMAL: 0.04 2 = FOG REDUCING VISIBILITY
HIGHEST: 51 ON 29 GRTST 24HR 1.11 ON 14-15 TO 1/4 MILE OR LESS
LOWEST: -8 ON 23 3 = THUNDER
SNOW, ICE PELLETS, HAIL 4 = ICE PELLETS
TOTAL MONTH: 12.6 INCHES 5 = HAIL
GRTST 24HR 4.7 ON 22-22 6 = FREEZING RAIN OR DRIZZLE
GRTST DEPTH: 8 ON 23 7 = DUSTSTORM OR SANDSTORM:
VSBY 1/2 MILE OR LESS
8 = SMOKE OR HAZE
[NO. OF DAYS WITH] [WEATHER - DAYS WITH] 9 = BLOWING SNOW
X = TORNADO
MAX 32 OR BELOW: 13 0.01 INCH OR MORE: 11
MAX 90 OR ABOVE: 0 0.10 INCH OR MORE: 3
MIN 32 OR BELOW: 27 0.50 INCH OR MORE: 2
MIN 0 OR BELOW: 4 1.00 INCH OR MORE: 0
[HDD (BASE 65) ]
TOTAL THIS MO. 1251 CLEAR (SCALE 0-3) 7
DPTR FM NORMAL -3 PTCLDY (SCALE 4-7) 7
TOTAL FM JUL 1 2596 CLOUDY (SCALE 8-10) 17
DPTR FM NORMAL -237
[CDD (BASE 65) ]
TOTAL THIS MO. 0
DPTR FM NORMAL 0 [PRESSURE DATA]
TOTAL FM JAN 1 702 HIGHEST SLP 30.56 ON 21
DPTR FM NORMAL 194 LOWEST SLP 29.39 ON 15
[REMARKS]
#FINAL-12-22#