000
CXUS53 KGRB 041935
CF6GRB
PRELIMINARY LOCAL CLIMATOLOGICAL DATA (WS FORM: F-6)
STATION: GREEN BAY WI
MONTH: NOVEMBER
YEAR: 2022
LATITUDE: 44 28 N
LONGITUDE: 88 8 W
TEMPERATURE IN F: :PCPN: SNOW: WIND :SUNSHINE: SKY :PK WND
================================================================================
1 2 3 4 5 6A 6B 7 8 9 10 11 12 13 14 15 16 17 18
12Z AVG MX 2MIN
DY MAX MIN AVG DEP HDD CDD WTR SNW DPTH SPD SPD DIR MIN PSBL S-S WX SPD DR
================================================================================
1 71 37 54 12 11 0 0.00 0.0 0 5.4 13 200 M M 0 18 16 200
2 75 43 59 17 6 0 0.00 0.0 0 7.5 14 180 M M 0 8 20 170
3 71 49 60 18 5 0 0.00 0.0 0 12.0 22 210 M M 2 33 190
4 66 46 56 15 9 0 0.91 0.0 0 11.7 22 40 M M 7 1 34 200
5 59 42 51 10 14 0 0.76 0.0 0 15.3 32 210 M M 10 1 52 200
6 56 41 49 9 16 0 0.00 0.0 0 12.2 22 250 M M 0 35 250
7 46 34 40 0 25 0 0.00 0.0 0 10.0 21 260 M M 0 32 250
8 49 36 43 4 22 0 0.00 0.0 0 8.5 17 120 M M 2 24 170
9 64 46 55 16 10 0 0.00 0.0 0 10.7 20 200 M M 5 28 190
10 72 51 62 23 3 0 0.37 0.0 0 13.5 24 190 M M 6 1 40 200
11 51 31 41 3 24 0 0.06 0.0 0 13.5 23 280 M M 9 30 290
12 35 28 32 -6 33 0 T T 0 10.3 20 350 M M 7 26 360
13 35 27 31 -6 34 0 0.00 0.0 0 6.9 16 300 M M 8 20 300
14 36 22 29 -8 36 0 T T 0 2.6 9 160 M M 5 12 140
15 34 31 33 -3 32 0 0.22 1.1 0 5.5 13 80 M M M 1 15 80
16 34 26 30 -6 35 0 0.07 0.7 T 7.4 16 10 M M 7 1 21 10
17 30 23 27 -9 38 0 0.01 0.1 T 11.1 17 270 M M 9 18 23 290
18 26 17 22 -13 43 0 0.02 1.0 1 15.3 24 270 M M 9 18 32 270
19 24 13 19 -16 46 0 T T T 14.5 25 290 M M 6 1 33 290
20 30 10 20 -14 45 0 T T T 9.5 16 210 M M 2 25 210
21 37 17 27 -7 38 0 0.00 0.0 T 9.3 21 270 M M 0 28 260
22 36 16 26 -7 39 0 0.00 0.0 T 3.6 13 260 M M 3 1 16 260
23 48 19 34 1 31 0 0.00 0.0 0 1.0 6 40 M M 0 18 7 250
24 48 30 39 7 26 0 0.00 0.0 0 6.5 18 280 M M 5 1 28 280
25 48 31 40 8 25 0 0.00 0.0 0 8.4 16 280 M M 0 20 270
26 52 36 44 12 21 0 0.00 0.0 0 9.9 18 200 M M 0 27 190
27 42 28 35 4 30 0 0.00 0.0 0 10.0 23 10 M M 2 33 30
28 41 23 32 1 33 0 0.00 0.0 0 6.2 15 170 M M 4 25 190
29 49 32 41 11 24 0 0.08 0.0 0 14.3 28 270 M M 10 18 38 280
30 32 18 25 -5 40 0 T T 0 20.8 33 270 M M 8 47 260
================================================================================
SM 1397 903 794 0 2.50 2.9 293.4 M 126
================================================================================
AV 46.6 30.1 9.8 FASTST M M 4 MAX(MPH)
MISC ----> 33 270 52 200
================================================================================
NOTES:
# LAST OF SEVERAL OCCURRENCES
COLUMN 17 PEAK WIND IN M.P.H.
PRELIMINARY LOCAL CLIMATOLOGICAL DATA (WS FORM: F-6) , PAGE 2
STATION: GREEN BAY WI
MONTH: NOVEMBER
YEAR: 2022
LATITUDE: 44 28 N
LONGITUDE: 88 8 W
[TEMPERATURE DATA] [PRECIPITATION DATA] SYMBOLS USED IN COLUMN 16
AVERAGE MONTHLY: 38.3 TOTAL FOR MONTH: 2.50 1 = FOG OR MIST
DPTR FM NORMAL: 2.1 DPTR FM NORMAL: 0.52 2 = FOG REDUCING VISIBILITY
HIGHEST: 75 ON 2 GRTST 24HR 1.52 ON 4- 5 TO 1/4 MILE OR LESS
LOWEST: 10 ON 20 3 = THUNDER
SNOW, ICE PELLETS, HAIL 4 = ICE PELLETS
TOTAL MONTH: 2.9 INCHES 5 = HAIL
GRTST 24HR 1.1 ON 15-15 6 = FREEZING RAIN OR DRIZZLE
GRTST DEPTH: 1 ON 18 7 = DUSTSTORM OR SANDSTORM:
VSBY 1/2 MILE OR LESS
8 = SMOKE OR HAZE
[NO. OF DAYS WITH] [WEATHER - DAYS WITH] 9 = BLOWING SNOW
X = TORNADO
MAX 32 OR BELOW: 5 0.01 INCH OR MORE: 9
MAX 90 OR ABOVE: 0 0.10 INCH OR MORE: 4
MIN 32 OR BELOW: 19 0.50 INCH OR MORE: 2
MIN 0 OR BELOW: 0 1.00 INCH OR MORE: 0
[HDD (BASE 65) ]
TOTAL THIS MO. 794 CLEAR (SCALE 0-3) 12
DPTR FM NORMAL -70 PTCLDY (SCALE 4-7) 11
TOTAL FM JUL 1 1345 CLOUDY (SCALE 8-10) 7
DPTR FM NORMAL -236
[CDD (BASE 65) ]
TOTAL THIS MO. 0
DPTR FM NORMAL 0 [PRESSURE DATA]
TOTAL FM JAN 1 702 HIGHEST SLP 30.74 ON 8
DPTR FM NORMAL 194 LOWEST SLP 29.20 ON 5
[REMARKS]
#FINAL-11-22#