000
CXUS53 KGRB 161453
CF6GRB
PRELIMINARY LOCAL CLIMATOLOGICAL DATA (WS FORM: F-6)
STATION: GREEN BAY WI
MONTH: FEBRUARY
YEAR: 2024
LATITUDE: 44 28 N
LONGITUDE: 88 8 W
TEMPERATURE IN F: :PCPN: SNOW: WIND :SUNSHINE: SKY :PK WND
================================================================================
1 2 3 4 5 6A 6B 7 8 9 10 11 12 13 14 15 16 17 18
12Z AVG MX 2MIN
DY MAX MIN AVG DEP HDD CDD WTR SNW DPTH SPD SPD DIR MIN PSBL S-S WX SPD DR
================================================================================
1 46 30 38 20 27 0 0.00 0.0 1 9.2 25 40 M M 5 12 31 40
2 33 30 32 14 33 0 0.00 0.0 T 7.9 18 40 M M 10 25 40
3 42 29 36 18 29 0 0.00 0.0 T 3.2 10 60 M M 7 12 11 60
4 42 26 34 16 31 0 0.00 0.0 T 3.0 15 40 M M 8 128 18 40
5 32 28 30 12 35 0 0.00 0.0 0 5.4 13 40 M M 10 12 17 50
6 39 28 34 15 31 0 0.00 0.0 0 5.9 9 170 M M 7 128 13 180
7 46 31 39 20 26 0 0.00 0.0 0 5.8 12 110 M M 0 18 15 110
8 53 35 44 25 21 0 0.03 0.0 0 11.3 18 170 M M 3 26 170
9 50 35 43 24 22 0 0.00 0.0 0 14.9 26 240 M M 10 37 250
10 35 29 32 12 33 0 0.00 0.0 0 14.0 22 280 M M 9 29 290
11 37 28 33 13 32 0 0.00 0.0 0 7.4 17 260 M M 6 22 260
12 47 28 38 18 27 0 0.00 0.0 0 8.2 21 280 M M 4 28 260
13 35 24 30 10 35 0 0.02 0.2 0 5.7 16 320 M M 9 1 21 320
14 41 24 33 12 32 0 0.02 0.0 0 6.3 21 220 M M 10 32 220
15 37 23 30 9 35 0 0.20 1.8 T 11.9 26 300 M M 8 1 34 280
16 28 12 20 -1 45 0 0.00 0.0 0 11.4 22 320 M M 2 29 330
17 30 8 19 -3 46 0 0.00 0.0 T 13.5 23 230 M M 1 38 230
18 37 20 29 7 36 0 0.00 0.0 T 9.0 23 290 M M 2 31 290
19 41 16 29 7 36 0 0.00 0.0 0 3.6 13 200 M M 0 1 17 220
20 50 23 37 15 28 0 0.00 0.0 0 5.8 18 150 M M 1 12 23 160
21 56 30 43 20 22 0 0.00 0.0 0 1.9 9 310 M M 1 12 310
22 57 26 42 19 23 0 0.00 0.0 0 5.0 13 280 M M 0 22 260
23 39 14 27 3 38 0 T T 0 14.3 25 50 M M 5 31 60
24 31 10 21 -3 44 0 0.00 0.0 0 9.9 20 190 M M 2 29 190
25 54 30 42 18 23 0 0.00 0.0 0 9.9 20 270 M M 1 26 280
26 51 24 38 13 27 0 0.00 0.0 0 7.7 24 160 M M 0 1 31 160
27 70 29 50 25 15 0 T T T 8.6 25 330 M M 1 18 36 300
28 36 11 24 -2 41 0 0.20 2.5 3 16.2 28 300 M M 4 18 36 290
29 35 6 21 -5 44 0 0.00 0.0 2 5.7 14 130 M M 1 18 170
================================================================================
SM 1230 687 917 0 0.47 4.5 242.6 M 127
================================================================================
AV 42.4 23.7 8.4 FASTST M M 4 MAX(MPH)
MISC ----> 28 300 38 230
================================================================================
NOTES:
# LAST OF SEVERAL OCCURRENCES
COLUMN 17 PEAK WIND IN M.P.H.
PRELIMINARY LOCAL CLIMATOLOGICAL DATA (WS FORM: F-6) , PAGE 2
STATION: GREEN BAY WI
MONTH: FEBRUARY
YEAR: 2024
LATITUDE: 44 28 N
LONGITUDE: 88 8 W
[TEMPERATURE DATA] [PRECIPITATION DATA] SYMBOLS USED IN COLUMN 16
AVERAGE MONTHLY: 33.1 TOTAL FOR MONTH: 0.47 1 = FOG OR MIST
DPTR FM NORMAL: 12.0 DPTR FM NORMAL: -0.73 2 = FOG REDUCING VISIBILITY
HIGHEST: 70 ON 27 GRTST 24HR 0.21 ON 14-15 TO 1/4 MILE OR LESS
LOWEST: 6 ON 29 3 = THUNDER
SNOW, ICE PELLETS, HAIL 4 = ICE PELLETS
TOTAL MONTH: 4.5 INCHES 5 = HAIL
GRTST 24HR 2.5 ON 28-28 6 = FREEZING RAIN OR DRIZZLE
GRTST DEPTH: 3 ON 28 7 = DUSTSTORM OR SANDSTORM:
VSBY 1/2 MILE OR LESS
8 = SMOKE OR HAZE
[NO. OF DAYS WITH] [WEATHER - DAYS WITH] 9 = BLOWING SNOW
X = TORNADO
MAX 32 OR BELOW: 4 0.01 INCH OR MORE: 5
MAX 90 OR ABOVE: 0 0.10 INCH OR MORE: 2
MIN 32 OR BELOW: 27 0.50 INCH OR MORE: 0
MIN 0 OR BELOW: 0 1.00 INCH OR MORE: 0
[HDD (BASE 65) ]
TOTAL THIS MO. 917 CLEAR (SCALE 0-3) 14
DPTR FM NORMAL -312 PTCLDY (SCALE 4-7) 8
TOTAL FM JUL 1 4483 CLOUDY (SCALE 8-10) 7
DPTR FM NORMAL -1106
[CDD (BASE 65) ]
TOTAL THIS MO. 0
DPTR FM NORMAL 0 [PRESSURE DATA]
TOTAL FM JAN 1 0 HIGHEST SLP 30.47 ON 29
DPTR FM NORMAL 0 LOWEST SLP 29.20 ON 27
[REMARKS]
#FINAL-02-24#