000
CXUS53 KGRB 011001
CF6GRB
PRELIMINARY LOCAL CLIMATOLOGICAL DATA (WS FORM: F-6)
STATION: GREEN BAY WI
MONTH: AUGUST
YEAR: 2022
LATITUDE: 44 28 N
LONGITUDE: 88 8 W
TEMPERATURE IN F: :PCPN: SNOW: WIND :SUNSHINE: SKY :PK WND
================================================================================
1 2 3 4 5 6A 6B 7 8 9 10 11 12 13 14 15 16 17 18
12Z AVG MX 2MIN
DY MAX MIN AVG DEP HDD CDD WTR SNW DPTH SPD SPD DIR MIN PSBL S-S WX SPD DR
================================================================================
1 84 66 75 5 0 10 0.00 0.0 0 9.0 20 290 M M 6 25 300
2 83 58 71 1 0 6 T 0.0 0 8.0 20 150 M M 0 12 26 140
3 86 68 77 7 0 12 0.06 0.0 0 8.0 20 200 M M 2 13 28 210
4 82 59 71 1 0 6 0.00 0.0 0 6.9 16 40 M M 0 22 60
5 85 57 71 1 0 6 0.00 0.0 0 6.0 14 140 M M 1 18 130
6 89 69 79 9 0 14 0.87 0.0 0 6.6 24 210 M M 2 138 37 210
7 77 68 73 3 0 8 1.30 0.0 0 7.2 15 40 M M 10 138 24 240
8 74 56 65 -5 0 0 0.15 0.0 0 7.2 23 360 M M 8 18 38 340
9 80 52 66 -4 0 1 0.00 0.0 0 2.9 8 190 M M 2 12 14 270
10 88 57 73 3 0 8 0.00 0.0 0 6.5 20 30 M M 1 1 24 20
11 77 55 66 -3 0 1 0.00 0.0 0 5.1 13 70 M M 0 1 19 50
12 75 52 64 -5 1 0 T 0.0 0 3.6 10 150 M M 2 1 13 160
13 68 63 66 -3 0 1 1.05 0.0 0 10.9 20 150 M M 10 3 28 140
14 76 64 70 1 0 5 T 0.0 0 7.6 15 50 M M 10 19 20
15 79 58 69 0 0 4 0.00 0.0 0 6.2 15 60 M M 5 20 70
16 81 58 70 1 0 5 0.00 0.0 0 5.7 14 40 M M 2 1 18 50
17 84 55 70 1 0 5 0.00 0.0 0 2.3 8 50 M M 1 1 12 20
18 83 59 71 3 0 6 T 0.0 0 5.5 15 250 M M 3 26 220
19 81 65 73 5 0 8 T 0.0 0 6.6 18 160 M M 4 23 160
20 79 64 72 4 0 7 0.06 0.0 0 4.4 10 100 M M 6 1 16 190
21 79 59 69 1 0 4 0.00 0.0 0 5.1 13 20 M M 7 18 16 10
22 83 57 70 2 0 5 0.00 0.0 0 3.3 10 340 M M 1 1 15 320
23 87 58 73 5 0 8 0.00 0.0 0 2.7 8 270 M M 0 10 300
24 86 62 74 6 0 9 0.00 0.0 0 4.1 13 210 M M 1 17 200
25 77 62 70 3 0 5 0.11 0.0 0 7.1 15 10 M M 9 1 20 20
26 79 56 68 1 0 3 0.00 0.0 0 3.7 9 20 M M 1 13 10
27 75 54 65 -2 0 0 0.19 0.0 0 4.7 22 200 M M 2 128 32 190
28 82 63 73 6 0 8 0.63 0.0 0 7.3 16 180 M M 5 138 24 170
29 86 65 76 10 0 11 0.02 0.0 0 9.2 20 290 M M 3 13 29 280
30 79 61 70 4 0 5 0.00 0.0 0 11.2 22 290 M M 2 32 300
31 85 60 73 7 0 8 0.00 0.0 0 8.8 18 310 M M 1 28 280
================================================================================
SM 2509 1860 1 179 4.44 0.0 193.4 M 107
================================================================================
AV 80.9 60.0 6.2 FASTST M M 3 MAX(MPH)
MISC ----> 24 210 38 340
================================================================================
NOTES:
# LAST OF SEVERAL OCCURRENCES
COLUMN 17 PEAK WIND IN M.P.H.
PRELIMINARY LOCAL CLIMATOLOGICAL DATA (WS FORM: F-6) , PAGE 2
STATION: GREEN BAY WI
MONTH: AUGUST
YEAR: 2022
LATITUDE: 44 28 N
LONGITUDE: 88 8 W
[TEMPERATURE DATA] [PRECIPITATION DATA] SYMBOLS USED IN COLUMN 16
AVERAGE MONTHLY: 70.5 TOTAL FOR MONTH: 4.44 1 = FOG OR MIST
DPTR FM NORMAL: 1.9 DPTR FM NORMAL: 1.05 2 = FOG REDUCING VISIBILITY
HIGHEST: 89 ON 6 GRTST 24HR 2.16 ON 6- 7 TO 1/4 MILE OR LESS
LOWEST: 52 ON 12, 9 3 = THUNDER
SNOW, ICE PELLETS, HAIL 4 = ICE PELLETS
TOTAL MONTH: 0.0 INCH 5 = HAIL
GRTST 24HR 0.0 6 = FREEZING RAIN OR DRIZZLE
GRTST DEPTH: 0 7 = DUSTSTORM OR SANDSTORM:
VSBY 1/2 MILE OR LESS
8 = SMOKE OR HAZE
[NO. OF DAYS WITH] [WEATHER - DAYS WITH] 9 = BLOWING SNOW
X = TORNADO
MAX 32 OR BELOW: 0 0.01 INCH OR MORE: 10
MAX 90 OR ABOVE: 0 0.10 INCH OR MORE: 7
MIN 32 OR BELOW: 0 0.50 INCH OR MORE: 4
MIN 0 OR BELOW: 0 1.00 INCH OR MORE: 2
[HDD (BASE 65) ]
TOTAL THIS MO. 1 CLEAR (SCALE 0-3) 20
DPTR FM NORMAL -26 PTCLDY (SCALE 4-7) 7
TOTAL FM JUL 1 1 CLOUDY (SCALE 8-10) 4
DPTR FM NORMAL -38
[CDD (BASE 65) ]
TOTAL THIS MO. 179
DPTR FM NORMAL 42 [PRESSURE DATA]
TOTAL FM JAN 1 632 HIGHEST SLP 30.29 ON 12
DPTR FM NORMAL 175 LOWEST SLP 29.61 ON 3
[REMARKS]
#FINAL-08-22#