000
CXUS53 KGRB 131102
CF6GRB
PRELIMINARY LOCAL CLIMATOLOGICAL DATA (WS FORM: F-6)
STATION: GREEN BAY WI
MONTH: JULY
YEAR: 2022
LATITUDE: 44 28 N
LONGITUDE: 88 8 W
TEMPERATURE IN F: :PCPN: SNOW: WIND :SUNSHINE: SKY :PK WND
================================================================================
1 2 3 4 5 6A 6B 7 8 9 10 11 12 13 14 15 16 17 18
12Z AVG MX 2MIN
DY MAX MIN AVG DEP HDD CDD WTR SNW DPTH SPD SPD DIR MIN PSBL S-S WX SPD DR
================================================================================
1 80 66 73 3 0 8 0.00 0.0 0 7.3 15 260 M M 1 21 270
2 84 56 70 0 0 5 T 0.0 0 5.4 16 270 M M 2 22 270
3 85 56 71 1 0 6 0.00 0.0 0 3.4 10 130 M M 2 15 140
4 82 65 74 4 0 9 1.08 0.0 0 5.2 20 250 M M 5 18 29 260
5 85 68 77 7 0 12 0.00 0.0 0 5.4 20 40 M M 7 1 26 50
6 76 63 70 0 0 5 T 0.0 0 10.2 20 30 M M 8 27 50
7 86 61 74 4 0 9 0.00 0.0 0 4.3 20 40 M M 3 24 40
8 75 57 66 -4 0 1 1.18 0.0 0 11.6 21 40 M M 7 13 28 30
9 81 55 68 -3 0 3 0.00 0.0 0 3.9 9 360 M M 1 13 140
10 83 54 69 -2 0 4 0.12 0.0 0 5.8 16 240 M M 1 13 27 220
11 85 65 75 4 0 10 0.04 0.0 0 9.2 18 270 M M 4 3 25 270
12 83 64 74 3 0 9 0.43 0.0 0 10.6 43 320 M M 3 38 62 320
13 76 60 68 -3 0 3 0.00 0.0 0 6.7 17 50 M M 5 1 23 40
14 79 54 67 -4 0 2 0.00 0.0 0 4.8 12 110 M M 0 15 70
15 71 58 65 -6 0 0 0.31 0.0 0 4.2 12 300 M M 6 12 15 290
16 83 57 70 -1 0 5 0.00 0.0 0 1.7 9 150 M M 4 128 13 80
17 86 59 73 2 0 8 0.00 0.0 0 2.4 12 50 M M 0 1 20 60
18 91 62 77 6 0 12 0.00 0.0 0 5.9 16 270 M M 0 18 22 270
19 87 71 79 8 0 14 0.00 0.0 0 8.8 21 200 M M 0 32 210
20 82 72 77 6 0 12 0.00 0.0 0 12.8 25 280 M M 4 40 260
21 87 66 77 6 0 12 0.00 0.0 0 10.1 20 280 M M 0 28 290
22 90 59 75 4 0 10 0.00 0.0 0 8.2 20 270 M M 1 30 240
23 92 67 80 9 0 15 0.75 0.0 0 5.4 28 210 M M 2 13 49 250
24 82 62 72 1 0 7 1.35 0.0 0 9.6 20 290 M M 7 13 31 280
25 79 55 67 -4 0 2 0.00 0.0 0 6.9 16 290 M M 1 23 300
26 82 57 70 -1 0 5 0.00 0.0 0 4.2 10 170 M M 1 16 200
27 84 67 76 5 0 11 0.03 0.0 0 9.0 17 270 M M 5 25 260
28 78 60 69 -1 0 4 0.00 0.0 0 10.5 18 290 M M 3 27 300
29 80 55 68 -2 0 3 0.00 0.0 0 5.8 14 320 M M 2 22 290
30 84 56 70 0 0 5 0.00 0.0 0 5.8 13 190 M M 1 19 190
31 85 58 72 2 0 7 0.00 0.0 0 6.9 17 200 M M 2 1 29 180
================================================================================
SM 2563 1885 0 218 5.29 0.0 212.0 M 88
================================================================================
AV 82.7 60.8 6.8 FASTST M M 3 MAX(MPH)
MISC ----> 43 320 62 320
================================================================================
NOTES:
# LAST OF SEVERAL OCCURRENCES
COLUMN 17 PEAK WIND IN M.P.H.
PRELIMINARY LOCAL CLIMATOLOGICAL DATA (WS FORM: F-6) , PAGE 2
STATION: GREEN BAY WI
MONTH: JULY
YEAR: 2022
LATITUDE: 44 28 N
LONGITUDE: 88 8 W
[TEMPERATURE DATA] [PRECIPITATION DATA] SYMBOLS USED IN COLUMN 16
AVERAGE MONTHLY: 71.7 TOTAL FOR MONTH: 5.29 1 = FOG OR MIST
DPTR FM NORMAL: 1.2 DPTR FM NORMAL: 1.67 2 = FOG REDUCING VISIBILITY
HIGHEST: 92 ON 23 GRTST 24HR 2.10 ON 23-24 TO 1/4 MILE OR LESS
LOWEST: 54 ON 14,10 3 = THUNDER
SNOW, ICE PELLETS, HAIL 4 = ICE PELLETS
TOTAL MONTH: 0.0 INCH 5 = HAIL
GRTST 24HR 0.0 6 = FREEZING RAIN OR DRIZZLE
GRTST DEPTH: 0 7 = DUSTSTORM OR SANDSTORM:
VSBY 1/2 MILE OR LESS
8 = SMOKE OR HAZE
[NO. OF DAYS WITH] [WEATHER - DAYS WITH] 9 = BLOWING SNOW
X = TORNADO
MAX 32 OR BELOW: 0 0.01 INCH OR MORE: 9
MAX 90 OR ABOVE: 3 0.10 INCH OR MORE: 7
MIN 32 OR BELOW: 0 0.50 INCH OR MORE: 4
MIN 0 OR BELOW: 0 1.00 INCH OR MORE: 3
[HDD (BASE 65) ]
TOTAL THIS MO. 0 CLEAR (SCALE 0-3) 19
DPTR FM NORMAL -14 PTCLDY (SCALE 4-7) 12
TOTAL FM JUL 1 0 CLOUDY (SCALE 8-10) 0
DPTR FM NORMAL -4
[CDD (BASE 65) ]
TOTAL THIS MO. 218
DPTR FM NORMAL 32 [PRESSURE DATA]
TOTAL FM JAN 1 453 HIGHEST SLP 30.28 ON 9
DPTR FM NORMAL 133 LOWEST SLP 29.43 ON 20
[REMARKS]
#FINAL-07-22#