000
CXUS53 KGRB 241813
CF6GRB
PRELIMINARY LOCAL CLIMATOLOGICAL DATA (WS FORM: F-6)
STATION: GREEN BAY WI
MONTH: APRIL
YEAR: 2022
LATITUDE: 44 28 N
LONGITUDE: 88 8 W
TEMPERATURE IN F: :PCPN: SNOW: WIND :SUNSHINE: SKY :PK WND
================================================================================
1 2 3 4 5 6A 6B 7 8 9 10 11 12 13 14 15 16 17 18
12Z AVG MX 2MIN
DY MAX MIN AVG DEP HDD CDD WTR SNW DPTH SPD SPD DIR MIN PSBL S-S WX SPD DR
================================================================================
1 44 29 37 -1 28 0 T T T 8.4 16 330 M M 4 21 320
2 40 33 37 -2 28 0 0.05 0.2 0 6.7 13 280 M M 9 1 17 280
3 48 33 41 2 24 0 0.02 T 0 6.7 14 150 M M 8 17 140
4 39 33 36 -4 29 0 0.29 0.6 0 6.2 13 310 M M 10 1 17 310
5 42 34 38 -2 27 0 0.14 0.0 0 7.8 17 150 M M 10 1 26 100
6 53 41 47 7 18 0 0.56 0.0 0 12.3 25 200 M M 9 1 42 190
7 41 37 39 -2 26 0 0.03 0.0 0 7.9 13 230 M M 10 1 19 220
8 38 31 35 -6 30 0 0.03 0.3 T 12.5 22 330 M M 10 18 29 330
9 50 31 41 -1 24 0 T T T 8.2 16 320 M M 6 23 310
10 54 29 42 0 23 0 T 0.0 0 11.1 29 140 M M 1 37 140
11 60 37 49 7 16 0 0.00 0.0 0 11.8 29 270 M M 1 40 260
12 60 33 47 4 18 0 0.45 T 0 9.0 23 130 M M 4 135 30 110
13 51 35 43 0 22 0 0.68 T 0 10.5 26 290 M M 10 18 37 290
14 40 34 37 -7 28 0 T T 0 19.2 31 250 M M 5 1 48 240
15 39 30 35 -9 30 0 T T 0 16.1 33 260 M M 5 43 260
16 37 27 32 -12 33 0 0.00 0.0 0 12.4 21 300 M M 9 30 300
17 43 23 33 -12 32 0 0.00 0.0 0 7.9 14 130 M M 3 19 140
18 37 31 34 -11 31 0 0.19 1.1 0 6.7 15 290 M M 10 1 22 290
19 49 32 41 -5 24 0 T T 0 8.1 17 310 M M 4 25 340
20 49 34 42 -4 23 0 0.37 0.0 0 13.8 26 150 M M 9 1 36 140
21 60 42 51 5 14 0 0.01 0.0 0 12.7 30 270 M M 4 1 40 280
22 51 36 44 -3 21 0 0.02 0.0 0 10.9 20 140 M M 5 18 29 150
23 76 48 62 15 3 0 0.00 0.0 0 10.9 21 150 M M 2 29 130
24 72 52 62 14 3 0 T 0.0 0 17.7 29 200 M M 4 51 210
25 52 40 46 -2 19 0 T 0.0 0 13.7 22 260 M M 9 29 250
26 40 31 36 -13 29 0 0.01 T 0 11.6 21 290 M M 9 18 27 290
27 45 28 37 -12 28 0 0.00 0.0 0 10.2 17 70 M M 2 23 50
28 53 31 42 -7 23 0 0.00 0.0 0 9.2 17 120 M M 5 23 130
29 61 40 51 1 14 0 0.00 0.0 0 11.3 23 160 M M 4 29 150
30 54 47 51 1 14 0 0.25 0.0 0 15.8 26 120 M M 9 3 41 120
================================================================================
SM 1478 1042 682 0 3.10 2.2 327.3 M 190
================================================================================
AV 49.3 34.7 10.9 FASTST M M 6 MAX(MPH)
MISC ----> 33 260 51 210
================================================================================
NOTES:
# LAST OF SEVERAL OCCURRENCES
COLUMN 17 PEAK WIND IN M.P.H.
PRELIMINARY LOCAL CLIMATOLOGICAL DATA (WS FORM: F-6) , PAGE 2
STATION: GREEN BAY WI
MONTH: APRIL
YEAR: 2022
LATITUDE: 44 28 N
LONGITUDE: 88 8 W
[TEMPERATURE DATA] [PRECIPITATION DATA] SYMBOLS USED IN COLUMN 16
AVERAGE MONTHLY: 42.0 TOTAL FOR MONTH: 3.10 1 = FOG OR MIST
DPTR FM NORMAL: -2.3 DPTR FM NORMAL: 0.10 2 = FOG REDUCING VISIBILITY
HIGHEST: 76 ON 23 GRTST 24HR 0.70 ON 5- 6 TO 1/4 MILE OR LESS
LOWEST: 23 ON 17 3 = THUNDER
SNOW, ICE PELLETS, HAIL 4 = ICE PELLETS
TOTAL MONTH: 3.5 INCHES 5 = HAIL
GRTST 24HR 1.1 ON 18-18 6 = FREEZING RAIN OR DRIZZLE
GRTST DEPTH: T 7 = DUSTSTORM OR SANDSTORM:
VSBY 1/2 MILE OR LESS
8 = SMOKE OR HAZE
[NO. OF DAYS WITH] [WEATHER - DAYS WITH] 9 = BLOWING SNOW
X = TORNADO
MAX 32 OR BELOW: 0 0.01 INCH OR MORE: 15
MAX 90 OR ABOVE: 0 0.10 INCH OR MORE: 8
MIN 32 OR BELOW: 12 0.50 INCH OR MORE: 2
MIN 0 OR BELOW: 0 1.00 INCH OR MORE: 0
[HDD (BASE 65) ]
TOTAL THIS MO. 682 CLEAR (SCALE 0-3) 4
DPTR FM NORMAL 60 PTCLDY (SCALE 4-7) 13
TOTAL FM JUL 1 6931 CLOUDY (SCALE 8-10) 13
DPTR FM NORMAL -220
[CDD (BASE 65) ]
TOTAL THIS MO. 0
DPTR FM NORMAL -1 [PRESSURE DATA]
TOTAL FM JAN 1 0 HIGHEST SLP 30.51 ON 22
DPTR FM NORMAL -1 LOWEST SLP 29.33 ON 6
[REMARKS]
#FINAL-04-22#