000
CXUS53 KGRB 071157
CF6GRB
PRELIMINARY LOCAL CLIMATOLOGICAL DATA (WS FORM: F-6)
STATION: GREEN BAY WI
MONTH: APRIL
YEAR: 2021
LATITUDE: 44 28 N
LONGITUDE: 88 8 W
TEMPERATURE IN F: :PCPN: SNOW: WIND :SUNSHINE: SKY :PK WND
================================================================================
1 2 3 4 5 6A 6B 7 8 9 10 11 12 13 14 15 16 17 18
12Z AVG MX 2MIN
DY MAX MIN AVG DEP HDD CDD WTR SNW DPTH SPD SPD DIR MIN PSBL S-S WX SPD DR
================================================================================
1 41 21 31 -7 34 0 0.00 0.0 0 7.8 16 20 M M 0 24 20
2 49 22 36 -3 29 0 0.00 0.0 0 9.5 22 210 M M 0 31 220
3 69 36 53 14 12 0 0.00 0.0 0 7.2 17 50 M M 0 22 50
4 66 32 49 9 16 0 0.00 0.0 0 8.7 20 130 M M 0 27 140
5 77 45 61 21 4 0 T 0.0 0 9.3 20 190 M M 1 138 25 200
6 79 52 66 26 0 1 0.07 0.0 0 7.2 16 210 M M 2 3 23 230
7 76 46 61 20 4 0 0.11 0.0 0 9.1 24 150 M M 3 138 29 150
8 66 49 58 17 7 0 0.06 0.0 0 10.5 23 160 M M 8 1 29 160
9 57 47 52 10 13 0 0.21 0.0 0 9.1 16 170 M M 9 1 24 210
10 56 48 52 10 13 0 0.24 0.0 0 11.1 33 30 M M 9 1 48 30
11 57 46 52 10 13 0 0.36 0.0 0 9.7 35 40 M M 9 1 45 40
12 61 43 52 9 13 0 0.02 0.0 0 7.6 25 270 M M 8 1 35 280
13 46 37 42 -1 23 0 0.00 0.0 0 10.1 21 260 M M 9 29 230
14 47 33 40 -4 25 0 0.04 0.1 0 10.5 22 280 M M 10 1 32 250
15 52 36 44 0 21 0 T 0.0 0 10.8 23 340 M M 8 33 330
16 57 33 45 1 20 0 0.00 0.0 0 6.3 15 10 M M 1 19 10
17 58 30 44 -1 21 0 0.00 0.0 0 5.0 13 140 M M 0 17 10
18 61 34 48 3 17 0 0.00 0.0 0 8.0 21 160 M M 5 25 160
19 50 30 40 -6 25 0 0.01 0.0 0 15.4 24 300 M M 9 36 300
20 43 27 35 -11 30 0 0.00 0.0 0 6.5 16 30 M M 6 22 30
21 43 27 35 -11 30 0 0.06 0.5 0 5.6 17 250 M M 8 18 26 260
22 57 27 42 -5 23 0 0.00 0.0 0 7.6 15 160 M M 0 23 200
23 62 34 48 1 17 0 0.00 0.0 0 8.1 18 210 M M 4 26 230
24 60 37 49 1 16 0 0.10 0.0 0 8.4 22 360 M M 10 1 29 350
25 50 30 40 -8 25 0 0.00 0.0 0 9.1 18 130 M M 3 24 120
26 52 37 45 -4 20 0 0.01 T 0 13.4 24 130 M M 9 33 130
27 52 40 46 -3 19 0 0.20 0.0 0 15.2 24 30 M M 5 13 32 40
28 59 41 50 1 15 0 0.20 0.0 0 8.3 20 20 M M 6 13 25 20
29 67 42 55 5 10 0 T 0.0 0 7.6 30 320 M M 5 1 40 310
30 59 39 49 -1 16 0 T 0.0 0 10.6 22 360 M M 3 31 340
================================================================================
SM 1729 1101 531 1 1.69 0.6 273.3 M 150
================================================================================
AV 57.6 36.7 9.1 FASTST M M 5 MAX(MPH)
MISC ----> 35 40 48 30
================================================================================
NOTES:
# LAST OF SEVERAL OCCURRENCES
COLUMN 17 PEAK WIND IN M.P.H.
PRELIMINARY LOCAL CLIMATOLOGICAL DATA (WS FORM: F-6) , PAGE 2
STATION: GREEN BAY WI
MONTH: APRIL
YEAR: 2021
LATITUDE: 44 28 N
LONGITUDE: 88 8 W
[TEMPERATURE DATA] [PRECIPITATION DATA] SYMBOLS USED IN COLUMN 16
AVERAGE MONTHLY: 47.2 TOTAL FOR MONTH: 1.69 1 = FOG OR MIST
DPTR FM NORMAL: 2.9 DPTR FM NORMAL: -1.31 2 = FOG REDUCING VISIBILITY
HIGHEST: 79 ON 6 GRTST 24HR 0.60 ON 10-11 TO 1/4 MILE OR LESS
LOWEST: 21 ON 1 3 = THUNDER
SNOW, ICE PELLETS, HAIL 4 = ICE PELLETS
TOTAL MONTH: 0.6 INCH 5 = HAIL
GRTST 24HR 0.5 ON 21-21 6 = FREEZING RAIN OR DRIZZLE
GRTST DEPTH: 0 7 = DUSTSTORM OR SANDSTORM:
VSBY 1/2 MILE OR LESS
8 = SMOKE OR HAZE
[NO. OF DAYS WITH] [WEATHER - DAYS WITH] 9 = BLOWING SNOW
X = TORNADO
MAX 32 OR BELOW: 0 0.01 INCH OR MORE: 14
MAX 90 OR ABOVE: 0 0.10 INCH OR MORE: 7
MIN 32 OR BELOW: 9 0.50 INCH OR MORE: 0
MIN 0 OR BELOW: 0 1.00 INCH OR MORE: 0
[HDD (BASE 65) ]
TOTAL THIS MO. 531 CLEAR (SCALE 0-3) 11
DPTR FM NORMAL -91 PTCLDY (SCALE 4-7) 10
TOTAL FM JUL 1 6748 CLOUDY (SCALE 8-10) 9
DPTR FM NORMAL -403
[CDD (BASE 65) ]
TOTAL THIS MO. 1
DPTR FM NORMAL 0 [PRESSURE DATA]
TOTAL FM JAN 1 1 HIGHEST SLP 30.58 ON 1
DPTR FM NORMAL 0 LOWEST SLP 29.34 ON 11
[REMARKS]
#FINAL-04-21#