000
CXUS53 KGRB 081637
CF6GRB
PRELIMINARY LOCAL CLIMATOLOGICAL DATA (WS FORM: F-6)
STATION: GREEN BAY WI
MONTH: MARCH
YEAR: 2021
LATITUDE: 44 28 N
LONGITUDE: 88 8 W
TEMPERATURE IN F: :PCPN: SNOW: WIND :SUNSHINE: SKY :PK WND
================================================================================
1 2 3 4 5 6A 6B 7 8 9 10 11 12 13 14 15 16 17 18
12Z AVG MX 2MIN
DY MAX MIN AVG DEP HDD CDD WTR SNW DPTH SPD SPD DIR MIN PSBL S-S WX SPD DR
================================================================================
1 30 18 24 -2 41 0 0.00 0.0 T 11.0 22 300 M M 1 30 310
2 37 17 27 1 38 0 0.00 0.0 T 13.2 25 210 M M 1 39 210
3 45 26 36 9 29 0 0.00 0.0 0 7.4 15 50 M M 0 18 60
4 34 22 28 1 37 0 0.00 0.0 0 6.8 17 50 M M 0 22 40
5 45 25 35 7 30 0 0.00 0.0 0 4.3 16 50 M M 2 19 60
6 45 22 34 6 31 0 0.00 0.0 0 4.9 13 280 M M 0 20 300
7 42 18 30 2 35 0 0.00 0.0 0 9.7 18 170 M M 1 22 160
8 58 32 45 16 20 0 0.00 0.0 0 7.9 17 270 M M 1 29 210
9 59 29 44 15 21 0 0.00 0.0 0 9.7 23 150 M M 2 30 140
10 60 50 55 25 10 0 0.32 0.0 0 13.3 26 200 M M 9 1 43 210
11 57 36 47 17 18 0 0.00 0.0 0 18.1 37 260 M M 4 50 240
12 41 25 33 2 32 0 0.00 0.0 0 8.5 22 320 M M 0 29 320
13 58 24 41 10 24 0 0.00 0.0 0 9.5 24 270 M M 0 38 250
14 43 27 35 4 30 0 0.00 0.0 0 14.1 23 40 M M 0 30 50
15 36 23 30 -2 35 0 0.17 2.5 3 11.5 18 50 M M 3 1 27 100
16 35 27 31 -1 34 0 0.04 0.6 T 3.7 10 20 M M 10 1 16 60
17 38 24 31 -2 34 0 0.07 0.2 0 3.4 9 20 M M 6 18 12 60
18 44 29 37 4 28 0 0.00 0.0 0 18.8 37 40 M M 0 51 40
19 50 23 37 4 28 0 0.00 0.0 0 5.6 14 30 M M 0 19 30
20 57 26 42 8 23 0 0.00 0.0 0 9.0 18 210 M M 0 25 210
21 63 32 48 14 17 0 0.00 0.0 0 11.6 24 210 M M 0 35 200
22 59 49 54 19 11 0 0.00 0.0 0 8.7 17 200 M M 7 27 210
23 54 40 47 12 18 0 0.20 0.0 0 8.9 20 50 M M 8 1 22 50
24 54 38 46 11 19 0 0.36 0.0 0 14.3 25 270 M M 10 1 37 240
25 42 30 36 0 29 0 T T 0 11.3 29 30 M M 9 38 30
26 42 28 35 -1 30 0 0.00 0.0 0 7.1 21 20 M M 7 26 20
27 42 30 36 -1 29 0 0.06 0.0 0 7.4 13 110 M M 9 12 22 110
28 39 27 33 -4 32 0 0.10 0.4 0 12.4 28 310 M M 7 1 39 310
29 54 25 40 3 25 0 0.00 0.0 0 14.3 27 160 M M 1 39 190
30 60 35 48 10 17 0 0.00 0.0 0 17.5 28 270 M M 2 39 200
31 37 23 30 -8 35 0 T T 0 13.4 24 280 M M 4 33 300
================================================================================
SM 1460 880 840 0 1.32 3.7 317.3 M 104
================================================================================
AV 47.1 28.4 10.2 FASTST M M 3 MAX(MPH)
MISC ----> # 37 260 51 40
================================================================================
NOTES:
# LAST OF SEVERAL OCCURRENCES
COLUMN 17 PEAK WIND IN M.P.H.
PRELIMINARY LOCAL CLIMATOLOGICAL DATA (WS FORM: F-6) , PAGE 2
STATION: GREEN BAY WI
MONTH: MARCH
YEAR: 2021
LATITUDE: 44 28 N
LONGITUDE: 88 8 W
[TEMPERATURE DATA] [PRECIPITATION DATA] SYMBOLS USED IN COLUMN 16
AVERAGE MONTHLY: 37.7 TOTAL FOR MONTH: 1.32 1 = FOG OR MIST
DPTR FM NORMAL: 5.6 DPTR FM NORMAL: -0.64 2 = FOG REDUCING VISIBILITY
HIGHEST: 63 ON 21 GRTST 24HR 0.56 ON 23-24 TO 1/4 MILE OR LESS
LOWEST: 17 ON 2 3 = THUNDER
SNOW, ICE PELLETS, HAIL 4 = ICE PELLETS
TOTAL MONTH: 3.7 INCHES 5 = HAIL
GRTST 24HR 2.5 ON 15-15 6 = FREEZING RAIN OR DRIZZLE
GRTST DEPTH: 3 ON 15 7 = DUSTSTORM OR SANDSTORM:
VSBY 1/2 MILE OR LESS
8 = SMOKE OR HAZE
[NO. OF DAYS WITH] [WEATHER - DAYS WITH] 9 = BLOWING SNOW
X = TORNADO
MAX 32 OR BELOW: 1 0.01 INCH OR MORE: 8
MAX 90 OR ABOVE: 0 0.10 INCH OR MORE: 5
MIN 32 OR BELOW: 25 0.50 INCH OR MORE: 0
MIN 0 OR BELOW: 0 1.00 INCH OR MORE: 0
[HDD (BASE 65) ]
TOTAL THIS MO. 840 CLEAR (SCALE 0-3) 18
DPTR FM NORMAL -179 PTCLDY (SCALE 4-7) 8
TOTAL FM JUL 1 6217 CLOUDY (SCALE 8-10) 5
DPTR FM NORMAL -312
[CDD (BASE 65) ]
TOTAL THIS MO. 0
DPTR FM NORMAL 0 [PRESSURE DATA]
TOTAL FM JAN 1 0 HIGHEST SLP 30.61 ON 19
DPTR FM NORMAL 0 LOWEST SLP 29.48 ON 24
[REMARKS]
#FINAL-03-21#