000
CXUS53 KGRB 011616
CF6GRB
PRELIMINARY LOCAL CLIMATOLOGICAL DATA (WS FORM: F-6)
STATION: GREEN BAY WI
MONTH: NOVEMBER
YEAR: 2020
LATITUDE: 44 28 N
LONGITUDE: 88 8 W
TEMPERATURE IN F: :PCPN: SNOW: WIND :SUNSHINE: SKY :PK WND
================================================================================
1 2 3 4 5 6A 6B 7 8 9 10 11 12 13 14 15 16 17 18
12Z AVG MX 2MIN
DY MAX MIN AVG DEP HDD CDD WTR SNW DPTH SPD SPD DIR MIN PSBL S-S WX SPD DR
================================================================================
1 43 25 34 -7 31 0 T T 0 18.3 33 310 M M 5 47 300
2 54 25 40 -1 25 0 0.00 0.0 0 10.1 23 260 M M 2 31 230
3 67 30 49 9 16 0 0.00 0.0 0 7.7 15 210 M M 0 23 210
4 69 45 57 17 8 0 0.00 0.0 0 8.3 17 210 M M 0 26 210
5 71 44 58 18 7 0 0.00 0.0 0 5.6 10 270 M M 0 8 15 220
6 72 43 58 19 7 0 0.00 0.0 0 8.3 16 200 M M 0 24 220
7 71 55 63 24 2 0 0.00 0.0 0 10.0 21 200 M M 0 27 210
8 75 47 61 23 4 0 0.00 0.0 0 8.7 17 200 M M 2 24 180
9 75 64 70 32 0 5 T 0.0 0 13.8 25 190 M M 3 37 210
10 66 39 53 16 12 0 1.28 0.0 0 13.3 31 230 M M 9 13 48 230
11 43 33 38 1 27 0 T T 0 11.5 35 260 M M 4 48 250
12 51 32 42 6 23 0 0.12 0.2 T 7.2 21 290 M M 3 1 30 280
13 34 24 29 -7 36 0 T T 0 9.8 21 300 M M 6 1 30 280
14 46 24 35 0 30 0 0.12 T 0 14.0 32 150 M M 5 1 50 140
15 48 33 41 6 24 0 0.42 T 0 20.3 35 260 M M 10 1 48 280
16 36 28 32 -2 33 0 0.05 0.5 T 10.1 25 280 M M 6 1 39 290
17 35 22 29 -5 36 0 0.00 0.0 0 9.7 18 310 M M 1 28 310
18 48 24 36 3 29 0 0.00 0.0 0 9.5 22 170 M M 3 32 160
19 57 43 50 17 15 0 0.00 0.0 0 8.4 20 200 M M 0 31 200
20 47 32 40 8 25 0 0.00 0.0 0 10.3 22 310 M M 3 29 300
21 40 24 32 0 33 0 0.00 0.0 0 3.5 8 220 M M 0 13 220
22 40 21 31 0 34 0 0.00 0.0 0 5.0 16 270 M M 5 22 260
23 40 24 32 1 33 0 0.00 0.0 0 5.9 12 310 M M 0 16 330
24 39 24 32 2 33 0 0.38 0.3 0 7.2 16 120 M M 9 1 22 160
25 41 36 39 9 26 0 T 0.0 0 7.7 16 360 M M 10 12 20 30
26 43 36 40 11 25 0 0.00 0.0 0 8.7 14 300 M M 10 1 20 230
27 39 28 34 5 31 0 0.00 0.0 0 9.3 21 280 M M 6 29 280
28 47 27 37 9 28 0 0.00 0.0 0 8.2 15 210 M M 0 21 210
29 46 33 40 12 25 0 0.00 0.0 0 10.8 24 310 M M 4 35 300
30 33 26 30 3 35 0 T T 0 15.5 25 360 M M 10 36 340
================================================================================
SM 1516 991 693 5 2.37 1.0 296.7 M 116
================================================================================
AV 50.5 33.0 9.9 FASTST M M 4 MAX(MPH)
MISC ----> # 35 260 50 140
================================================================================
NOTES:
# LAST OF SEVERAL OCCURRENCES
COLUMN 17 PEAK WIND IN M.P.H.
PRELIMINARY LOCAL CLIMATOLOGICAL DATA (WS FORM: F-6) , PAGE 2
STATION: GREEN BAY WI
MONTH: NOVEMBER
YEAR: 2020
LATITUDE: 44 28 N
LONGITUDE: 88 8 W
[TEMPERATURE DATA] [PRECIPITATION DATA] SYMBOLS USED IN COLUMN 16
AVERAGE MONTHLY: 41.8 TOTAL FOR MONTH: 2.37 1 = FOG OR MIST
DPTR FM NORMAL: 7.2 DPTR FM NORMAL: 0.24 2 = FOG REDUCING VISIBILITY
HIGHEST: 75 ON 9, 8 GRTST 24HR 1.28 ON 10-10 TO 1/4 MILE OR LESS
LOWEST: 21 ON 22 3 = THUNDER
SNOW, ICE PELLETS, HAIL 4 = ICE PELLETS
TOTAL MONTH: 1.0 INCH 5 = HAIL
GRTST 24HR 0.5 ON 16-16 6 = FREEZING RAIN OR DRIZZLE
GRTST DEPTH: T 7 = DUSTSTORM OR SANDSTORM:
VSBY 1/2 MILE OR LESS
8 = SMOKE OR HAZE
[NO. OF DAYS WITH] [WEATHER - DAYS WITH] 9 = BLOWING SNOW
X = TORNADO
MAX 32 OR BELOW: 0 0.01 INCH OR MORE: 6
MAX 90 OR ABOVE: 0 0.10 INCH OR MORE: 5
MIN 32 OR BELOW: 17 0.50 INCH OR MORE: 1
MIN 0 OR BELOW: 0 1.00 INCH OR MORE: 1
[HDD (BASE 65) ]
TOTAL THIS MO. 693 CLEAR (SCALE 0-3) 15
DPTR FM NORMAL -221 PTCLDY (SCALE 4-7) 9
TOTAL FM JUL 1 1546 CLOUDY (SCALE 8-10) 6
DPTR FM NORMAL -197
[CDD (BASE 65) ]
TOTAL THIS MO. 5
DPTR FM NORMAL 5 [PRESSURE DATA]
TOTAL FM JAN 1 673 HIGHEST SLP 30.59 ON 21
DPTR FM NORMAL 275 LOWEST SLP 29.11 ON 15
[REMARKS]
#FINAL-11-20#