000
CXUS53 KGRB 041306
CF6GRB
PRELIMINARY LOCAL CLIMATOLOGICAL DATA (WS FORM: F-6)
STATION: GREEN BAY WI
MONTH: AUGUST
YEAR: 2023
LATITUDE: 44 28 N
LONGITUDE: 88 8 W
TEMPERATURE IN F: :PCPN: SNOW: WIND :SUNSHINE: SKY :PK WND
================================================================================
1 2 3 4 5 6A 6B 7 8 9 10 11 12 13 14 15 16 17 18
12Z AVG MX 2MIN
DY MAX MIN AVG DEP HDD CDD WTR SNW DPTH SPD SPD DIR MIN PSBL S-S WX SPD DR
================================================================================
1 81 55 68 -2 0 3 0.00 0.0 0 2.8 12 150 M M 0 1 13 140
2 87 63 75 5 0 10 0.13 0.0 0 7.8 18 120 M M 4 123 27 230
3 91 64 78 8 0 13 0.04 0.0 0 5.8 16 270 M M 2 13 24 260
4 81 60 71 1 0 6 0.00 0.0 0 6.6 16 50 M M 0 18 23 50
5 81 62 72 2 0 7 0.00 0.0 0 7.9 15 90 M M 1 18 23 130
6 79 59 69 -1 0 4 0.00 0.0 0 6.2 16 30 M M 2 1 25 60
7 82 62 72 2 0 7 0.00 0.0 0 5.5 13 40 M M 0 17 60
8 85 58 72 2 0 7 0.00 0.0 0 2.7 16 360 M M 1 22 360
9 85 57 71 1 0 6 0.38 0.0 0 5.7 24 310 M M 3 13 33 320
10 80 59 70 0 0 5 0.00 0.0 0 6.4 16 290 M M 2 1 24 320
11 82 61 72 3 0 7 0.25 0.0 0 5.0 18 270 M M 4 13 28 280
12 81 61 71 2 0 6 0.00 0.0 0 8.9 18 20 M M 5 26 290
13 73 57 65 -4 0 0 0.00 0.0 0 6.8 15 20 M M 7 20 30
14 65 61 63 -6 2 0 1.22 0.0 0 9.0 24 70 M M 10 1 34 60
15 78 55 67 -2 0 2 0.00 0.0 0 6.9 17 360 M M 1 24 10
16 80 59 70 1 0 5 0.00 0.0 0 11.2 23 210 M M 0 36 180
17 74 57 66 -3 0 1 0.25 0.0 0 10.9 24 300 M M 5 13 37 210
18 76 51 64 -4 1 0 0.00 0.0 0 6.0 10 210 M M 0 18 15 220
19 83 58 71 3 0 6 T 0.0 0 9.6 20 200 M M 2 30 200
20 87 62 75 7 0 10 0.00 0.0 0 5.7 16 50 M M 1 1 21 50
21 76 57 67 -1 0 2 0.00 0.0 0 7.9 16 50 M M 4 20 40
22 77 66 72 4 0 7 T 0.0 0 9.8 18 120 M M 8 24 150
23 93 67 80 12 0 15 0.00 0.0 0 11.1 22 40 M M 6 18 28 40
24 77 67 72 4 0 7 0.00 0.0 0 5.9 14 50 M M 10 18 16 40
25 82 62 72 5 0 7 0.61 0.0 0 5.4 20 40 M M 7 13 27 50
26 69 53 61 -6 4 0 0.00 0.0 0 11.4 18 20 M M 4 29 20
27 75 49 62 -5 3 0 0.00 0.0 0 3.5 8 360 M M 2 1 12 280
28 80 50 65 -2 0 0 0.00 0.0 0 4.3 12 170 M M 1 16 280
29 74 52 63 -3 2 0 0.32 0.0 0 10.9 21 350 M M 4 13 28 360
30 70 48 59 -7 6 0 0.00 0.0 0 5.8 16 30 M M 2 22 20
31 75 45 60 -6 5 0 0.00 0.0 0 3.0 12 140 M M 0 1 15 130
================================================================================
SM 2459 1797 23 143 3.20 0.0 216.4 M 98
================================================================================
AV 79.3 58.0 7.0 FASTST M M 3 MAX(MPH)
MISC ----> # 24 310 37 210
================================================================================
NOTES:
# LAST OF SEVERAL OCCURRENCES
COLUMN 17 PEAK WIND IN M.P.H.
PRELIMINARY LOCAL CLIMATOLOGICAL DATA (WS FORM: F-6) , PAGE 2
STATION: GREEN BAY WI
MONTH: AUGUST
YEAR: 2023
LATITUDE: 44 28 N
LONGITUDE: 88 8 W
[TEMPERATURE DATA] [PRECIPITATION DATA] SYMBOLS USED IN COLUMN 16
AVERAGE MONTHLY: 68.6 TOTAL FOR MONTH: 3.20 1 = FOG OR MIST
DPTR FM NORMAL: 0.0 DPTR FM NORMAL: -0.19 2 = FOG REDUCING VISIBILITY
HIGHEST: 93 ON 23 GRTST 24HR 1.22 ON 14-14 TO 1/4 MILE OR LESS
LOWEST: 45 ON 31 3 = THUNDER
SNOW, ICE PELLETS, HAIL 4 = ICE PELLETS
TOTAL MONTH: 0.0 INCH 5 = HAIL
GRTST 24HR 0.0 6 = FREEZING RAIN OR DRIZZLE
GRTST DEPTH: 0 7 = DUSTSTORM OR SANDSTORM:
VSBY 1/2 MILE OR LESS
8 = SMOKE OR HAZE
[NO. OF DAYS WITH] [WEATHER - DAYS WITH] 9 = BLOWING SNOW
X = TORNADO
MAX 32 OR BELOW: 0 0.01 INCH OR MORE: 8
MAX 90 OR ABOVE: 2 0.10 INCH OR MORE: 7
MIN 32 OR BELOW: 0 0.50 INCH OR MORE: 2
MIN 0 OR BELOW: 0 1.00 INCH OR MORE: 1
[HDD (BASE 65) ]
TOTAL THIS MO. 23 CLEAR (SCALE 0-3) 18
DPTR FM NORMAL -4 PTCLDY (SCALE 4-7) 11
TOTAL FM JUL 1 23 CLOUDY (SCALE 8-10) 2
DPTR FM NORMAL -16
[CDD (BASE 65) ]
TOTAL THIS MO. 143
DPTR FM NORMAL 6 [PRESSURE DATA]
TOTAL FM JAN 1 518 HIGHEST SLP 30.30 ON 21
DPTR FM NORMAL 61 LOWEST SLP 29.49 ON 17
[REMARKS]
#FINAL-08-23#