000
CXUS52 KRAH 010845
CF6GSO
PRELIMINARY LOCAL CLIMATOLOGICAL DATA (WS FORM: F-6)
STATION: GREENSBORO NC
MONTH: OCTOBER
YEAR: 2022
LATITUDE: 36 4 N
LONGITUDE: 79 57 W
TEMPERATURE IN F: :PCPN: SNOW: WIND :SUNSHINE: SKY :PK WND
================================================================================
1 2 3 4 5 6A 6B 7 8 9 10 11 12 13 14 15 16 17 18
12Z AVG MX 2MIN
DY MAX MIN AVG DEP HDD CDD WTR SNW DPTH SPD SPD DIR MIN PSBL S-S WX SPD DR
================================================================================
1 60 53 57 -9 8 0 0.32 0.0 0 7.1 23 50 M M 10 1 30 50
2 62 48 55 -10 10 0 0.03 0.0 0 7.4 17 30 M M 8 1 24 30
3 68 47 58 -7 7 0 0.01 0.0 0 8.6 18 40 M M 6 1 24 30
4 70 40 55 -10 10 0 0.00 0.0 0 4.9 14 320 M M 3 19 320
5 74 45 60 -4 5 0 0.00 0.0 0 5.5 13 350 M M 1 17 10
6 76 50 63 -1 2 0 0.00 0.0 0 3.5 13 250 M M 1 16 270
7 78 50 64 0 1 0 0.00 0.0 0 4.0 13 280 M M 3 17 210
8 66 47 57 -6 8 0 0.00 0.0 0 6.2 13 40 M M 5 16 50
9 67 43 55 -8 10 0 0.00 0.0 0 4.0 12 210 M M 4 16 270
10 70 48 59 -3 6 0 0.00 0.0 0 3.9 12 60 M M 4 15 60
11 72 43 58 -4 7 0 0.00 0.0 0 1.7 8 70 M M 3 12 70
12 69 51 60 -2 5 0 0.15 0.0 0 4.1 15 190 M M 10 1 19 180
13 74 60 67 6 0 2 0.02 0.0 0 5.7 16 330 M M 9 1 22 350
14 70 46 58 -3 7 0 0.00 0.0 0 2.7 13 220 M M 1 27 330
15 77 43 60 0 5 0 0.00 0.0 0 7.9 18 220 M M 2 24 220
16 77 52 65 5 0 0 0.15 0.0 0 6.8 18 310 M M 8 1 21 310
17 74 52 63 3 2 0 0.49 0.0 0 8.6 20 230 M M 8 1 25 220
18 54 35 45 -14 20 0 0.00 0.0 0 9.8 23 310 M M 2 32 290
19 56 31 44 -15 21 0 0.00 0.0 0 7.8 21 290 M M 1 26 330
20 62 32 47 -12 18 0 0.00 0.0 0 4.2 18 260 M M 3 23 270
21 67 34 51 -7 14 0 0.00 0.0 0 1.0 8 170 M M 1 13 120
22 71 37 54 -4 11 0 0.00 0.0 0 1.7 7 70 M M 1 10 220
23 70 41 56 -2 9 0 0.00 0.0 0 3.4 13 50 M M 3 16 60
24 75 45 60 3 5 0 0.00 0.0 0 1.7 7 280 M M 3 1 12 280
25 74 44 59 2 6 0 0.00 0.0 0 3.6 10 160 M M 6 14 140
26 67 53 60 4 5 0 T 0.0 0 6.5 14 320 M M 7 1 16 320
27 63 49 56 0 9 0 0.00 0.0 M 8.0 18 50 M M 3 23 50
28 63 44 54 -2 11 0 0.00 0.0 0 9.0 17 60 M M 6 22 70
29 64 52 58 2 7 0 0.00 0.0 0 9.2 17 50 M M 9 23 50
30 61 52 57 2 8 0 T 0.0 0 4.5 12 70 M M 10 13 50
31 64 54 59 4 6 0 0.23 0.0 0 3.0 10 290 M M 10 128 15 320
================================================================================
SM 2115 1421 243 2 1.40 0.0 166.0 M 151
================================================================================
AV 68.2 45.8 5.4 FASTST M M 5 MAX(MPH)
MISC ----> # 23 50 32 290
================================================================================
NOTES:
# LAST OF SEVERAL OCCURRENCES
COLUMN 17 PEAK WIND IN M.P.H.
PRELIMINARY LOCAL CLIMATOLOGICAL DATA (WS FORM: F-6) , PAGE 2
STATION: GREENSBORO NC
MONTH: OCTOBER
YEAR: 2022
LATITUDE: 36 4 N
LONGITUDE: 79 57 W
[TEMPERATURE DATA] [PRECIPITATION DATA] SYMBOLS USED IN COLUMN 16
AVERAGE MONTHLY: 57.0 TOTAL FOR MONTH: 1.40 1 = FOG OR MIST
DPTR FM NORMAL: -3.2 DPTR FM NORMAL: -1.70 2 = FOG REDUCING VISIBILITY
HIGHEST: 78 ON 7 GRTST 24HR 2.30 ON 30- 1 TO 1/4 MILE OR LESS
LOWEST: 31 ON 19 3 = THUNDER
SNOW, ICE PELLETS, HAIL 4 = ICE PELLETS
TOTAL MONTH: 0.0 INCH 5 = HAIL
GRTST 24HR 0.0 6 = FREEZING RAIN OR DRIZZLE
GRTST DEPTH: 0 7 = DUSTSTORM OR SANDSTORM:
VSBY 1/2 MILE OR LESS
8 = SMOKE OR HAZE
[NO. OF DAYS WITH] [WEATHER - DAYS WITH] 9 = BLOWING SNOW
X = TORNADO
MAX 32 OR BELOW: 0 0.01 INCH OR MORE: 8
MAX 90 OR ABOVE: 0 0.10 INCH OR MORE: 5
MIN 32 OR BELOW: 2 0.50 INCH OR MORE: 0
MIN 0 OR BELOW: 0 1.00 INCH OR MORE: 0
[HDD (BASE 65) ]
TOTAL THIS MO. 243 CLEAR (SCALE 0-3) 14
DPTR FM NORMAL 56 PTCLDY (SCALE 4-7) 11
TOTAL FM JUL 1 277 CLOUDY (SCALE 8-10) 6
DPTR FM NORMAL 68
[CDD (BASE 65) ]
TOTAL THIS MO. 2
DPTR FM NORMAL -37 [PRESSURE DATA]
TOTAL FM JAN 1 1583 HIGHEST SLP 30.40 ON 29
DPTR FM NORMAL 34 LOWEST SLP 29.58 ON 1
[REMARKS]
#FINAL-10-22#