000
CXUS52 KGSP 010817
CF6GSP
PRELIMINARY LOCAL CLIMATOLOGICAL DATA (WS FORM: F-6)
STATION: GREENVILLE-SPARTANBURG SC
MONTH: SEPTEMBER
YEAR: 2023
LATITUDE: 34 54 N
LONGITUDE: 82 13 W
TEMPERATURE IN F: :PCPN: SNOW: WIND :SUNSHINE: SKY :PK WND
================================================================================
1 2 3 4 5 6A 6B 7 8 9 10 11 12 13 14 15 16 17 18
12Z AVG MX 2MIN
DY MAX MIN AVG DEP HDD CDD WTR SNW DPTH SPD SPD DIR MIN PSBL S-S WX SPD DR
================================================================================
1 82 61 72 -4 0 7 0.00 0.0 0 4.7 14 90 M M 1 18 40
2 84 61 73 -3 0 8 0.00 0.0 0 2.1 9 80 M M 0 13 100
3 89 61 75 -1 0 10 0.00 0.0 0 1.8 10 70 M M 0 15 30
4 91 64 78 2 0 13 0.00 0.0 0 1.3 7 160 M M 0 9 340
5 93 67 80 4 0 15 0.00 0.0 0 2.8 9 250 M M 0 11 240
6 95 71 83 8 0 18 0.00 0.0 0 2.8 10 280 M M 1 13 280
7 92 68 80 5 0 15 0.05 0.0 0 5.7 21 180 M M 2 13 26 180
8 86 65 76 1 0 11 0.00 0.0 0 3.1 12 160 M M 2 1 16 170
9 84 67 76 1 0 11 T 0.0 0 5.8 16 160 M M 4 13 21 160
10 86 67 77 3 0 12 0.14 0.0 0 3.4 13 20 M M 6 1 17 20
11 89 63 76 2 0 11 0.00 0.0 0 2.2 10 200 M M 1 1 14 240
12 89 66 78 4 0 13 T 0.0 0 3.4 16 220 M M 2 13 20 230
13 85 67 76 2 0 11 T 0.0 0 4.4 12 30 M M 3 13 15 30
14 81 66 74 1 0 9 0.00 0.0 0 7.6 17 20 M M 5 21 50
15 80 64 72 -1 0 7 0.00 0.0 0 4.3 14 50 M M 4 18 10
16 84 60 72 -1 0 7 T 0.0 0 4.4 16 210 M M 5 19 190
17 75 60 68 -4 0 3 0.53 0.0 0 2.4 13 160 M M 8 128 16 170
18 79 56 68 -4 0 3 0.00 0.0 0 3.0 12 20 M M 2 16 310
19 81 54 68 -4 0 3 0.00 0.0 0 2.4 10 100 M M 4 18 14 130
20 82 56 69 -2 0 4 0.00 0.0 0 1.9 8 150 M M 3 1 11 140
21 81 57 69 -2 0 4 0.00 0.0 0 4.9 14 80 M M 3 24 20
22 79 59 69 -2 0 4 0.00 0.0 0 8.6 18 60 M M 3 27 30
23 82 57 70 0 0 5 T 0.0 0 4.7 14 360 M M 3 22 350
24 85 56 71 1 0 6 0.00 0.0 0 1.9 12 280 M M 1 15 280
25 86 62 74 4 0 9 0.00 0.0 0 3.4 9 290 M M 1 14 270
26 81 65 73 4 0 8 0.00 0.0 0 8.2 14 50 M M 4 19 60
27 71 61 66 -3 0 1 0.00 0.0 0 8.7 15 80 M M 9 1 20 90
28 77 58 68 0 0 3 0.00 0.0 0 6.6 15 40 M M 5 24 30
29 84 57 71 3 0 6 0.00 0.0 0 3.5 12 70 M M 1 8 17 130
30 86 57 72 4 0 7 0.00 0.0 0 3.1 12 100 M M 1 1 16 120
================================================================================
SM 2519 1853 0 244 0.72 0.0 123.1 M 84
================================================================================
AV 84.0 61.8 4.1 FASTST M M 3 MAX(MPH)
MISC ----> 21 180 27 30
================================================================================
NOTES:
# LAST OF SEVERAL OCCURRENCES
COLUMN 17 PEAK WIND IN M.P.H.
PRELIMINARY LOCAL CLIMATOLOGICAL DATA (WS FORM: F-6) , PAGE 2
STATION: GREENVILLE-SPARTANBURG SC
MONTH: SEPTEMBER
YEAR: 2023
LATITUDE: 34 54 N
LONGITUDE: 82 13 W
[TEMPERATURE DATA] [PRECIPITATION DATA] SYMBOLS USED IN COLUMN 16
AVERAGE MONTHLY: 72.9 TOTAL FOR MONTH: 0.72 1 = FOG OR MIST
DPTR FM NORMAL: 0.4 DPTR FM NORMAL: -3.01 2 = FOG REDUCING VISIBILITY
HIGHEST: 95 ON 6 GRTST 24HR 0.53 ON 16-17 TO 1/4 MILE OR LESS
LOWEST: 54 ON 19 3 = THUNDER
SNOW, ICE PELLETS, HAIL 4 = ICE PELLETS
TOTAL MONTH: 0.0 INCH 5 = HAIL
GRTST 24HR 0.0 6 = FREEZING RAIN OR DRIZZLE
GRTST DEPTH: 0 7 = DUSTSTORM OR SANDSTORM:
VSBY 1/2 MILE OR LESS
8 = SMOKE OR HAZE
[NO. OF DAYS WITH] [WEATHER - DAYS WITH] 9 = BLOWING SNOW
X = TORNADO
MAX 32 OR BELOW: 0 0.01 INCH OR MORE: 3
MAX 90 OR ABOVE: 4 0.10 INCH OR MORE: 2
MIN 32 OR BELOW: 0 0.50 INCH OR MORE: 1
MIN 0 OR BELOW: 0 1.00 INCH OR MORE: 0
[HDD (BASE 65) ]
TOTAL THIS MO. 0 CLEAR (SCALE 0-3) 17
DPTR FM NORMAL -12 PTCLDY (SCALE 4-7) 11
TOTAL FM JUL 1 0 CLOUDY (SCALE 8-10) 2
DPTR FM NORMAL -10
[CDD (BASE 65) ]
TOTAL THIS MO. 244
DPTR FM NORMAL 5 [PRESSURE DATA]
TOTAL FM JAN 1 1541 HIGHEST SLP 30.26 ON 2
DPTR FM NORMAL -125 LOWEST SLP 29.75 ON 7
[REMARKS]
#FINAL-09-23#