000
CXUS56 KTFX 161542
CF6GTF
PRELIMINARY LOCAL CLIMATOLOGICAL DATA (WS FORM: F-6)
STATION: GREAT FALLS MT
MONTH: JANUARY
YEAR: 2024
LATITUDE: 47 28 N
LONGITUDE: 111 22 W
TEMPERATURE IN F: :PCPN: SNOW: WIND :SUNSHINE: SKY :PK WND
================================================================================
1 2 3 4 5 6A 6B 7 8 9 10 11 12 13 14 15 16 17 18
12Z AVG MX 2MIN
DY MAX MIN AVG DEP HDD CDD WTR SNW DPTH SPD SPD DIR MIN PSBL S-S WX SPD DR
================================================================================
1 44 22 33 8 32 0 0.00 0.0 0 11.1 21 220 M M 1 26 220
2 45 23 34 9 31 0 0.00 0.0 0 9.7 16 230 M M 1 21 220
3 38 16 27 2 38 0 0.00 0.0 0 5.3 16 200 M M 1 20 210
4 45 25 35 10 30 0 0.00 0.0 0 12.3 22 260 M M 3 28 260
5 39 23 31 6 34 0 0.00 0.0 0 10.2 20 220 M M 2 24 220
6 39 22 31 6 34 0 0.00 0.0 0 13.9 26 220 M M 5 35 220
7 28 5 17 -8 48 0 0.10 2.4 T 6.8 30 340 M M 10 18 41 340
8 27 -6 11 -14 54 0 0.00 0.0 2 13.0 23 230 M M 1 1 31 210
9 41 26 34 9 31 0 0.00 0.0 1 21.7 38 240 M M 2 51 240
10 32 -3 15 -10 50 0 T 0.1 T 9.3 21 330 M M 9 8 27 330
11 -3 -22 -12 -37 77 0 0.07 1.0 T 11.6 21 340 M M 10 18 26 340
12 -22 -36 -29 -54 94 0 0.01 0.1 1 8.5 16 330 M M 7 8 22 340
13 -7 -37 -22 -47 87 0 0.00 0.0 1 6.7 13 220 M M 0 16 220
14 -14 -29 -21 -46 86 0 0.08 0.8 1 3.5 8 320 M M 8 18 10 360
15 6 -32 -13 -38 78 0 0.00 0.0 2 13.2 24 220 M M 0 30 210
16 27 6 17 -8 48 0 0.00 0.0 2 18.3 23 210 M M 5 35 220
17 20 -1 10 -15 55 0 0.30 3.1 1 8.2 16 330 M M 10 1 19 330
18 3 -13 -5 -30 70 0 0.02 0.5 3 6.8 22 340 M M M 18 27 330
19 4 -19 -7 -32 72 0 T 0.1 3 3.0 8 90 M M M 10 100
20 44 3 24 -1 41 0 T 0.0 3 12.1 21 220 M M 5 6 26 210
21 50 31 41 16 24 0 T 0.0 T 12.8 22 220 M M 7 29 220
22 40 13 27 2 38 0 0.00 0.0 0 7.5 16 200 M M M 12 20 200
23 51 33 42 17 23 0 0.00 0.0 0 14.3 24 220 M M 1 30 220
24 49 32 41 16 24 0 0.00 0.0 0 13.3 22 220 M M 1 28 210
25 50 27 39 14 26 0 0.00 0.0 0 13.2 23 250 M M 0 29 250
26 47 29 38 13 27 0 0.00 0.0 0 14.9 25 230 M M 0 33 220
27 49 32 41 16 24 0 0.00 0.0 0 20.5 35 230 M M 2 47 220
28 59 42 51 26 14 0 0.00 0.0 0 21.4 36 230 M M 0 45 230
29 62 38 50 25 15 0 0.00 0.0 0 13.8 24 220 M M 0 28 230
30 64 41 53 28 12 0 0.00 0.0 0 15.4 31 230 M M 0 40 230
31 63 36 50 25 15 0 0.00 0.0 0 12.0 23 200 M M 0 30 200
================================================================================
SM 1020 327 1332 0 0.58 8.1 364.3 M 91
================================================================================
AV 32.9 10.5 11.8 FASTST M M 3 MAX(MPH)
MISC ----> 38 240 51 240
================================================================================
NOTES:
# LAST OF SEVERAL OCCURRENCES
COLUMN 17 PEAK WIND IN M.P.H.
PRELIMINARY LOCAL CLIMATOLOGICAL DATA (WS FORM: F-6) , PAGE 2
STATION: GREAT FALLS MT
MONTH: JANUARY
YEAR: 2024
LATITUDE: 47 28 N
LONGITUDE: 111 22 W
[TEMPERATURE DATA] [PRECIPITATION DATA] SYMBOLS USED IN COLUMN 16
AVERAGE MONTHLY: 21.7 TOTAL FOR MONTH: 0.58 1 = FOG OR MIST
DPTR FM NORMAL: -3.5 DPTR FM NORMAL: 0.03 2 = FOG REDUCING VISIBILITY
HIGHEST: 64 ON 30 GRTST 24HR 0.30 ON 17-17 TO 1/4 MILE OR LESS
LOWEST: -37 ON 13 3 = THUNDER
SNOW, ICE PELLETS, HAIL 4 = ICE PELLETS
TOTAL MONTH: 8.1 INCHES 5 = HAIL
GRTST 24HR 3.1 ON 17-17 6 = FREEZING RAIN OR DRIZZLE
GRTST DEPTH: 3 ON 20,19 7 = DUSTSTORM OR SANDSTORM:
VSBY 1/2 MILE OR LESS
8 = SMOKE OR HAZE
[NO. OF DAYS WITH] [WEATHER - DAYS WITH] 9 = BLOWING SNOW
X = TORNADO
MAX 32 OR BELOW: 12 0.01 INCH OR MORE: 6
MAX 90 OR ABOVE: 0 0.10 INCH OR MORE: 2
MIN 32 OR BELOW: 26 0.50 INCH OR MORE: 0
MIN 0 OR BELOW: 10 1.00 INCH OR MORE: 0
[HDD (BASE 65) ]
TOTAL THIS MO. 1332 CLEAR (SCALE 0-3) 18
DPTR FM NORMAL 97 PTCLDY (SCALE 4-7) 6
TOTAL FM JUL 1 3781 CLOUDY (SCALE 8-10) 7
DPTR FM NORMAL -609
[CDD (BASE 65) ]
TOTAL THIS MO. 0
DPTR FM NORMAL 0 [PRESSURE DATA]
TOTAL FM JAN 1 0 HIGHEST SLP 30.87 ON 15
DPTR FM NORMAL 0 LOWEST SLP 29.29 ON 9
[REMARKS]
#FINAL-01-24#