000
CXGM50 PGUM 010005
CF6GUM
PRELIMINARY LOCAL CLIMATOLOGICAL DATA (WS FORM: F-6)
STATION: GUAM INTERNATIONAL AIRPORT
MONTH: MARCH
YEAR: 2020
LATITUDE: 13 29 N
LONGITUDE: 144-48 E
TEMPERATURE IN F: :PCPN: SNOW: WIND :SUNSHINE: SKY :PK WND
================================================================================
1 2 3 4 5 6A 6B 7 8 9 10 11 12 13 14 15 16 17 18
12Z AVG MX 2MIN
DY MAX MIN AVG DEP HDD CDD WTR SNW DPTH SPD SPD DIR MIN PSBL S-S WX SPD DR
================================================================================
1 88 77 83 3 0 18 0.03 0.0 0 14.6 24 70 M M 6 31 60
2 88 77 83 3 0 18 0.33 0.0 0 14.6 25 70 M M 8 32 80
3 87 79 83 3 0 18 T 0.0 0 15.6 23 100 M M 7 30 90
4 88 78 83 3 0 18 T 0.0 0 16.7 24 80 M M 5 31 80
5 86 77 82 2 0 17 T 0.0 0 15.1 24 80 M M 2 31 80
6 88 77 83 3 0 18 T 0.0 0 10.0 17 70 M M 2 23 70
7 88 75 82 2 0 17 T 0.0 0 11.6 20 50 M M 1 24 70
8 88 73 81 1 0 16 0.00 0.0 0 9.3 18 60 M M 2 22 60
9 87 74 81 1 0 16 T 0.0 0 7.8 15 110 M M 2 20 110
10 87 74 81 1 0 16 0.00 0.0 0 7.8 16 80 M M 1 20 80
11 90 74 82 2 0 17 0.00 0.0 0 9.5 18 50 M M 1 21 40
12 89 74 82 2 0 17 0.01 0.0 0 10.3 20 60 M M 2 1 24 50
13 88 76 82 2 0 17 0.06 0.0 0 11.8 22 80 M M 5 1 27 70
14 88 75 82 1 0 17 0.02 0.0 0 9.9 18 90 M M 2 1 24 100
15 89 75 82 1 0 17 0.00 0.0 0 8.0 15 90 M M 1 18 120
16 89 73 81 0 0 16 0.01 0.0 0 9.2 18 80 M M 5 18 24 60
17 88 75 82 1 0 17 T 0.0 0 10.0 21 90 M M 7 24 90
18 90 78 84 3 0 19 0.00 0.0 0 14.1 26 60 M M 4 32 60
19 88 77 83 2 0 18 0.02 0.0 0 15.6 25 80 M M 4 32 70
20 88 79 84 3 0 19 0.00 0.0 0 15.2 25 80 M M 2 31 80
21 87 77 82 1 0 17 0.04 0.0 0 15.4 24 60 M M 6 1 32 50
22 89 76 83 2 0 18 0.00 0.0 0 13.1 22 70 M M 3 28 60
23 89 78 84 3 0 19 0.03 0.0 0 10.0 17 60 M M 4 1 23 80
24 88 77 83 2 0 18 0.00 0.0 0 9.2 17 100 M M 2 21 100
25 90 74 82 1 0 17 0.00 0.0 0 10.3 22 60 M M 1 27 50
26 88 75 82 1 0 17 0.07 0.0 0 13.9 24 70 M M 3 8 30 50
27 88 77 83 2 0 18 0.09 0.0 0 16.5 26 60 M M 5 1 33 60
28 87 78 83 2 0 18 0.10 0.0 0 15.4 24 50 M M 4 18 30 60
29 89 77 83 2 0 18 0.07 0.0 0 13.0 22 70 M M 4 8 26 60
30 89 76 83 2 0 18 0.18 0.0 0 14.9 24 80 M M 3 18 29 80
31 88 75 82 1 0 17 0.27 0.0 0 14.1 25 70 M M 4 18 34 60
================================================================================
SM 2734 2357 0 541 1.33 0.0 382.5 M 108
================================================================================
AV 88.2 76.0 12.3 FASTST M M 3 MAX(MPH)
MISC ----> # 26 60 # 34 60
================================================================================
NOTES:
# LAST OF SEVERAL OCCURRENCES
COLUMN 17 PEAK WIND IN M.P.H.
PRELIMINARY LOCAL CLIMATOLOGICAL DATA (WS FORM: F-6) , PAGE 2
STATION: GUAM INTERNATIONAL AIRPORT
MONTH: MARCH
YEAR: 2020
LATITUDE: 13 29 N
LONGITUDE: 144-48 E
[TEMPERATURE DATA] [PRECIPITATION DATA] SYMBOLS USED IN COLUMN 16
AVERAGE MONTHLY: 82.1 TOTAL FOR MONTH: 1.33 1 = FOG OR MIST
DPTR FM NORMAL: 1.4 DPTR FM NORMAL: -1.44 2 = FOG REDUCING VISIBILITY
HIGHEST: 90 ON 25,18 GRTST 24HR 0.33 ON 2- 2 TO 1/4 MILE OR LESS
LOWEST: 73 ON 16, 8 3 = THUNDER
SNOW, ICE PELLETS, HAIL 4 = ICE PELLETS
TOTAL MONTH: 0.0 INCH 5 = HAIL
GRTST 24HR 0.0 6 = FREEZING RAIN OR DRIZZLE
GRTST DEPTH: 0 7 = DUSTSTORM OR SANDSTORM:
VSBY 1/2 MILE OR LESS
8 = SMOKE OR HAZE
[NO. OF DAYS WITH] [WEATHER - DAYS WITH] 9 = BLOWING SNOW
X = TORNADO
MAX 32 OR BELOW: 0 0.01 INCH OR MORE: 15
MAX 90 OR ABOVE: 3 0.10 INCH OR MORE: 4
MIN 32 OR BELOW: 0 0.50 INCH OR MORE: 0
MIN 0 OR BELOW: 0 1.00 INCH OR MORE: 0
[HDD (BASE 65) ]
TOTAL THIS MO. 0 CLEAR (SCALE 0-3) 15
DPTR FM NORMAL 0 PTCLDY (SCALE 4-7) 16
TOTAL FM JUL 1 0 CLOUDY (SCALE 8-10) 0
DPTR FM NORMAL 0
[CDD (BASE 65) ]
TOTAL THIS MO. 541
DPTR FM NORMAL 54 [PRESSURE DATA]
TOTAL FM JAN 1 1479 HIGHEST SLP 29.94 ON 1
DPTR FM NORMAL 102 LOWEST SLP 29.83 ON 1
[REMARKS]
#FINAL-03-20#