000
CXUS54 KAMA 011653
CLMGUY
CLIMATE REPORT
NATIONAL WEATHER SERVICE AMARILLO
1053 AM CST THU FEB 01 2024
...................................
...THE GUYMON CLIMATE SUMMARY FOR THE MONTH OF JANUARY 2024...
CLIMATE NORMAL PERIOD: 1991 TO 2020
CLIMATE RECORD PERIOD: 1998 TO 2024
WEATHER OBSERVED NORMAL DEPART LAST YEAR`S
VALUE DATE(S) VALUE FROM VALUE DATE(S)
NORMAL
................................................................
TEMPERATURE (F)
HIGHEST 70 01/31 73 01/10
LOWEST 01/13 5 01/30
01/14
AVG. MAXIMUM 44.9 50.7 -5.8 50.2
AVG. MINIMUM 19.0 21.9 -2.9 22.6
MEAN 32.0 36.3 -4.3 36.4
DAYS MAX >= 90 0 0.0 0.0 0
DAYS MAX <= 32 4 3.0 1.0 4
DAYS MIN <= 32 29 28.3 0.7 28
DAYS MIN <= 0 2 0.4 1.6 0
PRECIPITATION (INCHES)
TOTALS 0.67 0.41 0.26 0.26
DAILY AVG. 0.02 0.01 0.01 0.01
DAYS >= .01 4 3.2 0.8 2
DAYS >= .10 2 1.3 0.7 1
DAYS >= .50 0 0.1 -0.1 0
DAYS >= 1.00 0 0.0 0.0 0
GREATEST
24 HR. TOTAL 0.67 01/04 TO 01/05
SNOWFALL (INCHES)
TOTALS MM MM MM MM
SINCE 7/1 MM MM MM MM
DAYS >= TRACE MM MM MM
DAYS >= 1.0 MM MM MM MM
GREATEST
SNOW DEPTH MM
24 HR TOTAL MM
DEGREE DAYS
HEATING TOTAL 1017 890 127 878
SINCE 7/1 2538 2645 -107 MM
COOLING TOTAL 0 0 0 0
SINCE 1/1 0 0 0 MM
................................................................
WIND (MPH)
AVERAGE WIND SPEED 9.3
HIGHEST WIND SPEED/DIRECTION 47/360 DATE 01/08
HIGHEST GUST SPEED/DIRECTION 73/360 DATE 01/08
SKY COVER
POSSIBLE SUNSHINE (PERCENT) MM
NUMBER OF DAYS FAIR 21
NUMBER OF DAYS PC 5
NUMBER OF DAYS CLOUDY 5
AVERAGE RH (PERCENT) 68
WEATHER CONDITIONS. NUMBER OF DAYS WITH
THUNDERSTORM 0 MIXED PRECIP 0
HEAVY RAIN 0 RAIN 0
LIGHT RAIN 3 FREEZING RAIN 0
LT FREEZING RAIN 0 HEAVY SNOW 0
SNOW 0 LIGHT SNOW 5
SLEET 0 FOG 7
FOG W/VIS <= 1/4 MILE 1 HAZE 0
- INDICATES NEGATIVE NUMBERS.
R INDICATES RECORD WAS SET OR TIED.
MM INDICATES DATA IS MISSING.
T INDICATES TRACE AMOUNT.
$$