000
CXUS54 KFWD 161604
CF6GVT
PRELIMINARY LOCAL CLIMATOLOGICAL DATA (WS FORM: F-6)
STATION: GREENVILLE
MONTH: JANUARY
YEAR: 2024
LATITUDE: 33 4 N
LONGITUDE: 96 4 W
TEMPERATURE IN F: :PCPN: SNOW: WIND :SUNSHINE: SKY :PK WND
================================================================================
1 2 3 4 5 6A 6B 7 8 9 10 11 12 13 14 15 16 17 18
12Z AVG MX 2MIN
DY MAX MIN AVG DEP HDD CDD WTR SNW DPTH SPD SPD DIR MIN PSBL S-S WX SPD DR
================================================================================
1 48 30 39 -6 26 0 0.00 M M 7.9 14 10 M M 0 20 10
2 49 25 37 -8 28 0 0.16 M M 4.2 13 80 M M 3 1 17 80
3 55 35 45 0 20 0 0.13 M M 2.4 8 340 M M 5 M M
4 59 30 45 0 20 0 0.00 M M 6.5 15 100 M M 2 1 21 100
5 48 40 44 -1 21 0 0.11 M M 7.0 14 100 M M 10 1 25 90
6 48 39 44 -1 21 0 0.00 M M 5.9 10 300 M M 7 1 M M
7 60 25 43 -2 22 0 0.00 M M 7.7 15 150 M M 1 1 22 140
8 55 41 48 3 17 0 0.53 M M 12.3 25 270 M M 9 13 33 270
9 46 28 37 -8 28 0 0.00 M M 16.5 31 300 M M 5 41 270
10 64 24 44 -1 21 0 0.00 M M 12.0 28 200 M M 0 32 200
11 67 33 50 5 15 0 0.00 M M 10.1 18 180 M M 3 128 24 180
12 65 26 46 1 19 0 0.13 M M 13.5 29 290 M M 3 1 38 290
13 59 23 41 -4 24 0 0.00 M M 12.9 26 190 M M 0 32 210
14 23 12 18 -27 47 0 T M M 13.1 18 340 M M 8 18 27 360
15 26 9 18 -27 47 0 M M M 13.9 23 350 M M 6 1 30 350
16 25 10 18 -27 47 0 0.00 M M 9.2 17 350 M M 0 24 350
17 42 10 26 -19 39 0 0.00 M M 9.8 18 170 M M 0 26 170
18 58 35 47 2 18 0 0.00 M M 10.8 23 200 M M 1 30 200
19 40 21 31 -14 34 0 0.00 M M 12.3 22 350 M M 0 35 350
20 37 18 28 -17 37 0 0.00 M M 2.2 7 50 M M 1 M M
21 36 25 31 -14 34 0 0.00 M M 8.2 15 120 M M 10 17 110
22 45 32 39 -7 26 0 1.15 M M 3.0 9 50 M M 10 1 M M
23 51 43 47 1 18 0 0.85 M M 3.8 9 10 M M 10 12 M M
24 53 46 50 4 15 0 0.05 M M 3.5 9 350 M M 10 128 M M
25 57 47 52 6 13 0 M M M 3.7 9 300 M M 10 18 M M
26 54 45 50 4 15 0 M M M 6.1 12 10 M M 10 1 M M
27 52 38 45 -1 20 0 0.47 M M 12.2 20 310 M M 10 1 24 310
28 61 30 46 0 19 0 0.00 M M 4.0 13 330 M M 2 18 M M
29 70 33 52 6 13 0 0.00 M M 5.3 10 210 M M 0 M M
30 76 40 58 12 7 0 0.00 M M 4.4 10 280 M M 0 M M
31 75 38 57 11 8 0 0.00 M M 2.2 6 140 M M 0 M M
================================================================================
SM 1604 931 739 0 3.58 M 246.5 M 136
================================================================================
AV 51.7 30.0 8.0 FASTST M M 4 MAX(MPH)
MISC ----> 31 300 41 270
================================================================================
NOTES:
# LAST OF SEVERAL OCCURRENCES
COLUMN 17 PEAK WIND IN M.P.H.
PRELIMINARY LOCAL CLIMATOLOGICAL DATA (WS FORM: F-6) , PAGE 2
STATION: GREENVILLE
MONTH: JANUARY
YEAR: 2024
LATITUDE: 33 4 N
LONGITUDE: 96 4 W
[TEMPERATURE DATA] [PRECIPITATION DATA] SYMBOLS USED IN COLUMN 16
AVERAGE MONTHLY: 40.9 TOTAL FOR MONTH: 3.58 1 = FOG OR MIST
DPTR FM NORMAL: -4.4 DPTR FM NORMAL: 0.83 2 = FOG REDUCING VISIBILITY
HIGHEST: 76 ON 30 GRTST 24HR 1.15 ON 22-22 TO 1/4 MILE OR LESS
LOWEST: 9 ON 15 3 = THUNDER
SNOW, ICE PELLETS, HAIL 4 = ICE PELLETS
TOTAL MONTH: M 5 = HAIL
GRTST 24HR M ON M 6 = FREEZING RAIN OR DRIZZLE
GRTST DEPTH: M ON M 7 = DUSTSTORM OR SANDSTORM:
VSBY 1/2 MILE OR LESS
8 = SMOKE OR HAZE
[NO. OF DAYS WITH] [WEATHER - DAYS WITH] 9 = BLOWING SNOW
X = TORNADO
MAX 32 OR BELOW: 3 0.01 INCH OR MORE: 9
MAX 90 OR ABOVE: 0 0.10 INCH OR MORE: 8
MIN 32 OR BELOW: 17 0.50 INCH OR MORE: 3
MIN 0 OR BELOW: 0 1.00 INCH OR MORE: 1
[HDD (BASE 65) ]
TOTAL THIS MO. 739 CLEAR (SCALE 0-3) 16
DPTR FM NORMAL 124 PTCLDY (SCALE 4-7) 6
TOTAL FM JUL 1 1611 CLOUDY (SCALE 8-10) 9
DPTR FM NORMAL 55
[CDD (BASE 65) ]
TOTAL THIS MO. 0
DPTR FM NORMAL -3 [PRESSURE DATA]
TOTAL FM JAN 1 0 HIGHEST SLP M ON M
DPTR FM NORMAL -3 LOWEST SLP M ON M
[REMARKS]
#FINAL-01-24#