000
CXUS54 KFWD 010832
CF6GVT
PRELIMINARY LOCAL CLIMATOLOGICAL DATA (WS FORM: F-6)
STATION: GREENVILLE
MONTH: NOVEMBER
YEAR: 2023
LATITUDE: 33 4 N
LONGITUDE: 96 4 W
TEMPERATURE IN F: :PCPN: SNOW: WIND :SUNSHINE: SKY :PK WND
================================================================================
1 2 3 4 5 6A 6B 7 8 9 10 11 12 13 14 15 16 17 18
12Z AVG MX 2MIN
DY MAX MIN AVG DEP HDD CDD WTR SNW DPTH SPD SPD DIR MIN PSBL S-S WX SPD DR
================================================================================
1 55 30 43 -19 22 0 0.00 M M 4.4 10 110 M M 0 M M
2 61 31 46 -16 19 0 0.00 M M 6.0 13 160 M M 0 M M
3 72 36 54 -7 11 0 0.00 M M 7.8 17 160 M M 0 M M
4 75 45 60 -1 5 0 0.00 M M 5.6 15 200 M M 0 1 22 220
5 80 53 67 7 0 2 0.00 M M 7.6 13 170 M M 5 21 180
6 81 61 71 11 0 6 0.00 M M 14.4 22 170 M M 2 26 200
7 84 63 74 14 0 9 0.00 M M 13.6 21 180 M M 0 26 180
8 82 66 74 15 0 9 0.00 M M 13.7 21 200 M M 4 31 200
9 69 53 61 2 4 0 0.00 M M 8.8 15 340 M M 10 1 22 340
10 63 52 58 0 7 0 0.00 M M 8.0 15 60 M M 6 20 10
11 63 51 57 -1 8 0 0.00 M M 4.8 10 90 M M 10 M M
12 64 48 56 -2 9 0 0.00 M M 2.5 6 40 M M 2 M M
13 66 48 57 0 8 0 0.00 M M 4.0 10 50 M M 0 M M
14 71 50 61 4 4 0 0.00 M M 3.0 6 20 M M 4 M M
15 72 45 59 3 6 0 0.00 M M 2.8 8 40 M M 0 1 M M
16 63 55 59 3 6 0 0.00 M M 7.5 12 160 M M 10 1 M M
17 61 58 60 4 5 0 0.00 M M 5.5 12 180 M M 10 1 M M
18 71 49 60 5 5 0 0.00 M M 3.3 9 350 M M 3 1 M M
19 68 48 58 3 7 0 M M M 7.4 14 150 M M 7 1 18 170
20 77 54 66 12 0 1 0.00 M M 12.3 17 280 M M 6 1 29 330
21 58 43 51 -3 14 0 0.00 M M 14.5 22 330 M M 7 28 340
22 58 34 46 -8 19 0 0.00 M M 6.0 13 340 M M 0 18 320
23 64 30 47 -6 18 0 0.00 M M 4.9 12 160 M M 0 M M
24 64 35 50 -3 15 0 0.00 M M 2.5 7 80 M M 0 1 M M
25 61 37 49 -3 16 0 0.00 M M 4.6 10 160 M M 4 1 M M
26 51 35 43 -9 22 0 0.00 M M 10.2 16 340 M M 2 1 25 320
27 54 27 41 -11 24 0 0.02 M M 4.0 13 10 M M 0 M M
28 62 31 47 -4 18 0 0.00 M M 3.7 9 220 M M 0 M M
29 64 32 48 -3 17 0 0.00 M M 7.7 12 160 M M 3 17 190
30 63 52 58 8 7 0 0.00 M M 7.6 13 130 M M 10 1 M M
================================================================================
SM 1997 1352 296 27 0.02 M 208.5 M 105
================================================================================
AV 66.6 45.1 7.0 FASTST M M 4 MAX(MPH)
MISC ----> # 22 170 31 200
================================================================================
NOTES:
# LAST OF SEVERAL OCCURRENCES
COLUMN 17 PEAK WIND IN M.P.H.
PRELIMINARY LOCAL CLIMATOLOGICAL DATA (WS FORM: F-6) , PAGE 2
STATION: GREENVILLE
MONTH: NOVEMBER
YEAR: 2023
LATITUDE: 33 4 N
LONGITUDE: 96 4 W
[TEMPERATURE DATA] [PRECIPITATION DATA] SYMBOLS USED IN COLUMN 16
AVERAGE MONTHLY: 55.8 TOTAL FOR MONTH: 0.02 1 = FOG OR MIST
DPTR FM NORMAL: -0.4 DPTR FM NORMAL: -3.99 2 = FOG REDUCING VISIBILITY
HIGHEST: 84 ON 7 GRTST 24HR 0.02 ON 27-27 TO 1/4 MILE OR LESS
LOWEST: 27 ON 27 3 = THUNDER
SNOW, ICE PELLETS, HAIL 4 = ICE PELLETS
TOTAL MONTH: M 5 = HAIL
GRTST 24HR M ON M 6 = FREEZING RAIN OR DRIZZLE
GRTST DEPTH: M ON M 7 = DUSTSTORM OR SANDSTORM:
VSBY 1/2 MILE OR LESS
8 = SMOKE OR HAZE
[NO. OF DAYS WITH] [WEATHER - DAYS WITH] 9 = BLOWING SNOW
X = TORNADO
MAX 32 OR BELOW: 0 0.01 INCH OR MORE: 1
MAX 90 OR ABOVE: 0 0.10 INCH OR MORE: 0
MIN 32 OR BELOW: 6 0.50 INCH OR MORE: 0
MIN 0 OR BELOW: 0 1.00 INCH OR MORE: 0
[HDD (BASE 65) ]
TOTAL THIS MO. 296 CLEAR (SCALE 0-3) 17
DPTR FM NORMAL 7 PTCLDY (SCALE 4-7) 8
TOTAL FM JUL 1 399 CLOUDY (SCALE 8-10) 5
DPTR FM NORMAL 29
[CDD (BASE 65) ]
TOTAL THIS MO. 27
DPTR FM NORMAL 1 [PRESSURE DATA]
TOTAL FM JAN 1 2784 HIGHEST SLP M ON M
DPTR FM NORMAL 142 LOWEST SLP M ON M
[REMARKS]
#FINAL-11-23#