256
CXUS54 KJAN 011410
CF6GWO
PRELIMINARY LOCAL CLIMATOLOGICAL DATA (WS FORM: F-6)
STATION: GREENWOOD
MONTH: MARCH
YEAR: 2021
LATITUDE: 33 30 N
LONGITUDE: 90 5 W
TEMPERATURE IN F: :PCPN: SNOW: WIND :SUNSHINE: SKY :PK WND
================================================================================
1 2 3 4 5 6A 6B 7 8 9 10 11 12 13 14 15 16 17 18
12Z AVG MX 2MIN
DY MAX MIN AVG DEP HDD CDD WTR SNW DPTH SPD SPD DIR MIN PSBL S-S WX SPD DR
================================================================================
1 62 47 55 3 10 0 1.01 0.0 0 8.4 18 30 M M 9 1 26 360
2 49 39 44 -8 21 0 0.19 M 0 6.9 16 40 M M 7 4 21 60
3 62 35 49 -3 16 0 0.00 0.0 0 2.3 10 340 M M 2 12 16 320
4 72 34 53 1 12 0 0.00 0.0 0 2.8 8 260 M M 0 14 280
5 67 45 56 3 9 0 T 0.0 0 8.8 18 30 M M 4 24 50
6 64 38 51 -2 14 0 0.00 0.0 0 10.0 20 20 M M 2 27 40
7 68 32 50 -3 15 0 0.00 0.0 0 4.5 15 70 M M 0 22 50
8 72 32 52 -1 13 0 0.00 0.0 0 3.0 12 210 M M 0 16 210
9 75 39 57 3 8 0 0.00 0.0 0 7.0 21 180 M M 0 8 27 180
10 80 57 69 15 0 4 0.00 0.0 0 14.9 24 170 M M 3 31 170
11 83 62 73 19 0 8 0.00 0.0 0 11.1 21 170 M M 4 29 210
12 85 62 74 19 0 9 0.00 0.0 0 5.4 14 200 M M 5 24 190
13 82 60 71 16 0 6 0.00 0.0 0 3.2 10 190 M M 3 13 230
14 84 56 70 15 0 5 0.01 0.0 0 9.2 20 180 M M 2 24 170
15 80 58 69 14 0 4 1.82 0.0 0 7.9 26 210 M M 5 13 50 230
16 83 64 74 18 0 9 0.03 0.0 0 3.2 16 160 M M 5 1 22 160
17 85 66 76 20 0 11 0.35 0.0 0 M 29 170 M M M 13 40 190
18 66 50 58 2 7 0 0.00 0.0 0 9.8 16 320 M M 8 31 320
19 53 48 51 -5 14 0 0.00 0.0 0 8.0 16 30 M M 10 8 24 20
20 69 44 57 0 8 0 0.00 0.0 0 4.0 13 30 M M 6 17 30
21 72 36 54 -3 11 0 0.00 0.0 0 6.5 16 50 M M 0 22 60
22 75 47 61 4 4 0 0.00 0.0 0 9.0 22 170 M M 2 27 150
23 74 58 66 9 0 1 0.48 0.0 0 12.7 21 150 M M 5 13 36 150
24 81 60 71 13 0 6 0.08 0.0 0 6.3 17 150 M M 4 1 22 140
25 84 61 73 15 0 8 0.12 0.0 0 11.7 24 130 M M 6 13 37 260
26 83 50 67 9 0 2 0.00 0.0 0 4.3 13 140 M M 1 18 160
27 87 69 78 20 0 13 0.02 0.0 0 14.3 28 200 M M 6 37 200
28 77 46 62 3 3 0 1.76 0.0 0 9.8 29 200 M M 3 13 39 190
29 73 40 57 -2 8 0 0.00 0.0 0 4.5 13 100 M M 0 17 100
30 79 49 64 5 1 0 1.88 0.0 0 9.4 21 210 M M 7 13 34 190
31 72 41 57 -2 8 0 0.44 0.0 0 10.7 22 20 M M 7 13 35 30
================================================================================
SM 2298 1525 182 86 8.19 0.0 229.6 M 116
================================================================================
AV 74.1 49.2 7.7 FASTST M M 4 MAX(MPH)
MISC ----> # 29 170 50 230
================================================================================
NOTES:
# LAST OF SEVERAL OCCURRENCES
COLUMN 17 PEAK WIND IN M.P.H.
PRELIMINARY LOCAL CLIMATOLOGICAL DATA (WS FORM: F-6) , PAGE 2
STATION: GREENWOOD
MONTH: MARCH
YEAR: 2021
LATITUDE: 33 30 N
LONGITUDE: 90 5 W
[TEMPERATURE DATA] [PRECIPITATION DATA] SYMBOLS USED IN COLUMN 16
AVERAGE MONTHLY: 61.7 TOTAL FOR MONTH: 8.19 1 = FOG OR MIST
DPTR FM NORMAL: 6.2 DPTR FM NORMAL: 3.88 2 = FOG REDUCING VISIBILITY
HIGHEST: 87 ON 27 GRTST 24HR 2.32 ON 30-31 TO 1/4 MILE OR LESS
LOWEST: 32 ON 8, 7 3 = THUNDER
SNOW, ICE PELLETS, HAIL 4 = ICE PELLETS
TOTAL MONTH: 0.0 INCH 5 = HAIL
GRTST 24HR 0.0 6 = FREEZING RAIN OR DRIZZLE
GRTST DEPTH: 0 7 = DUSTSTORM OR SANDSTORM:
VSBY 1/2 MILE OR LESS
8 = SMOKE OR HAZE
[NO. OF DAYS WITH] [WEATHER - DAYS WITH] 9 = BLOWING SNOW
X = TORNADO
MAX 32 OR BELOW: 0 0.01 INCH OR MORE: 13
MAX 90 OR ABOVE: 0 0.10 INCH OR MORE: 9
MIN 32 OR BELOW: 2 0.50 INCH OR MORE: 4
MIN 0 OR BELOW: 0 1.00 INCH OR MORE: 4
[HDD (BASE 65) ]
TOTAL THIS MO. 182 CLEAR (SCALE 0-3) 14
DPTR FM NORMAL -134 PTCLDY (SCALE 4-7) 14
TOTAL FM JUL 1 2257 CLOUDY (SCALE 8-10) 3
DPTR FM NORMAL -290
[CDD (BASE 65) ]
TOTAL THIS MO. 86
DPTR FM NORMAL 65 [PRESSURE DATA]
TOTAL FM JAN 1 100 HIGHEST SLP 30.54 ON 8
DPTR FM NORMAL 74 LOWEST SLP 29.49 ON 17
[REMARKS]
#FINAL-03-21#