000
CXUS54 KJAN 072344
CLSGWO
CLIMATE REPORT
NATIONAL WEATHER SERVICE JACKSON MS
634 PM CDT MON SEP 7 2020
...................................
...THE GREENWOOD CLIMATE SUMMARY FOR THE SEASON, FROM
6/1/2020 TO 8/31/2020...
CLIMATE NORMAL PERIOD 1981 TO 2010
CLIMATE RECORD PERIOD 1948 TO 2020
WEATHER OBSERVED NORMAL DEPART LAST YEAR`S
VALUE DATE(S) VALUE FROM VALUE DATE(S)
NORMAL
................................................................
TEMPERATURE (F)
RECORD
HIGH 106 08/15/2007
08/30/2000
LOW 49 06/11/1988
06/03/1956
HIGHEST 98 07/23 MM MM 98 08/13
07/22 08/12
LOWEST 60 06/16 MM MM 55 06/14
06/12
06/13
AVG. MAXIMUM 91.4 91.2 0.2 90.4
AVG. MINIMUM 71.3 69.5 1.8 70.2
MEAN 81.4 80.4 1.0 80.3
DAYS MAX >= 90 66 59.3 6.7 62
DAYS MAX <= 32 0 0.0 0.0 0
DAYS MIN <= 32 0 0.0 0.0 0
DAYS MIN <= 0 0 0.0 0.0 0
PRECIPITATION (INCHES)
RECORD
MAXIMUM 30.36 1989
MINIMUM 3.84 1954
TOTALS 9.05 10.74 -1.69 17.80
DAILY AVG. 0.10 0.12 -0.02 0.19
DAYS >= .01 32 24.2 7.8 32
DAYS >= .10 19 16.1 2.9 27
DAYS >= .50 7 6.7 0.3 12
DAYS >= 1.00 1 3.1 -2.1 6
SNOWFALL (INCHES)
TOTALS 0.0
DEGREE_DAYS
HEATING TOTAL 0 0 0 0
SINCE 7/1 0 0 0 0
COOLING TOTAL 1526 1412 114 1434
SINCE 1/1 1880 1742 138 1837
FREEZE DATES
RECORD
EARLIEST MM
LATEST MM
.................................................................
WIND (MPH)
AVERAGE WIND SPEED 4.8
HIGHEST WIND SPEED/DIRECTION 31/180 DATE 08/26
HIGHEST GUST SPEED/DIRECTION 52/020 DATE 06/05
SKY COVER
POSSIBLE SUNSHINE (PERCENT) MM
AVERAGE SKY COVER 0.20
NUMBER OF DAYS FAIR 72
NUMBER OF DAYS PC 17
NUMBER OF DAYS CLOUDY 3
AVERAGE RH (PERCENT) 75
WEATHER CONDITIONS. NUMBER OF DAYS WITH
THUNDERSTORM 26 MIXED PRECIP 0
HEAVY RAIN 16 RAIN 21
LIGHT RAIN 37 FREEZING RAIN 0
LT FREEZING RAIN 0 HAIL 0
HEAVY SNOW 0 SNOW 0
LIGHT SNOW 0 SLEET 0
FOG 54 FOG W/VIS <= 1/4 MILE 5
HAZE 5
- INDICATES NEGATIVE NUMBERS.
R INDICATES RECORD WAS SET OR TIED.
MM INDICATES DATA IS MISSING.
T INDICATES TRACE AMOUNT.
$$