000
CXUS55 KBOU 011000
CF6GXY
PRELIMINARY LOCAL CLIMATOLOGICAL DATA (WS FORM: F-6)
STATION: GREELEY CO
MONTH: FEBRUARY
YEAR: 2023
LATITUDE: 40 25 N
LONGITUDE: 104 38 W
TEMPERATURE IN F: :PCPN: SNOW: WIND :SUNSHINE: SKY :PK WND
================================================================================
1 2 3 4 5 6A 6B 7 8 9 10 11 12 13 14 15 16 17 18
12Z AVG MX 2MIN
DY MAX MIN AVG DEP HDD CDD WTR SNW DPTH SPD SPD DIR MIN PSBL S-S WX SPD DR
================================================================================
1 32 -13 10 M 55 0 M M M 2.5 9 260 M M 0 M M
2 35 -2 17 M 48 0 M M M 3.5 8 330 M M 0 M M
3 41 -1 20 M 45 0 M M M 2.6 8 30 M M 0 M M
4 51 16 34 M 31 0 M M M 5.0 13 210 M M 0 M M
5 35 14 25 M 40 0 M M M 3.2 9 320 M M 0 1 M M
6 40 14 27 M 38 0 M M M 10.4 24 320 M M 5 1 32 330
7 36 8 22 M 43 0 M M M 4.0 8 10 M M 0 M M
8 44 7 26 M 39 0 M M M 7.4 28 330 M M 2 12 35 350
9 32 10 21 M 44 0 M M M 14.5 27 360 M M 5 38 340
10 37 1 19 M 46 0 M M M 2.0 5 120 M M 0 M M
11 46 8 27 M 38 0 M M M 1.7 8 310 M M 0 12 M M
12 48 20 34 M 31 0 M M M 2.4 7 340 M M 0 M M
13 44 12 28 M 37 0 M M M 3.6 10 140 M M 0 1 M M
14 41 20 31 M 34 0 M M M 21.8 39 350 M M 1 49 350
15 21 13 17 M 48 0 M M M 14.3 20 10 M M 10 1 23 360
16 28 2 15 M 50 0 M M M 4.8 10 340 M M 1 M M
17 42 -1 21 M 44 0 M M M 2.2 6 320 M M 0 M M
18 42 19 31 M 34 0 M M M 3.0 8 30 M M 0 M M
19 45 15 30 M 35 0 M M M 7.0 15 250 M M 0 24 250
20 49 23 36 M 29 0 M M M 8.4 18 320 M M 1 M M
21 49 21 35 M 30 0 M M M 5.2 27 10 M M 2 1 36 10
22 21 -8 7 M 58 0 M M M 14.5 28 10 M M 9 1 35 10
23 14 -14 0 M 65 0 M M M 4.3 10 150 M M 3 M M
24 25 -6 10 M 55 0 M M M 4.7 9 110 M M 1 M M
25 46 5 26 M 39 0 M M M 4.8 13 120 M M 0 M M
26 49 18 34 M 31 0 M M M 5.8 13 340 M M 1 1 M M
27 50 28 39 M 26 0 M M M 8.1 21 260 M M 0 20 250
28 49 23 36 M 29 0 M M M 12.9 33 300 M M 0 40 290
================================================================================
SM 1092 252 1142 0 M M 184.5 M 41
================================================================================
AV 39.0 9.0 6.6 FASTST M M 1 MAX(MPH)
MISC ----> 39 350 49 350
================================================================================
NOTES:
# LAST OF SEVERAL OCCURRENCES
COLUMN 17 PEAK WIND IN M.P.H.
PRELIMINARY LOCAL CLIMATOLOGICAL DATA (WS FORM: F-6) , PAGE 2
STATION: GREELEY CO
MONTH: FEBRUARY
YEAR: 2023
LATITUDE: 40 25 N
LONGITUDE: 104 38 W
[TEMPERATURE DATA] [PRECIPITATION DATA] SYMBOLS USED IN COLUMN 16
AVERAGE MONTHLY: 24.0 TOTAL FOR MONTH: M 1 = FOG OR MIST
DPTR FM NORMAL: 0.0 DPTR FM NORMAL: M 2 = FOG REDUCING VISIBILITY
HIGHEST: 51 ON 4 GRTST 24HR 0.03 ON 21-21 TO 1/4 MILE OR LESS
LOWEST: -14 ON 23 3 = THUNDER
SNOW, ICE PELLETS, HAIL 4 = ICE PELLETS
TOTAL MONTH: M 5 = HAIL
GRTST 24HR M ON M 6 = FREEZING RAIN OR DRIZZLE
GRTST DEPTH: M ON M 7 = DUSTSTORM OR SANDSTORM:
VSBY 1/2 MILE OR LESS
8 = SMOKE OR HAZE
[NO. OF DAYS WITH] [WEATHER - DAYS WITH] 9 = BLOWING SNOW
X = TORNADO
MAX 32 OR BELOW: 7 0.01 INCH OR MORE: 0
MAX 90 OR ABOVE: 0 0.10 INCH OR MORE: 0
MIN 32 OR BELOW: 28 0.50 INCH OR MORE: 0
MIN 0 OR BELOW: 7 1.00 INCH OR MORE: 0
[HDD (BASE 65) ]
TOTAL THIS MO. 1142 CLEAR (SCALE 0-3) 23
DPTR FM NORMAL M PTCLDY (SCALE 4-7) 3
TOTAL FM JUL 1 5237 CLOUDY (SCALE 8-10) 2
DPTR FM NORMAL M
[CDD (BASE 65) ]
TOTAL THIS MO. 0
DPTR FM NORMAL M [PRESSURE DATA]
TOTAL FM JAN 1 0 HIGHEST SLP 30.51 ON 23
DPTR FM NORMAL M LOWEST SLP 29.30 ON 21
[REMARKS]
#FINAL-02-23#