000
CXUS55 KBOU 011000
CF6GXY
PRELIMINARY LOCAL CLIMATOLOGICAL DATA (WS FORM: F-6)
STATION: GREELEY CO
MONTH: JANUARY
YEAR: 2024
LATITUDE: 40 25 N
LONGITUDE: 104 38 W
TEMPERATURE IN F: :PCPN: SNOW: WIND :SUNSHINE: SKY :PK WND
================================================================================
1 2 3 4 5 6A 6B 7 8 9 10 11 12 13 14 15 16 17 18
12Z AVG MX 2MIN
DY MAX MIN AVG DEP HDD CDD WTR SNW DPTH SPD SPD DIR MIN PSBL S-S WX SPD DR
================================================================================
1 56 10 33 M 32 0 M M M 2.3 7 350 M M 1 M M
2 49 13 31 M 34 0 M M M 3.0 7 310 M M 0 8 M M
3 48 10 29 M 36 0 M M M 4.4 15 100 M M 0 M M
4 29 18 24 M 41 0 M M M 4.5 9 80 M M 8 1 M M
5 46 13 30 M 35 0 M M M 6.1 22 340 M M 7 1 33 320
6 41 14 28 M 37 0 M M M 5.5 13 340 M M 1 M M
7 39 12 26 M 39 0 M M M 3.5 8 350 M M 3 M M
8 32 14 23 M 42 0 M M M 17.9 31 340 M M 4 40 340
9 38 0 19 M 46 0 M M M 4.0 9 260 M M 0 18 200
10 42 20 31 M 34 0 M M M 12.6 23 320 M M 0 8 32 300
11 27 0 14 M 51 0 M M M 11.3 25 20 M M 2 36 10
12 38 -5 17 M 48 0 M M M 10.3 22 40 M M 3 1 36 40
13 0 -14 -7 M 72 0 M M M 6.2 15 30 M M 5 M M
14 7 -6 1 M 64 0 M M M 4.5 7 70 M M 6 M M
15 3 -28 -12 M 77 0 M M M 8.6 21 10 M M 6 8 27 10
16 14 -29 -7 M 72 0 M M M 2.6 7 270 M M 0 M M
17 37 -2 18 M 47 0 M M M 3.6 9 270 M M 0 20 150
18 31 7 19 M 46 0 M M M 9.7 33 10 M M 3 45 10
19 30 9 20 M 45 0 M M M 4.0 9 100 M M 6 M M
20 32 10 21 M 44 0 M M M 1.5 6 310 M M 0 M M
21 48 15 32 M 33 0 M M M 2.9 7 350 M M 1 1 M M
22 53 24 39 M 26 0 M M M 2.9 9 80 M M 6 M M
23 54 21 38 M 27 0 M M M 4.2 9 320 M M 3 M M
24 53 24 39 M 26 0 M M M 3.0 8 360 M M 8 1 M M
25 49 18 34 M 31 0 M M M 3.5 9 300 M M 2 M M
26 49 25 37 M 28 0 M M M 4.3 10 20 M M 7 M M
27 53 13 33 M 32 0 M M M 2.2 7 220 M M 0 M M
28 62 17 40 M 25 0 M M M 3.5 7 30 M M 0 M M
29 61 21 41 M 24 0 M M M 5.0 10 90 M M 0 8 M M
30 62 18 40 M 25 0 M M M 2.4 6 310 M M 0 M M
31 62 15 39 M 26 0 M M M 2.8 7 330 M M 0 M M
================================================================================
SM 1245 277 1245 0 M M 162.8 M 82
================================================================================
AV 40.2 8.9 5.3 FASTST M M 3 MAX(MPH)
MISC ----> 33 10 45 10
================================================================================
NOTES:
# LAST OF SEVERAL OCCURRENCES
COLUMN 17 PEAK WIND IN M.P.H.
PRELIMINARY LOCAL CLIMATOLOGICAL DATA (WS FORM: F-6) , PAGE 2
STATION: GREELEY CO
MONTH: JANUARY
YEAR: 2024
LATITUDE: 40 25 N
LONGITUDE: 104 38 W
[TEMPERATURE DATA] [PRECIPITATION DATA] SYMBOLS USED IN COLUMN 16
AVERAGE MONTHLY: 24.5 TOTAL FOR MONTH: M 1 = FOG OR MIST
DPTR FM NORMAL: 0.0 DPTR FM NORMAL: M 2 = FOG REDUCING VISIBILITY
HIGHEST: 62 ON 28,30 GRTST 24HR 0.15 ON 4- 4 TO 1/4 MILE OR LESS
LOWEST: -29 ON 16 3 = THUNDER
SNOW, ICE PELLETS, HAIL 4 = ICE PELLETS
TOTAL MONTH: M 5 = HAIL
GRTST 24HR M ON M 6 = FREEZING RAIN OR DRIZZLE
GRTST DEPTH: M ON M 7 = DUSTSTORM OR SANDSTORM:
VSBY 1/2 MILE OR LESS
8 = SMOKE OR HAZE
[NO. OF DAYS WITH] [WEATHER - DAYS WITH] 9 = BLOWING SNOW
X = TORNADO
MAX 32 OR BELOW: 10 0.01 INCH OR MORE: 0
MAX 90 OR ABOVE: 0 0.10 INCH OR MORE: 0
MIN 32 OR BELOW: 31 0.50 INCH OR MORE: 0
MIN 0 OR BELOW: 8 1.00 INCH OR MORE: 0
[HDD (BASE 65) ]
TOTAL THIS MO. 1245 CLEAR (SCALE 0-3) 18
DPTR FM NORMAL M PTCLDY (SCALE 4-7) 12
TOTAL FM JUL 1 3106 CLOUDY (SCALE 8-10) 1
DPTR FM NORMAL M
[CDD (BASE 65) ]
TOTAL THIS MO. 0
DPTR FM NORMAL M [PRESSURE DATA]
TOTAL FM JAN 1 0 HIGHEST SLP 30.67 ON 15
DPTR FM NORMAL M LOWEST SLP 29.44 ON 11
[REMARKS]
#FINAL-01-24#