000
CXUS54 KEWX 011010
CF6GYB
PRELIMINARY LOCAL CLIMATOLOGICAL DATA (WS FORM: F-6)
STATION: GIDDINGS-LEE COUNTY AIRPORT
MONTH: SEPTEMBER
YEAR: 2021
LATITUDE: 30 10 N
LONGITUDE: 96 59 W
TEMPERATURE IN F: :PCPN: SNOW: WIND :SUNSHINE: SKY :PK WND
================================================================================
1 2 3 4 5 6A 6B 7 8 9 10 11 12 13 14 15 16 17 18
12Z AVG MX 2MIN
DY MAX MIN AVG DEP HDD CDD WTR SNW DPTH SPD SPD DIR MIN PSBL S-S WX SPD DR
================================================================================
1 95 75 85 M 0 20 0.00 M M 2.9 9 160 M M 2 18 20 220
2 94 76 85 M 0 20 0.00 M M 2.8 9 150 M M 1 1 17 100
3 93 74 84 M 0 19 0.15 M M 3.2 9 140 M M 1 1 22 220
4 95 73 84 M 0 19 0.00 M M 3.5 9 190 M M 1 128 16 210
5 96 74 85 M 0 20 0.00 M M 2.9 10 250 M M 0 18 17 230
6 94 74 84 M 0 19 0.00 M M 1.4 9 50 M M 1 M M
7 94 67 81 M 0 16 0.00 M M 2.3 6 110 M M 2 1 M M
8 95 66 81 M 0 16 0.00 M M 3.2 13 340 M M 1 8 20 50
9 92 65 79 M 0 14 0.00 M M 4.7 12 70 M M 0 17 70
10 90 65 78 M 0 13 0.00 M M 1.4 8 90 M M 1 M M
11 90 60 75 M 0 10 0.00 M M 2.5 7 90 M M 0 8 M M
12 91 66 79 M 0 14 0.00 M M 2.5 7 130 M M 1 M M
13 86 71 79 M 0 14 0.00 M M 7.0 24 130 M M 5 33 130
14 80 71 76 M 0 11 0.00 M M 7.2 12 20 M M 9 20 20
15 85 71 78 M 0 13 0.00 M M 4.2 10 30 M M 8 17 50
16 89 68 79 M 0 14 0.00 M M 3.9 8 80 M M 2 18 60
17 72 67 70 M 0 5 0.00 M M 0.0 M M M M 1 1 M M
18 94 68 81 M 0 16 0.00 M M 2.7 14 80 M M 2 20 40
19 96 68 82 M 0 17 0.00 M M 1.5 8 180 M M 1 M M
20 97 75 86 M 0 21 0.00 M M 5.7 10 220 M M 2 1 16 210
21 79 78 79 M 0 14 0.00 M M 5.2 7 180 M M 8 1 M M
22 83 58 71 M 0 6 0.00 M M 7.6 14 50 M M 0 21 40
23 85 52 69 M 0 4 0.00 M M 1.6 8 90 M M 0 M M
24 85 53 69 M 0 4 0.00 M M 2.8 9 110 M M 0 M M
25 88 54 71 M 0 6 0.00 M M 0.8 6 90 M M 0 M M
26 88 55 72 M 0 7 0.00 M M 2.9 10 190 M M 0 M M
27 89 60 75 M 0 10 0.00 M M 1.7 7 230 M M 1 1 M M
28 94 68 81 M 0 16 0.52 M M 4.6 16 320 M M 5 1 33 320
29 84 67 76 M 0 11 0.39 M M 4.1 12 70 M M 2 M M
30 91 69 80 M 0 15 0.00 M M 3.4 13 150 M M 5 1 18 80
================================================================================
SM 2684 2008 0 404 1.06 M 100.1 M 62
================================================================================
AV 89.5 66.9 3.3 FASTST M M 2 MAX(MPH)
MISC ----> 24 130 33 320
================================================================================
NOTES:
# LAST OF SEVERAL OCCURRENCES
COLUMN 17 PEAK WIND IN M.P.H.
PRELIMINARY LOCAL CLIMATOLOGICAL DATA (WS FORM: F-6) , PAGE 2
STATION: GIDDINGS-LEE COUNTY AIRPORT
MONTH: SEPTEMBER
YEAR: 2021
LATITUDE: 30 10 N
LONGITUDE: 96 59 W
[TEMPERATURE DATA] [PRECIPITATION DATA] SYMBOLS USED IN COLUMN 16
AVERAGE MONTHLY: 78.2 TOTAL FOR MONTH: 1.06 1 = FOG OR MIST
DPTR FM NORMAL: 0.0 DPTR FM NORMAL: M 2 = FOG REDUCING VISIBILITY
HIGHEST: 97 ON 20 GRTST 24HR 0.52 ON 28-28 TO 1/4 MILE OR LESS
LOWEST: 52 ON 23 3 = THUNDER
SNOW, ICE PELLETS, HAIL 4 = ICE PELLETS
TOTAL MONTH: M 5 = HAIL
GRTST 24HR M ON M 6 = FREEZING RAIN OR DRIZZLE
GRTST DEPTH: M ON M 7 = DUSTSTORM OR SANDSTORM:
VSBY 1/2 MILE OR LESS
8 = SMOKE OR HAZE
[NO. OF DAYS WITH] [WEATHER - DAYS WITH] 9 = BLOWING SNOW
X = TORNADO
MAX 32 OR BELOW: 0 0.01 INCH OR MORE: 3
MAX 90 OR ABOVE: 17 0.10 INCH OR MORE: 3
MIN 32 OR BELOW: 0 0.50 INCH OR MORE: 1
MIN 0 OR BELOW: 0 1.00 INCH OR MORE: 0
[HDD (BASE 65) ]
TOTAL THIS MO. 0 CLEAR (SCALE 0-3) 24
DPTR FM NORMAL M PTCLDY (SCALE 4-7) 5
TOTAL FM JUL 1 0 CLOUDY (SCALE 8-10) 1
DPTR FM NORMAL M
[CDD (BASE 65) ]
TOTAL THIS MO. 404
DPTR FM NORMAL M [PRESSURE DATA]
TOTAL FM JAN 1 2411 HIGHEST SLP M ON M
DPTR FM NORMAL M LOWEST SLP M ON M
[REMARKS]
#FINAL-09-21#