000
CXUS51 KILN 011157
CF6HAO
PRELIMINARY LOCAL CLIMATOLOGICAL DATA (WS FORM: F-6)
STATION: HAMILTON
MONTH: JULY
YEAR: 2022
LATITUDE: 39 21 N
LONGITUDE: 84 31 W
TEMPERATURE IN F: :PCPN: SNOW: WIND :SUNSHINE: SKY :PK WND
================================================================================
1 2 3 4 5 6A 6B 7 8 9 10 11 12 13 14 15 16 17 18
12Z AVG MX 2MIN
DY MAX MIN AVG DEP HDD CDD WTR SNW DPTH SPD SPD DIR MIN PSBL S-S WX SPD DR
================================================================================
1 92 69 81 6 0 16 0.03 M M 3.3 24 320 M M 2 3 30 320
2 89 69 79 4 0 14 0.07 M M 3.8 12 310 M M 1 15 300
3 91 66 79 4 0 14 T M M 2.3 10 50 M M 3 14 70
4 91 61 76 1 0 11 0.00 M M 1.7 9 110 M M 0 16 120
5 90 72 81 6 0 16 0.07 M M 3.4 18 30 M M 2 3 27 20
6 94 73 84 9 0 19 0.24 M M 2.9 33 310 M M 3 47 320
7 88 71 80 5 0 15 0.00 M M 3.2 9 100 M M 4 13 90
8 79 71 75 0 0 10 0.18 M M 3.9 10 60 M M 9 14 60
9 87 68 78 2 0 13 T M M 6.4 14 20 M M 7 19 20
10 88 59 74 -2 0 9 0.00 M M 3.3 12 20 M M 1 17 350
11 88 61 75 -1 0 10 0.00 M M 1.9 9 210 M M 0 16 200
12 90 64 77 1 0 12 T M M 6.3 18 310 M M 2 24 300
13 88 60 74 -2 0 9 0.00 M M 3.1 14 300 M M 2 20 290
14 86 63 75 -1 0 10 0.00 M M 4.0 13 290 M M 1 1 18 290
15 87 61 74 -2 0 9 0.07 M M 2.3 10 320 M M 4 1 14 310
16 90 68 79 3 0 14 0.03 M M 2.3 9 210 M M 6 1 18 220
17 77 70 74 -2 0 9 1.15 M M 2.8 13 230 M M 9 13 24 210
18 84 69 77 1 0 12 0.18 M M 1.2 8 330 M M 7 1 12 350
19 89 66 78 2 0 13 0.00 M M 1.5 8 290 M M 2 1 12 290
20 93 69 81 5 0 16 0.01 M M 2.8 12 240 M M 3 138 24 250
21 89 69 79 3 0 14 0.00 M M 3.7 15 300 M M 1 1 20 310
22 92 67 80 4 0 15 0.00 M M 2.5 15 310 M M 1 1 21 300
23 87 67 77 1 0 12 T M M 2.1 25 340 M M 1 1 37 340
24 91 71 81 5 0 16 0.06 M M 2.7 12 230 M M 1 1 21 240
25 83 71 77 1 0 12 0.01 M M 3.3 10 300 M M 6 13 310
26 77 67 72 -4 0 7 0.01 M M 0.5 6 290 M M 8 1 8 310
27 84 67 76 0 0 11 0.58 M M 1.7 9 230 M M 6 13 17 180
28 87 70 79 3 0 14 T M M 2.1 12 300 M M 4 1 14 300
29 83 62 73 -3 0 8 T M M 4.9 16 310 M M 4 20 300
30 84 57 71 -5 0 6 0.00 M M 2.3 8 350 M M 0 1 11 50
31 80 62 71 -5 0 6 0.20 M M 1.1 8 100 M M 4 1 11 160
================================================================================
SM 2698 2060 0 372 2.89 M 89.3 M 104
================================================================================
AV 87.0 66.5 2.9 FASTST M M 3 MAX(MPH)
MISC ----> 33 310 47 320
================================================================================
NOTES:
# LAST OF SEVERAL OCCURRENCES
COLUMN 17 PEAK WIND IN M.P.H.
PRELIMINARY LOCAL CLIMATOLOGICAL DATA (WS FORM: F-6) , PAGE 2
STATION: HAMILTON
MONTH: JULY
YEAR: 2022
LATITUDE: 39 21 N
LONGITUDE: 84 31 W
[TEMPERATURE DATA] [PRECIPITATION DATA] SYMBOLS USED IN COLUMN 16
AVERAGE MONTHLY: 76.7 TOTAL FOR MONTH: 2.89 1 = FOG OR MIST
DPTR FM NORMAL: 1.2 DPTR FM NORMAL: -0.78 2 = FOG REDUCING VISIBILITY
HIGHEST: 94 ON 6 GRTST 24HR 1.30 ON 17-18 TO 1/4 MILE OR LESS
LOWEST: 57 ON 30 3 = THUNDER
SNOW, ICE PELLETS, HAIL 4 = ICE PELLETS
TOTAL MONTH: M 5 = HAIL
GRTST 24HR M ON M 6 = FREEZING RAIN OR DRIZZLE
GRTST DEPTH: M ON M 7 = DUSTSTORM OR SANDSTORM:
VSBY 1/2 MILE OR LESS
8 = SMOKE OR HAZE
[NO. OF DAYS WITH] [WEATHER - DAYS WITH] 9 = BLOWING SNOW
X = TORNADO
MAX 32 OR BELOW: 0 0.01 INCH OR MORE: 15
MAX 90 OR ABOVE: 10 0.10 INCH OR MORE: 6
MIN 32 OR BELOW: 0 0.50 INCH OR MORE: 2
MIN 0 OR BELOW: 0 1.00 INCH OR MORE: 1
[HDD (BASE 65) ]
TOTAL THIS MO. 0 CLEAR (SCALE 0-3) 17
DPTR FM NORMAL -1 PTCLDY (SCALE 4-7) 12
TOTAL FM JUL 1 0 CLOUDY (SCALE 8-10) 2
DPTR FM NORMAL 0
[CDD (BASE 65) ]
TOTAL THIS MO. 372
DPTR FM NORMAL 44 [PRESSURE DATA]
TOTAL FM JAN 1 711 HIGHEST SLP 30.24 ON 30
DPTR FM NORMAL 65 LOWEST SLP 29.64 ON 20
[REMARKS]
#FINAL-07-22#