000
CXUS54 KJAN 012250
CLSHBG
CLIMATE REPORT
NATIONAL WEATHER SERVICE JACKSON MS
550 PM CDT TUE JUN 01 2021
...................................
...THE HATTIESBURG CLIMATE SUMMARY FOR THE SEASON, FROM
3/1/2021 TO 5/31/2021...
CLIMATE NORMAL PERIOD: 1991 TO 2020
CLIMATE RECORD PERIOD: 1893 TO 2021
WEATHER OBSERVED NORMAL DEPART LAST YEAR`S
VALUE DATE(S) VALUE FROM VALUE DATE(S)
NORMAL
................................................................
TEMPERATURE (F)
RECORD
HIGH 104 05/31/1951
LOW 17 03/03/1980
03/04/1943
HIGHEST 91 05/27 MM MM 90 05/25
05/22
05/24
LOWEST 30 03/08 MM MM 34 03/07
AVG. MAXIMUM 77.5 78.1 -0.6 80.0
AVG. MINIMUM 54.3 54.8 -0.5 57.4
MEAN 65.9 66.4 -0.5 68.7
DAYS MAX >= 90 1 8.3 -7.3 5
DAYS MAX <= 32 0 0.0 0.0 0
DAYS MIN <= 32 2 2.2 -0.2 0
DAYS MIN <= 0 0 0.0 0.0 0
PRECIPITATION (INCHES)
RECORD
MAXIMUM 31.77 1983
MINIMUM 4.92 1963
TOTALS 20.99 15.38 5.61 13.14
DAILY AVG. 0.23 0.17 0.06 0.14
DAYS >= .01 30 26.2 3.8 33
DAYS >= .10 21 17.8 3.2 19
DAYS >= .50 12 9.1 2.9 9
DAYS >= 1.00 9 4.4 4.6 2
SNOWFALL (INCHES)
TOTALS 0.0
GREATEST
SNOW DEPTH 0
DEGREE DAYS
HEATING TOTAL 260 285 -25 122
SINCE 7/1 1900 1916 -16 1541
COOLING TOTAL 368 415 -47 490
SINCE 1/1 402 438 -36 523
FREEZE DATES
RECORD
EARLIEST MM
LATEST MM
................................................................
WIND (MPH)
AVERAGE WIND SPEED 5.7
HIGHEST WIND SPEED/DIRECTION 39/150 DATE 04/13
HIGHEST GUST SPEED/DIRECTION 52/300 DATE 03/17
SKY COVER
POSSIBLE SUNSHINE (PERCENT) MM
AVERAGE SKY COVER 0.37
NUMBER OF DAYS FAIR 48
NUMBER OF DAYS PC 28
NUMBER OF DAYS CLOUDY 15
AVERAGE RH (PERCENT) 68
WEATHER CONDITIONS. NUMBER OF DAYS WITH
THUNDERSTORM 20 MIXED PRECIP 0
HEAVY RAIN 19 RAIN 28
LIGHT RAIN 42 FREEZING RAIN 0
LT FREEZING RAIN 0 HAIL 0
HEAVY SNOW 0 SNOW 0
LIGHT SNOW 0 SLEET 0
FOG 44 FOG W/VIS <= 1/4 MILE 5
HAZE 4
- INDICATES NEGATIVE NUMBERS.
R INDICATES RECORD WAS SET OR TIED.
MM INDICATES DATA IS MISSING.
T INDICATES TRACE AMOUNT.
$$