000
CXUS54 KEWX 011110
CF6HDO
PRELIMINARY LOCAL CLIMATOLOGICAL DATA (WS FORM: F-6)
STATION: HONDO
MONTH: FEBRUARY
YEAR: 2024
LATITUDE: 29 21 N
LONGITUDE: 99 10 W
TEMPERATURE IN F: :PCPN: SNOW: WIND :SUNSHINE: SKY :PK WND
================================================================================
1 2 3 4 5 6A 6B 7 8 9 10 11 12 13 14 15 16 17 18
12Z AVG MX 2MIN
DY MAX MIN AVG DEP HDD CDD WTR SNW DPTH SPD SPD DIR MIN PSBL S-S WX SPD DR
================================================================================
1 76 47 62 8 3 0 0.00 M M 7.8 16 140 M M 2 24 170
2 73 57 65 11 0 0 0.13 M M 10.3 29 340 M M 8 138 34 340
3 74 46 60 6 5 0 0.21 M M 9.7 25 280 M M 4 13 31 280
4 74 47 61 6 4 0 0.00 M M 17.9 36 320 M M 0 49 330
5 68 45 57 2 8 0 0.00 M M 12.3 28 360 M M 1 32 360
6 68 38 53 -2 12 0 0.00 M M 5.6 9 140 M M 0 14 130
7 73 41 57 2 8 0 0.00 M M 10.2 24 170 M M 2 128 31 170
8 76 55 66 11 0 1 0.00 M M 7.2 15 100 M M 4 20 110
9 75 60 68 12 0 3 0.00 M M 6.3 15 330 M M 6 18 16 330
10 73 62 68 12 0 3 0.05 M M 7.1 15 100 M M 7 138 20 90
11 71 49 60 4 5 0 T M M 11.9 29 340 M M 4 12 33 330
12 66 37 52 -4 13 0 0.00 M M 9.6 30 310 M M 1 40 310
13 70 32 51 -5 14 0 0.00 M M 7.4 15 160 M M 0 21 170
14 66 40 53 -3 12 0 0.00 M M 7.3 15 140 M M 7 19 140
15 69 58 64 7 1 0 0.00 M M 3.3 13 180 M M 8 12 15 190
16 71 55 63 6 2 0 0.00 M M 7.9 24 30 M M 6 31 30
17 55 39 47 -10 18 0 0.00 M M 15.4 25 10 M M 4 34 20
18 57 30 44 -13 21 0 0.00 M M 4.8 15 20 M M 2 19 10
19 70 30 50 -7 15 0 0.00 M M 5.2 14 200 M M 0 21 210
20 81 38 60 2 5 0 0.00 M M 6.2 16 170 M M 0 22 180
21 80 48 64 6 1 0 0.00 M M 9.0 22 140 M M 4 12 28 150
22 90 55 73 15 0 8 0.00 M M 7.5 21 330 M M 4 30 10
23 80 46 63 5 2 0 0.00 M M 7.1 17 70 M M 0 22 40
24 79 41 60 2 5 0 0.00 M M 8.6 21 180 M M 0 27 170
25 89 44 67 8 0 2 0.00 M M 5.1 15 200 M M 1 22 190
26 88 50 69 10 0 4 0.00 M M 6.9 17 160 M M 0 21 160
27 87 63 75 16 0 10 0.00 M M 5.4 10 200 M M 3 128 14 180
28 72 48 60 1 5 0 0.00 M M 16.8 36 20 M M 1 48 30
29 51 45 48 -11 17 0 0.00 M M 8.6 16 20 M M 9 19 30
================================================================================
SM 2122 1346 176 31 0.39 M 248.4 M 88
================================================================================
AV 73.2 46.4 8.6 FASTST M M 3 MAX(MPH)
MISC ----> # 36 320 49 330
================================================================================
NOTES:
# LAST OF SEVERAL OCCURRENCES
COLUMN 17 PEAK WIND IN M.P.H.
PRELIMINARY LOCAL CLIMATOLOGICAL DATA (WS FORM: F-6) , PAGE 2
STATION: HONDO
MONTH: FEBRUARY
YEAR: 2024
LATITUDE: 29 21 N
LONGITUDE: 99 10 W
[TEMPERATURE DATA] [PRECIPITATION DATA] SYMBOLS USED IN COLUMN 16
AVERAGE MONTHLY: 59.8 TOTAL FOR MONTH: 0.39 1 = FOG OR MIST
DPTR FM NORMAL: 3.2 DPTR FM NORMAL: -0.88 2 = FOG REDUCING VISIBILITY
HIGHEST: 90 ON 22 GRTST 24HR 0.34 ON 2- 3 TO 1/4 MILE OR LESS
LOWEST: 30 ON 19,18 3 = THUNDER
SNOW, ICE PELLETS, HAIL 4 = ICE PELLETS
TOTAL MONTH: M 5 = HAIL
GRTST 24HR M ON M 6 = FREEZING RAIN OR DRIZZLE
GRTST DEPTH: M ON M 7 = DUSTSTORM OR SANDSTORM:
VSBY 1/2 MILE OR LESS
8 = SMOKE OR HAZE
[NO. OF DAYS WITH] [WEATHER - DAYS WITH] 9 = BLOWING SNOW
X = TORNADO
MAX 32 OR BELOW: 0 0.01 INCH OR MORE: 3
MAX 90 OR ABOVE: 1 0.10 INCH OR MORE: 2
MIN 32 OR BELOW: 3 0.50 INCH OR MORE: 0
MIN 0 OR BELOW: 0 1.00 INCH OR MORE: 0
[HDD (BASE 65) ]
TOTAL THIS MO. 176 CLEAR (SCALE 0-3) 16
DPTR FM NORMAL -85 PTCLDY (SCALE 4-7) 12
TOTAL FM JUL 1 1129 CLOUDY (SCALE 8-10) 1
DPTR FM NORMAL -163
[CDD (BASE 65) ]
TOTAL THIS MO. 31
DPTR FM NORMAL 7 [PRESSURE DATA]
TOTAL FM JAN 1 31 HIGHEST SLP 30.34 ON 28
DPTR FM NORMAL 0 LOWEST SLP 29.54 ON 3
[REMARKS]
#FINAL-02-24#