000
CXUS54 KJAN 301414
CF6HEZ
PRELIMINARY LOCAL CLIMATOLOGICAL DATA (WS FORM: F-6)
STATION: NATCHEZ
MONTH: APRIL
YEAR: 2019
LATITUDE: 31 37 N
LONGITUDE: 91 15 W
TEMPERATURE IN F: :PCPN: SNOW: WIND :SUNSHINE: SKY :PK WND
================================================================================
1 2 3 4 5 6A 6B 7 8 9 10 11 12 13 14 15 16 17 18
12Z AVG MX 2MIN
DY MAX MIN AVG DEP HDD CDD WTR SNW DPTH SPD SPD DIR MIN PSBL S-S WX SPD DR
================================================================================
1 59 33 46 M 19 0 T M 0 6.3 13 300 M M 3 21 70
2 65 33 49 M 16 0 0.00 0.0 0 3.4 10 360 M M 0 M M
3 77 39 58 M 7 0 0.00 0.0 0 7.1 14 180 M M 2 17 140
4 M M M M M M 0.63 M 0 12.1 17 180 M M 7 13 30 180
5 73 58 66 M 0 1 T 0.0 0 4.9 8 350 M M 6 1 M M
6 77 59 68 M 0 3 0.06 0.0 0 5.0 13 160 M M 6 123 M M
7 83 64 74 M 0 9 1.70 0.0 0 10.1 14 150 M M 6 13 21 150
8 77 62 70 M 0 5 0.28 0.0 0 8.3 13 310 M M 9 3 M M
9 79 58 69 M 0 4 0.00 0.0 0 6.0 13 20 M M 2 1 20 20
10 84 53 69 M 0 4 0.00 0.0 0 5.5 13 150 M M 0 17 230
11 84 60 72 M 0 7 0.00 0.0 0 10.3 18 180 M M 1 31 180
12 M M M M M M 0.52 M 0 6.1 10 110 M M 7 13 M M
13 81 61 71 M 0 6 0.17 0.0 0 10.0 23 150 M M 9 13 40 150
14 64 44 54 M 11 0 0.00 0.0 0 10.7 21 290 M M 6 31 300
15 74 41 58 M 7 0 0.00 0.0 0 4.1 9 240 M M 0 M M
16 80 47 64 M 1 0 0.00 0.0 0 6.8 15 160 M M 0 21 170
17 80 60 70 M 0 5 0.00 0.0 0 10.5 16 150 M M 2 23 160
18 76 55 66 M 0 1 2.37 0.0 0 8.6 17 150 M M 9 13 59 260
19 64 49 57 M 8 0 0.03 0.0 0 9.2 20 310 M M 7 3 33 340
20 71 44 58 M 7 0 0.00 0.0 0 5.3 14 310 M M 0 20 310
21 78 46 62 M 3 0 0.00 0.0 0 5.6 9 240 M M 0 M M
22 80 50 65 M 0 0 0.00 0.0 0 4.7 8 160 M M 0 M M
23 77 58 68 M 0 3 0.00 0.0 0 4.2 9 140 M M 0 16 170
24 80 62 71 M 0 6 0.00 0.0 0 7.4 13 180 M M 2 18 180
25 M M M M M M M M M M M M M M M M M
26 75 53 64 M 1 0 0.00 0.0 M 8.2 16 340 M M 0 22 350
27 80 47 64 M 1 0 0.00 0.0 0 6.4 14 210 M M 0 8 24 200
28 80 57 69 M 0 4 0.00 0.0 0 5.1 13 300 M M 1 8 M M
29 86 60 73 M 0 8 0.11 0.0 0 8.1 16 180 M M 3 21 180
================================================================================
SM 1984 1353 81 66 5.87 0.0 200.0 M 88
================================================================================
AV 76.3 52.0 7.1 FASTST M M 3 MAX(MPH)
MISC ----> # 23 150 # 59 260
================================================================================
NOTES:
# LAST OF SEVERAL OCCURRENCES
COLUMN 17 PEAK WIND IN M.P.H.
PRELIMINARY LOCAL CLIMATOLOGICAL DATA (WS FORM: F-6) , PAGE 2
STATION: NATCHEZ
MONTH: APRIL
YEAR: 2019
LATITUDE: 31 37 N
LONGITUDE: 91 15 W
[TEMPERATURE DATA] [PRECIPITATION DATA] SYMBOLS USED IN COLUMN 16
AVERAGE MONTHLY: 64.2 TOTAL FOR MONTH: 5.87 1 = FOG OR MIST
DPTR FM NORMAL: M DPTR FM NORMAL: M 2 = FOG REDUCING VISIBILITY
HIGHEST: 86 ON 29 GRTST 24HR 2.37 ON 18-18 TO 1/4 MILE OR LESS
LOWEST: 33 ON 2, 1 3 = THUNDER
SNOW, ICE PELLETS, HAIL 4 = ICE PELLETS
TOTAL MONTH: 0.0 INCH 5 = HAIL
GRTST 24HR 0.0 6 = FREEZING RAIN OR DRIZZLE
GRTST DEPTH: 0 7 = DUSTSTORM OR SANDSTORM:
VSBY 1/2 MILE OR LESS
8 = SMOKE OR HAZE
[NO. OF DAYS WITH] [WEATHER - DAYS WITH] 9 = BLOWING SNOW
X = TORNADO
MAX 32 OR BELOW: 0 0.01 INCH OR MORE: 9
MAX 90 OR ABOVE: 0 0.10 INCH OR MORE: 7
MIN 32 OR BELOW: 0 0.50 INCH OR MORE: 4
MIN 0 OR BELOW: 0 1.00 INCH OR MORE: 2
[HDD (BASE 65) ]
TOTAL THIS MO. 81 CLEAR (SCALE 0-3) 17
DPTR FM NORMAL M PTCLDY (SCALE 4-7) 8
TOTAL FM JUL 1 1893 CLOUDY (SCALE 8-10) 3
DPTR FM NORMAL M
[CDD (BASE 65) ]
TOTAL THIS MO. 66
DPTR FM NORMAL M [PRESSURE DATA]
TOTAL FM JAN 1 120 HIGHEST SLP M ON M
DPTR FM NORMAL M LOWEST SLP 29.41 ON 13
[REMARKS]