000
CXUS54 KHGX 011510
CF6HGX
PRELIMINARY LOCAL CLIMATOLOGICAL DATA (WS FORM: F-6)
STATION: DICKINSON WFO
MONTH: JANUARY
YEAR: 2024
LATITUDE: 29 28 N
LONGITUDE: 95 5 W
TEMPERATURE IN F: :PCPN: SNOW: WIND :SUNSHINE: SKY :PK WND
================================================================================
1 2 3 4 5 6A 6B 7 8 9 10 11 12 13 14 15 16 17 18
12Z AVG MX 2MIN
DY MAX MIN AVG DEP HDD CDD WTR SNW DPTH SPD SPD DIR MIN PSBL S-S WX SPD DR
================================================================================
1 65 50 58 3 7 0 0.01 0.0 0 M M M M M M 1 M M
2 55 45 50 -4 15 0 0.93 0.0 0 M M M M M M M M
3 59 44 52 -2 13 0 0.50 0.0 0 M M M M M M M M
4 59 40 50 -4 15 0 T 0.0 0 M M M M M M M M
5 62 44 53 -1 12 0 2.49 0.0 0 M M M M M M 3 M M
6 65 41 53 -1 12 0 0.00 0.0 0 M M M M M M M M
7 60 43 52 -2 13 0 0.00 0.0 0 M M M M M M 12 M M
8 73 58 66 12 0 1 0.50 T 0 M M M M M M 35 M M
9 58 39 49 -5 16 0 0.02 0.0 0 M M M M M M M M
10 68 35 52 -2 13 0 0.00 0.0 0 M M M M M M M M
11 75 56 66 12 0 1 0.00 0.0 0 M M M M M M M M
12 70 37 54 0 11 0 0.05 0.0 0 M M M M M M M M
13 62 34 48 -6 17 0 0.00 0.0 0 M M M M M M M M
14 56 38 47 -7 18 0 0.00 0.0 0 M M M M M M M M
15 38 26 32 -22 33 0 0.12 T 0 M M M M M M 6 M M
16 34 19 27 -27 38 0 0.00 0.0 0 M M M M M M M M
17 43 22 33 -21 32 0 0.00 0.0 0 M M M M M M M M
18 64 42 53 -2 12 0 T 0.0 0 M M M M M M M M
19 57 39 48 -7 17 0 0.00 0.0 0 M M M M M M M M
20 45 31 38 -17 27 0 0.00 0.0 0 M M M M M M M M
21 43 36 40 -15 25 0 0.04 0.0 0 M M M M M M M M
22 64 43 54 -1 11 0 1.25 0.0 0 M M M M M M 3 M M
23 69 58 64 9 1 0 0.07 0.0 0 M M M M M M 3 M M
24 68 60 64 9 1 0 2.87 0.0 0 M M M M M M 13 M M
25 73 54 64 9 1 0 1.46 0.0 0 M M M M M M M M
26 62 54 58 3 7 0 0.54 0.0 0 M M M M M M M M
27 61 46 54 -1 11 0 0.01 0.0 0 M M M M M M 1 M M
28 64 42 53 -3 12 0 0.00 0.0 0 M M M M M M M M
29 69 38 54 -2 11 0 0.00 0.0 0 M M M M M M M M
30 72 45 59 3 6 0 0.00 0.0 0 M M M M M M M M
31 74 47 61 5 4 0 0.00 0.0 0 M M M M M M M M
================================================================================
SM 1887 1306 411 2 10.86 T M M M
================================================================================
AV 60.9 42.1 M FASTST M M M MAX(MPH)
MISC ----> M M M M
================================================================================
NOTES:
# LAST OF SEVERAL OCCURRENCES
COLUMN 17 PEAK WIND IN M.P.H.
PRELIMINARY LOCAL CLIMATOLOGICAL DATA (WS FORM: F-6) , PAGE 2
STATION: DICKINSON WFO
MONTH: JANUARY
YEAR: 2024
LATITUDE: 29 28 N
LONGITUDE: 95 5 W
[TEMPERATURE DATA] [PRECIPITATION DATA] SYMBOLS USED IN COLUMN 16
AVERAGE MONTHLY: 51.5 TOTAL FOR MONTH: 10.86 1 = FOG OR MIST
DPTR FM NORMAL: -3.3 DPTR FM NORMAL: 6.06 2 = FOG REDUCING VISIBILITY
HIGHEST: 75 ON 11 GRTST 24HR 2.87 ON 24-24 TO 1/4 MILE OR LESS
LOWEST: 19 ON 16 3 = THUNDER
SNOW, ICE PELLETS, HAIL 4 = ICE PELLETS
TOTAL MONTH: T 5 = HAIL
GRTST 24HR T ON 8- 8 6 = FREEZING RAIN OR DRIZZLE
GRTST DEPTH: 0 7 = DUSTSTORM OR SANDSTORM:
VSBY 1/2 MILE OR LESS
8 = SMOKE OR HAZE
[NO. OF DAYS WITH] [WEATHER - DAYS WITH] 9 = BLOWING SNOW
X = TORNADO
MAX 32 OR BELOW: 0 0.01 INCH OR MORE: 15
MAX 90 OR ABOVE: 0 0.10 INCH OR MORE: 9
MIN 32 OR BELOW: 4 0.50 INCH OR MORE: 8
MIN 0 OR BELOW: 0 1.00 INCH OR MORE: 4
[HDD (BASE 65) ]
TOTAL THIS MO. 411 CLEAR (SCALE 0-3) 0
DPTR FM NORMAL 74 PTCLDY (SCALE 4-7) 0
TOTAL FM JUL 1 852 CLOUDY (SCALE 8-10) 31
DPTR FM NORMAL 61
[CDD (BASE 65) ]
TOTAL THIS MO. 2
DPTR FM NORMAL -18 [PRESSURE DATA]
TOTAL FM JAN 1 2 HIGHEST SLP M ON M
DPTR FM NORMAL -18 LOWEST SLP M ON M
[REMARKS]
#FINAL-01-24#