000
CXUS54 KHGX 011515
CF6HGX
PRELIMINARY LOCAL CLIMATOLOGICAL DATA (WS FORM: F-6)
STATION: DICKINSON WFO
MONTH: MAY
YEAR: 2020
LATITUDE: 29 28 N
LONGITUDE: 95 5 W
TEMPERATURE IN F: :PCPN: SNOW: WIND :SUNSHINE: SKY :PK WND
================================================================================
1 2 3 4 5 6A 6B 7 8 9 10 11 12 13 14 15 16 17 18
12Z AVG MX 2MIN
DY MAX MIN AVG DEP HDD CDD WTR SNW DPTH SPD SPD DIR MIN PSBL S-S WX SPD DR
================================================================================
1 81 61 71 -1 0 6 0.00 0.0 0 M M M M M M M M
2 83 65 74 2 0 9 0.00 0.0 0 M M M M M M M M
3 84 73 79 7 0 14 0.00 0.0 0 M M M M M M M M
4 86 72 79 7 0 14 0.00 0.0 0 M M M M M M M M
5 90 72 81 9 0 16 0.05 0.0 0 M M M M M M M M
6 84 64 74 1 0 9 0.28 0.0 0 M M M M M M M M
7 84 61 73 0 0 8 0.00 0.0 0 M M M M M M M M
8 90 71 81 8 0 16 0.01 0.0 0 M M M M M M M M
9 72 63 68 -6 0 3 0.00 0.0 0 M M M M M M M M
10 80 62 71 -3 0 6 0.00 0.0 0 M M M M M M M M
11 82 63 73 -1 0 8 0.00 0.0 0 M M M M M M M M
12 83 70 77 3 0 12 0.03 0.0 0 M M M M M M 3 M M
13 86 72 79 5 0 14 0.17 0.0 0 M M M M M M M M
14 86 73 80 5 0 15 0.61 0.0 0 M M M M M M 3 M M
15 86 67 77 2 0 12 5.69 0.0 0 M M M M M M 3 M M
16 86 66 76 1 0 11 1.19 0.0 0 M M M M M M 3 M M
17 89 67 78 2 0 13 0.00 0.0 0 M M M M M M M M
18 92 68 80 4 0 15 0.00 0.0 0 M M M M M M M M
19 91 71 81 5 0 16 0.00 0.0 0 M M M M M M M M
20 89 77 83 7 0 18 0.00 0.0 0 M M M M M M M M
21 88 74 81 5 0 16 0.00 0.0 0 M M M M M M M M
22 89 77 83 7 0 18 0.00 0.0 0 M M M M M M M M
23 88 80 84 7 0 19 0.00 0.0 0 M M M M M M M M
24 87 67 77 0 0 12 0.80 0.0 0 M M M M M M 13 M M
25 86 67 77 0 0 12 0.79 0.0 0 M M M M M M 3 M M
26 87 61 74 -3 0 9 0.18 0.0 0 M M M M M M M M
27 89 66 78 0 0 13 1.07 0.0 0 M M M M M M 3 M M
28 87 67 77 -1 0 12 0.41 0.0 0 M M M M M M 3 M M
29 88 72 80 2 0 15 0.00 0.0 0 M M M M M M M M
30 88 73 81 3 0 16 0.00 0.0 0 M M M M M M M M
31 82 73 78 0 0 13 0.33 0.0 0 M M M M M M M M
================================================================================
SM 2663 2135 0 390 11.61 0.0 M M M
================================================================================
AV 85.9 68.9 M FASTST M M 4 MAX(MPH)
MISC ----> M M M M
================================================================================
NOTES:
# LAST OF SEVERAL OCCURRENCES
COLUMN 17 PEAK WIND IN M.P.H.
PRELIMINARY LOCAL CLIMATOLOGICAL DATA (WS FORM: F-6) , PAGE 2
STATION: DICKINSON WFO
MONTH: MAY
YEAR: 2020
LATITUDE: 29 28 N
LONGITUDE: 95 5 W
[TEMPERATURE DATA] [PRECIPITATION DATA] SYMBOLS USED IN COLUMN 16
AVERAGE MONTHLY: 77.4 TOTAL FOR MONTH: 11.61 1 = FOG OR MIST
DPTR FM NORMAL: 2.3 DPTR FM NORMAL: 6.96 2 = FOG REDUCING VISIBILITY
HIGHEST: 92 ON 18 GRTST 24HR 5.69 ON 15-15 TO 1/4 MILE OR LESS
LOWEST: 61 ON 26, 7 3 = THUNDER
SNOW, ICE PELLETS, HAIL 4 = ICE PELLETS
TOTAL MONTH: 0.0 INCH 5 = HAIL
GRTST 24HR 0.0 6 = FREEZING RAIN OR DRIZZLE
GRTST DEPTH: 0 7 = DUSTSTORM OR SANDSTORM:
VSBY 1/2 MILE OR LESS
8 = SMOKE OR HAZE
[NO. OF DAYS WITH] [WEATHER - DAYS WITH] 9 = BLOWING SNOW
X = TORNADO
MAX 32 OR BELOW: 0 0.01 INCH OR MORE: 14
MAX 90 OR ABOVE: 4 0.10 INCH OR MORE: 11
MIN 32 OR BELOW: 0 0.50 INCH OR MORE: 6
MIN 0 OR BELOW: 0 1.00 INCH OR MORE: 3
[HDD (BASE 65) ]
TOTAL THIS MO. 0 CLEAR (SCALE 0-3) 0
DPTR FM NORMAL -2 PTCLDY (SCALE 4-7) 0
TOTAL FM JUL 1 972 CLOUDY (SCALE 8-10) 0
DPTR FM NORMAL -429
[CDD (BASE 65) ]
TOTAL THIS MO. 390
DPTR FM NORMAL 75 [PRESSURE DATA]
TOTAL FM JAN 1 882 HIGHEST SLP M ON M
DPTR FM NORMAL 363 LOWEST SLP M ON M
[REMARKS]
#FINAL-05-20#