002
CXUS56 KLOX 011655
CF6HHR
PRELIMINARY LOCAL CLIMATOLOGICAL DATA (WS FORM: F-6)
STATION: HAWTHORNE AIRPORT CA
MONTH: JULY
YEAR: 2020
LATITUDE: 33 55 N
LONGITUDE: 118 20 W
TEMPERATURE IN F: :PCPN: SNOW: WIND :SUNSHINE: SKY :PK WND
================================================================================
1 2 3 4 5 6A 6B 7 8 9 10 11 12 13 14 15 16 17 18
12Z AVG MX 2MIN
DY MAX MIN AVG DEP HDD CDD WTR SNW DPTH SPD SPD DIR MIN PSBL S-S WX SPD DR
================================================================================
1 72 64 68 -1 0 3 0.00 0.0 0 5.1 12 250 M M 7 8 17 250
2 75 63 69 0 0 4 0.00 0.0 0 6.9 14 260 M M 5 19 260
3 75 61 68 -1 0 3 0.00 0.0 0 6.4 16 260 M M 0 20 260
4 77 63 70 1 0 5 0.00 0.0 0 5.3 16 260 M M 0 8 20 270
5 85 63 74 5 0 9 0.00 0.0 0 4.8 15 250 M M 0 18 19 260
6 81 64 73 3 0 8 0.00 0.0 0 5.3 13 250 M M 1 128 16 260
7 79 65 72 2 0 7 0.00 0.0 0 5.5 14 260 M M 1 8 18 260
8 78 64 71 1 0 6 0.00 0.0 0 5.5 13 260 M M 2 8 17 260
9 77 64 71 1 0 6 0.00 0.0 0 5.8 15 270 M M 5 18 20 260
10 80 64 72 2 0 7 0.00 0.0 0 5.8 15 260 M M 5 18 19 260
11 82 64 73 3 0 8 0.00 0.0 0 5.7 17 270 M M 1 22 260
12 85 68 77 7 0 12 0.00 0.0 0 5.5 14 260 M M 0 8 18 270
13 80 66 73 3 0 8 0.00 0.0 0 6.2 13 260 M M 1 8 18 260
14 76 65 71 1 0 6 0.00 0.0 0 6.6 15 260 M M 6 8 20 250
15 74 64 69 -1 0 4 0.00 0.0 0 6.1 17 260 M M 4 22 260
16 74 63 69 -1 0 4 0.00 0.0 0 6.5 15 260 M M 4 20 260
17 75 64 70 0 0 5 0.00 0.0 0 6.2 15 260 M M 4 20 260
18 74 63 69 -1 0 4 0.00 0.0 0 7.8 17 250 M M 0 8 20 270
19 72 62 67 -4 0 2 0.00 0.0 0 7.4 18 250 M M 3 8 23 260
20 73 61 67 -4 0 2 0.00 0.0 0 5.7 15 250 M M 2 22 250
21 75 60 68 -3 0 3 0.00 0.0 0 6.3 17 260 M M 1 8 22 260
22 72 60 66 -5 0 1 0.00 0.0 0 5.9 15 260 M M 7 18 20 250
23 74 62 68 -3 0 3 0.00 0.0 0 6.0 14 260 M M 5 20 260
24 75 62 69 -2 0 4 0.00 0.0 0 5.1 15 260 M M 5 8 22 250
25 75 62 69 -2 0 4 0.00 0.0 0 5.4 16 260 M M 6 8 21 250
26 72 61 67 -4 0 2 0.00 0.0 0 6.5 17 260 M M 2 18 22 260
27 71 61 66 -5 0 1 0.00 0.0 0 6.6 17 250 M M 3 18 21 260
28 72 61 67 -4 0 2 0.00 0.0 0 6.3 14 250 M M 4 18 19 270
29 72 60 66 -5 0 1 0.00 0.0 0 6.6 16 250 M M 6 18 20 250
30 73 59 66 -5 0 1 0.00 0.0 0 6.9 16 260 M M 4 18 20 270
31 79 62 71 0 0 6 0.00 0.0 0 5.8 16 260 M M 0 8 21 260
================================================================================
SM 2354 1945 0 141 0.00 0.0 187.4 M 94
================================================================================
AV 75.9 62.7 6.0 FASTST M M 3 MAX(MPH)
MISC ----> # 18 250 # 23 260
================================================================================
NOTES:
# LAST OF SEVERAL OCCURRENCES
COLUMN 17 PEAK WIND IN M.P.H.
PRELIMINARY LOCAL CLIMATOLOGICAL DATA (WS FORM: F-6) , PAGE 2
STATION: HAWTHORNE AIRPORT CA
MONTH: JULY
YEAR: 2020
LATITUDE: 33 55 N
LONGITUDE: 118 20 W
[TEMPERATURE DATA] [PRECIPITATION DATA] SYMBOLS USED IN COLUMN 16
AVERAGE MONTHLY: 69.3 TOTAL FOR MONTH: 0.00 1 = FOG OR MIST
DPTR FM NORMAL: -0.9 DPTR FM NORMAL: -0.03 2 = FOG REDUCING VISIBILITY
HIGHEST: 85 ON 12, 5 GRTST 24HR 0.00 ON 31-31 TO 1/4 MILE OR LESS
LOWEST: 59 ON 30 3 = THUNDER
SNOW, ICE PELLETS, HAIL 4 = ICE PELLETS
TOTAL MONTH: 0.0 INCH 5 = HAIL
GRTST 24HR 0.0 6 = FREEZING RAIN OR DRIZZLE
GRTST DEPTH: 0 7 = DUSTSTORM OR SANDSTORM:
VSBY 1/2 MILE OR LESS
8 = SMOKE OR HAZE
[NO. OF DAYS WITH] [WEATHER - DAYS WITH] 9 = BLOWING SNOW
X = TORNADO
MAX 32 OR BELOW: 0 0.01 INCH OR MORE: 0
MAX 90 OR ABOVE: 0 0.10 INCH OR MORE: 0
MIN 32 OR BELOW: 0 0.50 INCH OR MORE: 0
MIN 0 OR BELOW: 0 1.00 INCH OR MORE: 0
[HDD (BASE 65) ]
TOTAL THIS MO. 0 CLEAR (SCALE 0-3) 16
DPTR FM NORMAL -1 PTCLDY (SCALE 4-7) 15
TOTAL FM JUL 1 0 CLOUDY (SCALE 8-10) 0
DPTR FM NORMAL -1
[CDD (BASE 65) ]
TOTAL THIS MO. 141
DPTR FM NORMAL -23 [PRESSURE DATA]
TOTAL FM JAN 1 428 HIGHEST SLP M ON M
DPTR FM NORMAL 112 LOWEST SLP 29.75 ON 21
[REMARKS]
#FINAL-07-20#