000
CXUS53 KDLH 010920
CF6HIB
PRELIMINARY LOCAL CLIMATOLOGICAL DATA (WS FORM: F-6)
STATION: HIBBING
MONTH: JANUARY
YEAR: 2023
LATITUDE: 47 22 N
LONGITUDE: 92 50 W
TEMPERATURE IN F: :PCPN: SNOW: WIND :SUNSHINE: SKY :PK WND
================================================================================
1 2 3 4 5 6A 6B 7 8 9 10 11 12 13 14 15 16 17 18
12Z AVG MX 2MIN
DY MAX MIN AVG DEP HDD CDD WTR SNW DPTH SPD SPD DIR MIN PSBL S-S WX SPD DR
================================================================================
1 27 21 24 16 41 0 T M M 4.2 13 310 M M 10 16 15 320
2 21 16 19 11 46 0 0.00 M M 2.9 10 320 M M 10 1 12 310
3 22 13 18 11 47 0 0.00 M M 6.0 14 360 M M 9 18 22 10
4 24 16 20 13 45 0 T M M 8.3 14 20 M M 9 6 20 30
5 18 -8 5 -2 60 0 0.00 M M 5.5 14 20 M M 2 1 19 350
6 22 -10 6 -1 59 0 T M M 3.1 9 340 M M 0 11 340
7 25 -7 9 2 56 0 0.00 M M 2.1 7 160 M M 3 128 11 160
8 29 0 15 8 50 0 0.00 M M 2.8 9 180 M M 1 18 13 190
9 30 1 16 10 49 0 0.00 M M 4.7 16 120 M M 6 128 22 100
10 29 27 28 22 37 0 0.00 M M 6.1 13 90 M M 10 1 19 100
11 30 26 28 22 37 0 0.08 M M 5.3 18 320 M M 10 128 21 320
12 26 12 19 13 46 0 T M M 13.3 20 330 M M 10 18 27 330
13 12 5 9 3 56 0 T M M 3.7 10 130 M M 8 18 13 140
14 24 12 18 12 47 0 0.00 M M 7.7 14 150 M M 6 18 22 160
15 34 21 28 22 37 0 0.00 M M 6.7 13 170 M M 3 1 21 210
16 33 28 31 25 34 0 0.25 M M 5.7 12 20 M M 10 168 15 10
17 32 23 28 22 37 0 0.06 M M 10.4 18 340 M M 10 18 25 340
18 25 21 23 17 42 0 T M M 5.4 10 80 M M 10 16 15 80
19 24 19 22 16 43 0 T M M 9.4 17 340 M M 10 1 23 330
20 23 17 20 14 45 0 T M M 5.7 15 320 M M 10 16 19 360
21 23 12 18 12 47 0 0.00 M M 4.6 9 200 M M 10 18 16 190
22 18 13 16 10 49 0 0.00 M M 2.9 8 170 M M 10 18 14 170
23 28 13 21 15 44 0 T M M 6.7 13 340 M M 10 18 18 300
24 26 10 18 12 47 0 T M M 3.9 15 310 M M 9 16 21 300
25 22 2 12 6 53 0 T M M 9.8 18 360 M M 9 18 26 350
26 14 -11 2 -4 63 0 T M M 4.7 13 150 M M 3 20 140
27 18 -2 8 2 57 0 T M M 12.5 30 310 M M 10 189 39 320
28 0 -23 -11 -17 76 0 T M M 6.9 18 320 M M 3 8 23 320
29 -1 -30 -15 -21 80 0 T M M 4.0 13 310 M M 1 8 16 300
30 -3 -32 -17 -23 82 0 T M M 4.6 12 250 M M 1 8 19 290
31 6 -29 -11 -17 76 0 T M M 3.3 12 250 M M 1 18 250
================================================================================
SM 661 176 1588 0 0.39 M 182.9 M 214
================================================================================
AV 21.3 5.7 5.9 FASTST M M 7 MAX(MPH)
MISC ----> 30 310 39 320
================================================================================
NOTES:
# LAST OF SEVERAL OCCURRENCES
COLUMN 17 PEAK WIND IN M.P.H.
PRELIMINARY LOCAL CLIMATOLOGICAL DATA (WS FORM: F-6) , PAGE 2
STATION: HIBBING
MONTH: JANUARY
YEAR: 2023
LATITUDE: 47 22 N
LONGITUDE: 92 50 W
[TEMPERATURE DATA] [PRECIPITATION DATA] SYMBOLS USED IN COLUMN 16
AVERAGE MONTHLY: 13.5 TOTAL FOR MONTH: 0.39 1 = FOG OR MIST
DPTR FM NORMAL: 7.3 DPTR FM NORMAL: -0.12 2 = FOG REDUCING VISIBILITY
HIGHEST: 34 ON 15 GRTST 24HR 0.37 ON 16-17 TO 1/4 MILE OR LESS
LOWEST: -32 ON 30 3 = THUNDER
SNOW, ICE PELLETS, HAIL 4 = ICE PELLETS
TOTAL MONTH: M 5 = HAIL
GRTST 24HR M ON M 6 = FREEZING RAIN OR DRIZZLE
GRTST DEPTH: M ON M 7 = DUSTSTORM OR SANDSTORM:
VSBY 1/2 MILE OR LESS
8 = SMOKE OR HAZE
[NO. OF DAYS WITH] [WEATHER - DAYS WITH] 9 = BLOWING SNOW
X = TORNADO
MAX 32 OR BELOW: 29 0.01 INCH OR MORE: 3
MAX 90 OR ABOVE: 0 0.10 INCH OR MORE: 1
MIN 32 OR BELOW: 31 0.50 INCH OR MORE: 0
MIN 0 OR BELOW: 10 1.00 INCH OR MORE: 0
[HDD (BASE 65) ]
TOTAL THIS MO. 1588 CLEAR (SCALE 0-3) 10
DPTR FM NORMAL -233 PTCLDY (SCALE 4-7) 2
TOTAL FM JUL 1 5531 CLOUDY (SCALE 8-10) 19
DPTR FM NORMAL -479
[CDD (BASE 65) ]
TOTAL THIS MO. 0
DPTR FM NORMAL 0 [PRESSURE DATA]
TOTAL FM JAN 1 0 HIGHEST SLP 30.48 ON 13
DPTR FM NORMAL 0 LOWEST SLP 29.37 ON 27
[REMARKS]
#FINAL-01-23#